-- https://www.phpmyadmin.net/
--

START TRANSACTION;



--
-- Database: `emsprogram_t0002`
--

-- --------------------------------------------------------

--
-- Table structure for table `accesslog`
--

CREATE TABLE `accesslog` (
  `sl_no` bigint(20) NOT NULL,
  `action_page` varchar(50) DEFAULT NULL,
  `action_done` text DEFAULT NULL,
  `remarks` text NOT NULL,
  `user_name` varchar(50) DEFAULT NULL,
  `entry_date` datetime DEFAULT NULL
) ENGINE=InnoDB DEFAULT CHARSET=utf8 COLLATE=utf8_unicode_ci;

-- --------------------------------------------------------

--
-- Table structure for table `acc_account`
--

CREATE TABLE `acc_account` (
  `account_id` int(11) NOT NULL,
  `sector_name` varchar(255) NOT NULL,
  `sector_type` varchar(120) NOT NULL,
  `status` tinyint(1) NOT NULL,
  `date` date DEFAULT '1970-01-02'
) ENGINE=InnoDB DEFAULT CHARSET=utf8 COLLATE=utf8_general_ci;

-- --------------------------------------------------------

--
-- Table structure for table `acc_account_name`
--

CREATE TABLE `acc_account_name` (
  `account_id` int(11) UNSIGNED NOT NULL,
  `account_name` varchar(255) NOT NULL,
  `account_type` int(11) NOT NULL
) ENGINE=InnoDB DEFAULT CHARSET=utf8 COLLATE=utf8_general_ci;

--
-- Dumping data for table `acc_account_name`
--

INSERT INTO `acc_account_name` (`account_id`, `account_name`, `account_type`) VALUES
(1, 'Employee Salary', 0),
(3, 'Example', 1),
(4, 'Loan Expense', 0),
(5, 'Loan Income', 1);

-- --------------------------------------------------------

--
-- Table structure for table `acc_bank`
--

CREATE TABLE `acc_bank` (
  `bank_id` int(11) NOT NULL,
  `bank_name` varchar(200) NOT NULL,
  `branch_name` varchar(255) NOT NULL,
  `account_number` varchar(50) NOT NULL,
  `opening_credit` int(11) DEFAULT NULL,
  `status` tinyint(1) NOT NULL,
  `date` date NOT NULL
) ENGINE=InnoDB DEFAULT CHARSET=utf8 COLLATE=utf8_general_ci;

--
-- Dumping data for table `acc_bank`
--

INSERT INTO `acc_bank` (`bank_id`, `bank_name`, `branch_name`, `account_number`, `opening_credit`, `status`, `date`) VALUES
(1, 'DBBL', 'GUlshan', '110.101.3243', 934875987, 1, '2018-06-14'),
(2, 'CITY bANK', 'Motijheel', '120324234', 3452324, 1, '2018-06-14'),
(3, 'Family Bank', 'sonalux', '23456', 0, 1, '2018-08-16');

-- --------------------------------------------------------

--
-- Table structure for table `acc_coa`
--

CREATE TABLE `acc_coa` (
  `HeadCode` varchar(50) NOT NULL,
  `HeadName` varchar(100) NOT NULL,
  `PHeadName` varchar(50) NOT NULL,
  `HeadLevel` int(11) NOT NULL,
  `IsActive` tinyint(1) NOT NULL,
  `IsTransaction` tinyint(1) NOT NULL,
  `IsGL` tinyint(1) NOT NULL,
  `HeadType` char(1) NOT NULL,
  `IsBudget` tinyint(1) NOT NULL,
  `IsDepreciation` tinyint(1) NOT NULL,
  `DepreciationRate` decimal(18,2) NOT NULL,
  `CreateBy` varchar(50) NOT NULL,
  `CreateDate` datetime NOT NULL,
  `UpdateBy` varchar(50) NOT NULL,
  `UpdateDate` datetime NOT NULL
) ENGINE=InnoDB DEFAULT CHARSET=utf8 COLLATE=utf8_unicode_ci;

--
-- Dumping data for table `acc_coa`
--

INSERT INTO `acc_coa` (`HeadCode`, `HeadName`, `PHeadName`, `HeadLevel`, `IsActive`, `IsTransaction`, `IsGL`, `HeadType`, `IsBudget`, `IsDepreciation`, `DepreciationRate`, `CreateBy`, `CreateDate`, `UpdateBy`, `UpdateDate`) VALUES
('4021403', 'AC', 'Repair and Maintenance', 3, 1, 1, 0, 'E', 0, 0, 0.00, 'admin', '2015-10-15 19:33:55', '', '0000-00-00 00:00:00'),
('50202', 'Account Payable', 'Current Liabilities', 2, 1, 0, 1, 'L', 0, 0, 0.00, 'admin', '2015-10-15 19:50:43', '', '0000-00-00 00:00:00'),
('10203', 'Account Receivable', 'Current Asset', 2, 1, 0, 0, 'A', 0, 0, 0.00, '', '0000-00-00 00:00:00', 'admin', '2013-09-18 15:29:35'),
('1020201', 'Advance', 'Advance, Deposit And Pre-payments', 3, 1, 0, 1, 'A', 0, 0, 0.00, 'Zoherul', '2015-05-31 13:29:12', 'admin', '2015-12-31 16:46:32'),
('102020103', 'Advance House Rent', 'Advance', 4, 1, 1, 0, 'A', 0, 0, 0.00, 'admin', '2016-10-02 16:55:38', 'admin', '2016-10-02 16:57:32'),
('10202', 'Advance, Deposit And Pre-payments', 'Current Asset', 2, 1, 0, 1, 'A', 0, 0, 0.00, '1', '2021-10-02 18:18:36', 'admin', '2015-12-31 16:46:24'),
('4020602', 'Advertisement and Publicity', 'Promonational Expence', 3, 1, 1, 0, 'E', 0, 0, 0.00, 'admin', '2015-10-15 18:51:44', '', '0000-00-00 00:00:00'),
('102010206', 'AIBL', 'Cash At Bank', 4, 1, 1, 0, 'A', 0, 0, 0.00, '1', '2021-10-06 09:16:58', '', '0000-00-00 00:00:00'),
('1010410', 'Air Cooler', 'Others Assets', 3, 1, 1, 0, 'A', 0, 0, 0.00, 'admin', '2016-05-23 12:13:55', '', '0000-00-00 00:00:00'),
('4020603', 'AIT Against Advertisement', 'Promonational Expence', 3, 1, 1, 0, 'E', 0, 0, 0.00, 'admin', '2015-10-15 18:52:09', '', '0000-00-00 00:00:00'),
('1', 'Assets', 'COA', 0, 1, 0, 0, 'A', 0, 0, 0.00, '', '0000-00-00 00:00:00', '', '0000-00-00 00:00:00'),
('1010204', 'Attendance Machine', 'Office Equipment', 3, 1, 1, 0, 'A', 0, 0, 0.00, 'admin', '2015-10-15 15:49:31', '', '0000-00-00 00:00:00'),
('40216', 'Audit Fee', 'Other Expenses', 2, 1, 1, 1, 'E', 0, 0, 0.00, 'admin', '2017-07-18 12:54:30', '', '0000-00-00 00:00:00'),
('102010202', 'Bank AlFalah', 'Cash At Bank', 4, 1, 1, 0, 'A', 0, 0, 0.00, 'admin', '2015-10-15 15:32:37', 'admin', '2015-10-15 15:32:52'),
('4021002', 'Bank Charge', 'Financial Expenses', 3, 1, 1, 0, 'E', 0, 0, 0.00, 'admin', '2015-10-15 19:21:03', '', '0000-00-00 00:00:00'),
('30203', 'Bank Interest', 'Other Income', 2, 1, 1, 1, 'I', 0, 0, 0.00, 'Obaidul', '2015-01-03 14:49:54', 'admin', '2016-09-25 11:04:19'),
('1010104', 'Book Shelf', 'Furniture & Fixturers', 3, 1, 1, 0, 'A', 0, 0, 0.00, 'admin', '2015-10-15 15:46:11', '', '0000-00-00 00:00:00'),
('1010407', 'Books and Journal', 'Others Assets', 3, 1, 1, 0, 'A', 0, 0, 0.00, 'admin', '2016-03-27 10:45:37', '', '0000-00-00 00:00:00'),
('4020604', 'Business Development Expenses', 'Promonational Expence', 3, 1, 1, 0, 'E', 0, 0, 0.00, 'admin', '2015-10-15 18:52:29', '', '0000-00-00 00:00:00'),
('4020606', 'Campaign Expenses', 'Promonational Expence', 3, 1, 1, 0, 'E', 0, 0, 0.00, 'admin', '2015-10-15 18:52:57', 'admin', '2016-09-19 14:52:48'),
('4020502', 'Campus Rent', 'House Rent', 3, 1, 1, 0, 'E', 0, 0, 0.00, 'admin', '2015-10-15 18:46:53', 'admin', '2017-04-27 17:02:39'),
('40212', 'Car Running Expenses', 'Other Expenses', 2, 1, 0, 1, 'E', 0, 0, 0.00, 'admin', '2015-10-15 19:28:43', '', '0000-00-00 00:00:00'),
('102010304', 'Card Payment', 'Online Payment', 4, 1, 1, 0, 'A', 0, 0, 0.00, '1', '2021-09-27 11:56:27', '', '0000-00-00 00:00:00'),
('10201', 'Cash & Cash Equivalent', 'Current Asset', 2, 1, 0, 1, 'A', 0, 0, 0.00, '1', '2021-10-02 18:20:00', 'admin', '2015-10-15 15:57:55'),
('1020102', 'Cash At Bank', 'Cash & Cash Equivalent', 3, 1, 0, 1, 'A', 0, 0, 0.00, '1', '2021-10-02 18:19:42', 'admin', '2015-10-15 15:32:42'),
('1020101', 'Cash In Hand', 'Cash & Cash Equivalent', 3, 1, 1, 0, 'A', 0, 0, 0.00, '1', '2021-10-02 16:18:59', 'admin', '2016-05-23 12:05:43'),
('30101', 'Cash Sale', 'Store Income', 1, 1, 1, 1, 'I', 0, 0, 0.00, '2', '2018-07-08 07:51:26', '', '0000-00-00 00:00:00'),
('1010207', 'CCTV', 'Office Equipment', 3, 1, 1, 0, 'A', 0, 0, 0.00, 'admin', '2015-10-15 15:51:24', '', '0000-00-00 00:00:00'),
('102020102', 'CEO Current A/C', 'Advance', 4, 1, 1, 0, 'A', 0, 0, 0.00, 'admin', '2016-09-25 11:54:54', '', '0000-00-00 00:00:00'),
('1010101', 'Class Room Chair', 'Furniture & Fixturers', 3, 1, 1, 0, 'A', 0, 0, 0.00, 'admin', '2015-10-15 15:45:29', '', '0000-00-00 00:00:00'),
('4021407', 'Close Circuit Cemera', 'Repair and Maintenance', 3, 1, 1, 0, 'E', 0, 0, 0.00, 'admin', '2015-10-15 19:35:35', '', '0000-00-00 00:00:00'),
('4020601', 'Commision on Admission', 'Promonational Expence', 3, 1, 1, 0, 'E', 0, 0, 0.00, 'admin', '2015-10-15 18:51:21', 'admin', '2016-09-19 14:42:54'),
('1010206', 'Computer', 'Office Equipment', 3, 1, 1, 0, 'A', 0, 0, 0.00, 'admin', '2015-10-15 15:51:09', '', '0000-00-00 00:00:00'),
('4021410', 'Computer (R)', 'Repair and Maintenance', 3, 1, 1, 0, 'E', 0, 0, 0.00, 'Zoherul', '2016-03-24 12:38:52', 'Zoherul', '2016-03-24 12:41:40'),
('1010102', 'Computer Table', 'Furniture & Fixturers', 3, 1, 0, 0, 'A', 0, 0, 0.00, '1', '2021-10-24 15:49:49', '', '0000-00-00 00:00:00'),
('301020401', 'Continuing Registration fee - UoL (Income)', 'Registration Fee (UOL) Income', 4, 1, 1, 0, 'I', 0, 0, 0.00, 'admin', '2015-10-15 17:40:40', '', '0000-00-00 00:00:00'),
('4020904', 'Contratuall Staff Salary', 'Salary & Allowances', 3, 1, 1, 0, 'E', 0, 0, 0.00, 'admin', '2015-10-15 19:12:34', '', '0000-00-00 00:00:00'),
('403', 'Cost of Sale', 'Expense', 0, 1, 1, 0, 'E', 0, 0, 0.00, '2', '2018-07-08 10:37:16', '', '0000-00-00 00:00:00'),
('30102', 'Credit Sale', 'Store Income', 1, 1, 1, 1, 'I', 0, 0, 0.00, '2', '2018-07-08 07:51:34', '', '0000-00-00 00:00:00'),
('4020709', 'Cultural Expense', 'Miscellaneous Expenses', 3, 1, 1, 0, 'E', 0, 0, 0.00, 'nasmud', '2017-04-29 12:45:10', '', '0000-00-00 00:00:00'),
('102', 'Current Asset', 'Assets', 1, 1, 0, 0, 'A', 0, 0, 0.00, '1', '2021-11-09 15:53:24', 'admin', '2018-07-07 11:23:00'),
('502', 'Current Liabilities', 'Liabilities', 1, 1, 0, 0, 'L', 0, 0, 0.00, 'anwarul', '2014-08-30 13:18:20', 'admin', '2015-10-15 19:49:21'),
('1020301', 'Customer Receivable', 'Account Receivable', 3, 1, 0, 1, 'A', 0, 0, 0.00, '2', '2019-01-08 09:15:08', 'admin', '2018-07-07 12:31:42'),
('40100002', 'cw-Chichawatni', 'Store Expenses', 2, 1, 1, 0, 'E', 0, 0, 0.00, '2', '2018-08-02 16:30:41', '', '0000-00-00 00:00:00'),
('102010205', 'DBBL', 'Cash At Bank', 4, 1, 1, 0, 'A', 0, 0, 0.00, '1', '2021-01-14 07:16:29', '', '0000-00-00 00:00:00'),
('1020202', 'Deposit', 'Advance, Deposit And Pre-payments', 3, 1, 0, 0, 'A', 0, 0, 0.00, 'admin', '2015-10-15 15:40:42', '', '0000-00-00 00:00:00'),
('4020605', 'Design & Printing Expense', 'Promonational Expence', 3, 1, 1, 0, 'E', 0, 0, 0.00, 'admin', '2015-10-15 18:55:00', '', '0000-00-00 00:00:00'),
('102010201', 'Dhaka Bank', 'Cash At Bank', 4, 1, 1, 0, 'A', 0, 0, 0.00, '1', '2021-01-14 07:02:53', '', '0000-00-00 00:00:00'),
('4020404', 'Dish Bill', 'Utility Expenses', 3, 1, 1, 0, 'E', 0, 0, 0.00, 'admin', '2015-10-15 18:58:21', '', '0000-00-00 00:00:00'),
('40215', 'Dividend', 'Other Expenses', 2, 1, 1, 1, 'E', 0, 0, 0.00, 'admin', '2016-09-25 14:07:55', '', '0000-00-00 00:00:00'),
('4020403', 'Drinking Water Bill', 'Utility Expenses', 3, 1, 1, 0, 'E', 0, 0, 0.00, 'admin', '2015-10-15 18:58:10', '', '0000-00-00 00:00:00'),
('1010211', 'DSLR Camera', 'Office Equipment', 3, 1, 1, 0, 'A', 0, 0, 0.00, 'admin', '2015-10-15 15:53:17', 'admin', '2016-01-02 16:23:25'),
('4020908', 'Earned Leave', 'Salary & Allowances', 3, 1, 1, 0, 'E', 0, 0, 0.00, 'admin', '2015-10-15 19:13:38', '', '0000-00-00 00:00:00'),
('4020607', 'Education Fair Expenses', 'Promonational Expence', 3, 1, 1, 0, 'E', 0, 0, 0.00, 'admin', '2015-10-15 18:53:42', '', '0000-00-00 00:00:00'),
('1010602', 'Electric Equipment', 'Electrical Equipment', 3, 1, 1, 0, 'A', 0, 0, 0.00, 'admin', '2016-03-27 10:44:51', '', '0000-00-00 00:00:00'),
('1010203', 'Electric Kettle', 'Office Equipment', 3, 1, 1, 0, 'A', 0, 0, 0.00, 'admin', '2015-10-15 15:49:07', '', '0000-00-00 00:00:00'),
('10106', 'Electrical Equipment', 'Non Current Assets', 2, 1, 0, 1, 'A', 0, 0, 0.00, 'admin', '2016-03-27 10:43:44', '', '0000-00-00 00:00:00'),
('4020407', 'Electricity Bill', 'Utility Expenses', 3, 1, 1, 0, 'E', 0, 0, 0.00, 'admin', '2015-10-15 18:59:31', '', '0000-00-00 00:00:00'),
('40201', 'Entertainment', 'Other Expenses', 2, 1, 1, 1, 'E', 0, 0, 0.00, 'admin', '2013-07-08 16:21:26', 'anwarul', '2013-07-17 14:21:47'),
('2', 'Equity', 'COA', 0, 1, 0, 0, 'L', 0, 0, 0.00, '', '0000-00-00 00:00:00', '', '0000-00-00 00:00:00'),
('4', 'Expense', 'COA', 0, 1, 0, 0, 'E', 0, 0, 0.00, '', '0000-00-00 00:00:00', '', '0000-00-00 00:00:00'),
('4020903', 'Faculty,Staff Salary & Allowances', 'Salary & Allowances', 3, 1, 1, 0, 'E', 0, 0, 0.00, 'admin', '2015-10-15 19:12:21', '', '0000-00-00 00:00:00'),
('4021404', 'Fax Machine', 'Repair and Maintenance', 3, 1, 1, 0, 'E', 0, 0, 0.00, 'admin', '2015-10-15 19:34:15', '', '0000-00-00 00:00:00'),
('4020905', 'Festival & Incentive Bonus', 'Salary & Allowances', 3, 1, 1, 0, 'E', 0, 0, 0.00, 'admin', '2015-10-15 19:12:48', '', '0000-00-00 00:00:00'),
('1010103', 'File Cabinet', 'Furniture & Fixturers', 3, 1, 1, 0, 'A', 0, 0, 0.00, 'admin', '2015-10-15 15:46:02', '', '0000-00-00 00:00:00'),
('40210', 'Financial Expenses', 'Other Expenses', 2, 1, 0, 1, 'E', 0, 0, 0.00, 'anwarul', '2013-08-20 12:24:31', 'admin', '2015-10-15 19:20:36'),
('1010403', 'Fire Extingushier', 'Others Assets', 3, 1, 1, 0, 'A', 0, 0, 0.00, 'admin', '2016-03-27 10:39:32', '', '0000-00-00 00:00:00'),
('4021408', 'Furniture', 'Repair and Maintenance', 3, 1, 1, 0, 'E', 0, 0, 0.00, 'admin', '2015-10-15 19:35:47', '', '0000-00-00 00:00:00'),
('10101', 'Furniture & Fixturers', 'Non Current Assets', 2, 1, 0, 1, 'A', 0, 0, 0.00, 'anwarul', '2013-08-20 16:18:15', 'anwarul', '2013-08-21 13:35:40'),
('4020406', 'Gas Bill', 'Utility Expenses', 3, 1, 1, 0, 'E', 0, 0, 0.00, 'admin', '2015-10-15 18:59:20', '', '0000-00-00 00:00:00'),
('20201', 'General Reserve', 'Reserve & Surplus', 2, 1, 1, 0, 'L', 0, 0, 0.00, 'admin', '2016-09-25 14:07:12', 'admin', '2016-10-02 17:48:49'),
('10105', 'Generator', 'Non Current Assets', 2, 1, 1, 1, 'A', 0, 0, 0.00, 'Zoherul', '2016-02-27 16:02:35', 'admin', '2016-05-23 12:05:18'),
('4021414', 'Generator Repair', 'Repair and Maintenance', 3, 1, 1, 0, 'E', 0, 0, 0.00, 'Zoherul', '2016-06-16 10:21:05', '', '0000-00-00 00:00:00'),
('40213', 'Generator Running Expenses', 'Other Expenses', 2, 1, 0, 1, 'E', 0, 0, 0.00, 'admin', '2015-10-15 19:29:29', '', '0000-00-00 00:00:00'),
('10103', 'Groceries and Cutleries', 'Non Current Assets', 2, 1, 1, 1, 'A', 0, 0, 0.00, '2', '2018-07-12 10:02:55', '', '0000-00-00 00:00:00'),
('1010408', 'Gym Equipment', 'Others Assets', 3, 1, 1, 0, 'A', 0, 0, 0.00, 'admin', '2016-03-27 10:46:03', '', '0000-00-00 00:00:00'),
('4020907', 'Honorarium', 'Salary & Allowances', 3, 1, 1, 0, 'E', 0, 0, 0.00, 'admin', '2015-10-15 19:13:26', '', '0000-00-00 00:00:00'),
('30301', 'Hotel Room Booking', 'Service', 2, 1, 1, 0, 'I', 0, 0, 0.00, '1', '2021-10-02 16:52:00', '', '0000-00-00 00:00:00'),
('40205', 'House Rent', 'Other Expenses', 2, 1, 0, 1, 'E', 0, 0, 0.00, 'anwarul', '2013-08-24 10:26:56', '', '0000-00-00 00:00:00'),
('40100001', 'HP-Hasilpur', 'Academic Expenses', 2, 1, 1, 0, 'E', 0, 0, 0.00, '2', '2018-07-29 03:44:23', '', '0000-00-00 00:00:00'),
('4020702', 'HR Recruitment Expenses', 'Miscellaneous Expenses', 3, 1, 1, 0, 'E', 0, 0, 0.00, 'admin', '2016-09-25 12:55:49', '', '0000-00-00 00:00:00'),
('4020703', 'Incentive on Admission', 'Miscellaneous Expenses', 3, 1, 1, 0, 'E', 0, 0, 0.00, 'admin', '2016-09-25 12:56:09', '', '0000-00-00 00:00:00'),
('3', 'Income', 'COA', 0, 1, 0, 0, 'I', 0, 0, 0.00, '', '0000-00-00 00:00:00', '', '0000-00-00 00:00:00'),
('30204', 'Income from Photocopy & Printing', 'Other Income', 2, 1, 1, 1, 'I', 0, 0, 0.00, 'Zoherul', '2015-07-14 10:29:54', 'admin', '2016-09-25 11:04:28'),
('5020302', 'Income Tax Payable', 'Liabilities for Expenses', 3, 1, 0, 1, 'L', 0, 0, 0.00, 'admin', '2016-09-19 11:18:17', 'admin', '2016-09-28 13:18:35'),
('102020302', 'Insurance Premium', 'Prepayment', 4, 1, 1, 0, 'A', 0, 0, 0.00, 'admin', '2016-09-19 13:10:57', '', '0000-00-00 00:00:00'),
('4021001', 'Interest on Loan', 'Financial Expenses', 3, 1, 1, 0, 'E', 0, 0, 0.00, 'admin', '2015-10-15 19:20:53', 'admin', '2016-09-19 14:53:34'),
('4020401', 'Internet Bill', 'Utility Expenses', 3, 1, 1, 0, 'E', 0, 0, 0.00, 'admin', '2015-10-15 18:56:55', 'admin', '2015-10-15 18:57:32'),
('10107', 'Inventory', 'Non Current Assets', 1, 1, 1, 0, 'A', 0, 0, 0.00, '1', '2021-10-02 16:45:42', '', '0000-00-00 00:00:00'),
('4020409', 'Laundry Bill', 'Utility Expenses', 3, 1, 1, 0, 'E', 0, 0, 0.00, '1', '2021-10-02 16:49:56', '', '0000-00-00 00:00:00'),
('1010210', 'LCD TV', 'Office Equipment', 3, 1, 1, 0, 'A', 0, 0, 0.00, 'admin', '2015-10-15 15:52:27', '', '0000-00-00 00:00:00'),
('30103', 'Lease Sale', 'Store Income', 1, 1, 1, 1, 'I', 0, 0, 0.00, '2', '2018-07-08 07:51:52', '', '0000-00-00 00:00:00'),
('5', 'Liabilities', 'COA', 0, 1, 0, 0, 'L', 0, 0, 0.00, 'admin', '2013-07-04 12:32:07', 'admin', '2015-10-15 19:46:54'),
('50203', 'Liabilities for Expenses', 'Current Liabilities', 2, 1, 0, 1, 'L', 0, 0, 0.00, '1', '2021-10-02 17:02:33', '', '0000-00-00 00:00:00'),
('4020707', 'Library Expenses', 'Miscellaneous Expenses', 3, 1, 1, 0, 'E', 0, 0, 0.00, 'admin', '2017-01-10 15:34:54', '', '0000-00-00 00:00:00'),
('4021409', 'Lift', 'Repair and Maintenance', 3, 1, 1, 0, 'E', 0, 0, 0.00, 'admin', '2015-10-15 19:36:12', '', '0000-00-00 00:00:00'),
('50101', 'Long Term Borrowing', 'Non Current Liabilities', 2, 1, 0, 1, 'L', 0, 0, 0.00, 'admin', '2013-07-04 12:32:26', 'admin', '2015-10-15 19:47:40'),
('4020608', 'Marketing & Promotion Exp.', 'Promonational Expence', 3, 1, 1, 0, 'E', 0, 0, 0.00, 'admin', '2015-10-15 18:53:59', '', '0000-00-00 00:00:00'),
('4020901', 'Medical Allowance', 'Salary & Allowances', 3, 1, 1, 0, 'E', 0, 0, 0.00, 'admin', '2015-10-15 19:11:33', '', '0000-00-00 00:00:00'),
('1010411', 'Metal Ditector', 'Others Assets', 3, 1, 1, 0, 'A', 0, 0, 0.00, 'Zoherul', '2016-08-22 10:55:22', '', '0000-00-00 00:00:00'),
('4021413', 'Micro Oven', 'Repair and Maintenance', 3, 1, 1, 0, 'E', 0, 0, 0.00, 'Zoherul', '2016-05-12 14:53:51', '', '0000-00-00 00:00:00'),
('30202', 'Miscellaneous (Income)', 'Other Income', 2, 1, 1, 1, 'I', 0, 0, 0.00, 'anwarul', '2014-02-06 15:26:31', 'admin', '2016-09-25 11:04:35'),
('4020909', 'Miscellaneous Benifit', 'Salary & Allowances', 3, 1, 1, 0, 'E', 0, 0, 0.00, 'admin', '2015-10-15 19:13:53', '', '0000-00-00 00:00:00'),
('4020701', 'Miscellaneous Exp', 'Miscellaneous Expenses', 3, 1, 1, 0, 'E', 0, 0, 0.00, 'admin', '2016-09-25 12:54:39', '', '0000-00-00 00:00:00'),
('40207', 'Miscellaneous Expenses', 'Other Expenses', 2, 1, 0, 1, 'E', 0, 0, 0.00, 'anwarul', '2014-04-26 16:49:56', 'admin', '2016-09-25 12:54:19'),
('1010401', 'Mobile Phone', 'Others Assets', 3, 1, 1, 0, 'A', 0, 0, 0.00, 'admin', '2016-01-29 10:43:30', '', '0000-00-00 00:00:00'),
('102020101', 'Mr Ashiqur Rahman', 'Advance', 4, 1, 1, 0, 'A', 0, 0, 0.00, 'admin', '2015-12-31 16:47:23', 'admin', '2016-09-25 11:55:13'),
('1010212', 'Network Accessories', 'Office Equipment', 3, 1, 1, 0, 'A', 0, 0, 0.00, 'admin', '2016-01-02 16:23:32', '', '0000-00-00 00:00:00'),
('4020408', 'News Paper Bill', 'Utility Expenses', 3, 1, 1, 0, 'E', 0, 0, 0.00, 'admin', '2016-01-02 15:55:57', '', '0000-00-00 00:00:00'),
('101', 'Non Current Assets', 'Assets', 1, 1, 0, 1, 'A', 0, 0, 0.00, '1', '2021-10-03 18:21:23', 'admin', '2015-10-15 15:29:11'),
('501', 'Non Current Liabilities', 'Liabilities', 1, 1, 0, 0, 'L', 0, 0, 0.00, 'anwarul', '2014-08-30 13:18:20', 'admin', '2015-10-15 19:49:21'),
('1010404', 'Office Decoration', 'Others Assets', 3, 1, 1, 0, 'A', 0, 0, 0.00, 'admin', '2016-03-27 10:40:02', '', '0000-00-00 00:00:00'),
('10102', 'Office Equipment', 'Non Current Assets', 2, 1, 0, 1, 'A', 0, 0, 0.00, 'anwarul', '2013-12-06 18:08:00', 'admin', '2015-10-15 15:48:21'),
('4021401', 'Office Repair & Maintenance', 'Repair and Maintenance', 3, 1, 1, 0, 'E', 0, 0, 0.00, 'admin', '2015-10-15 19:33:15', '', '0000-00-00 00:00:00'),
('30201', 'Office Stationary (Income)', 'Other Income', 2, 1, 1, 1, 'I', 0, 0, 0.00, 'anwarul', '2013-07-17 15:21:06', 'admin', '2016-09-25 11:04:50'),
('1020103', 'Online Payment', 'Cash & Cash Equivalent', 3, 1, 0, 1, 'A', 0, 0, 0.00, '1', '2021-10-02 18:20:18', '', '0000-00-00 00:00:00'),
('402', 'Other Expenses', 'Expense', 1, 1, 0, 1, 'E', 0, 0, 0.00, '1', '2021-10-27 17:56:45', 'admin', '2015-10-15 18:37:42'),
('302', 'Other Income', 'Income', 1, 1, 0, 0, 'I', 0, 0, 0.00, '2', '2018-07-07 13:40:57', 'admin', '2016-09-25 11:04:09'),
('40211', 'Others (Non Academic Expenses)', 'Other Expenses', 2, 1, 0, 1, 'E', 0, 0, 0.00, 'Obaidul', '2014-12-03 16:05:42', 'admin', '2015-10-15 19:22:09'),
('30205', 'Others (Non-Academic Income)', 'Other Income', 2, 1, 0, 1, 'I', 0, 0, 0.00, 'admin', '2015-10-15 17:23:49', 'admin', '2015-10-15 17:57:52'),
('10104', 'Others Assets', 'Non Current Assets', 2, 1, 0, 1, 'A', 0, 0, 0.00, 'admin', '2016-01-29 10:43:16', '', '0000-00-00 00:00:00'),
('4020910', 'Outstanding Salary', 'Salary & Allowances', 3, 1, 1, 0, 'E', 0, 0, 0.00, 'Zoherul', '2016-04-24 11:56:50', '', '0000-00-00 00:00:00'),
('4021405', 'Oven', 'Repair and Maintenance', 3, 1, 1, 0, 'E', 0, 0, 0.00, 'admin', '2015-10-15 19:34:31', '', '0000-00-00 00:00:00'),
('4021412', 'PABX-Repair', 'Repair and Maintenance', 3, 1, 1, 0, 'E', 0, 0, 0.00, 'Zoherul', '2016-04-24 14:40:18', '', '0000-00-00 00:00:00'),
('4020902', 'Part-time Staff Salary', 'Salary & Allowances', 3, 1, 1, 0, 'E', 0, 0, 0.00, 'admin', '2015-10-15 19:12:06', '', '0000-00-00 00:00:00'),
('102010301', 'Paypal', 'Online Payment', 4, 1, 1, 0, 'A', 0, 0, 0.00, '1', '2021-01-13 10:02:51', '', '0000-00-00 00:00:00'),
('1010202', 'Photocopy & Fax Machine', 'Office Equipment', 3, 1, 1, 0, 'A', 0, 0, 0.00, 'admin', '2015-10-15 15:47:27', 'admin', '2016-05-23 12:14:40'),
('4021411', 'Photocopy Machine Repair', 'Repair and Maintenance', 3, 1, 1, 0, 'E', 0, 0, 0.00, 'Zoherul', '2016-04-24 12:40:02', 'admin', '2017-04-27 17:03:17'),
('3020503', 'Practical Fee', 'Others (Non-Academic Income)', 3, 1, 1, 1, 'I', 0, 0, 0.00, 'admin', '2017-07-22 18:00:37', '', '0000-00-00 00:00:00'),
('1020203', 'Prepayment', 'Advance, Deposit And Pre-payments', 3, 1, 0, 1, 'A', 0, 0, 0.00, 'admin', '2015-10-15 15:40:51', 'admin', '2015-12-31 16:49:58'),
('1010201', 'Printer', 'Office Equipment', 3, 1, 1, 0, 'A', 0, 0, 0.00, 'admin', '2015-10-15 15:47:15', '', '0000-00-00 00:00:00'),
('40202', 'Printing and Stationary', 'Other Expenses', 2, 1, 1, 1, 'E', 0, 0, 0.00, 'admin', '2013-07-08 16:21:45', 'admin', '2016-09-19 14:39:32'),
('3020502', 'Professional Training Course(Oracal-1)', 'Others (Non-Academic Income)', 3, 1, 1, 0, 'I', 0, 0, 0.00, 'nasim', '2017-06-22 13:28:05', '', '0000-00-00 00:00:00'),
('30207', 'Professional Training Course(Oracal)', 'Other Income', 2, 1, 0, 1, 'I', 0, 0, 0.00, 'nasim', '2017-06-22 13:24:16', 'nasim', '2017-06-22 13:25:56'),
('1010208', 'Projector', 'Office Equipment', 3, 1, 1, 0, 'A', 0, 0, 0.00, 'admin', '2015-10-15 15:51:44', '', '0000-00-00 00:00:00'),
('40206', 'Promonational Expence', 'Other Expenses', 2, 1, 0, 1, 'E', 0, 0, 0.00, 'anwarul', '2013-07-11 13:48:57', 'anwarul', '2013-07-17 14:23:03'),
('40214', 'Repair and Maintenance', 'Other Expenses', 2, 1, 0, 1, 'E', 0, 0, 0.00, 'admin', '2015-10-15 19:32:46', '', '0000-00-00 00:00:00'),
('202', 'Reserve & Surplus', 'Equity', 1, 1, 0, 1, 'L', 0, 0, 0.00, 'admin', '2016-09-25 14:06:34', 'admin', '2016-10-02 17:48:57'),
('30303', 'Restaurant Food', 'Service', 2, 1, 1, 0, 'I', 0, 0, 0.00, '1', '2021-10-02 16:52:31', '', '0000-00-00 00:00:00'),
('20102', 'Retained Earnings', 'Share Holders Equity', 2, 1, 1, 1, 'L', 0, 0, 0.00, 'admin', '2016-05-23 11:20:40', 'admin', '2016-09-25 14:05:06'),
('4020708', 'River Cruse', 'Miscellaneous Expenses', 3, 1, 1, 0, 'E', 0, 0, 0.00, 'admin', '2017-04-24 15:35:25', '', '0000-00-00 00:00:00'),
('102020105', 'Salary', 'Advance', 4, 1, 0, 1, 'A', 0, 0, 0.00, '1', '2021-10-02 16:20:05', '', '0000-00-00 00:00:00'),
('40209', 'Salary & Allowances', 'Other Expenses', 2, 1, 0, 1, 'E', 0, 0, 0.00, 'anwarul', '2013-12-12 11:22:58', '', '0000-00-00 00:00:00'),
('404', 'Sale Discount', 'Expense', 1, 1, 1, 0, 'E', 0, 0, 0.00, '2', '2018-07-19 10:15:11', '', '0000-00-00 00:00:00'),
('1010406', 'Security Equipment', 'Others Assets', 3, 1, 1, 0, 'A', 0, 0, 0.00, 'admin', '2016-03-27 10:41:30', '', '0000-00-00 00:00:00'),
('303', 'Service', 'Income', 1, 1, 0, 1, 'I', 0, 0, 0.00, '1', '2021-09-27 11:37:54', '', '0000-00-00 00:00:00'),
('30304', 'Service Charge', 'Service', 2, 1, 1, 0, 'I', 0, 0, 0.00, '1', '2021-10-05 09:42:19', '', '0000-00-00 00:00:00'),
('20101', 'Share Capital', 'Share Holders Equity', 2, 1, 0, 1, 'L', 0, 0, 0.00, 'anwarul', '2013-12-08 19:37:32', 'admin', '2015-10-15 19:45:35'),
('201', 'Share Holders Equity', 'Equity', 1, 1, 0, 0, 'L', 0, 0, 0.00, '', '0000-00-00 00:00:00', 'admin', '2015-10-15 19:43:51'),
('50201', 'Short Term Borrowing', 'Current Liabilities', 2, 1, 0, 1, 'L', 0, 0, 0.00, 'admin', '2015-10-15 19:50:30', '', '0000-00-00 00:00:00'),
('40208', 'Software Development Expenses', 'Other Expenses', 2, 1, 0, 1, 'E', 0, 0, 0.00, 'anwarul', '2013-11-21 14:13:01', 'admin', '2015-10-15 19:02:51'),
('4020906', 'Special Allowances', 'Salary & Allowances', 3, 1, 1, 0, 'E', 0, 0, 0.00, 'admin', '2015-10-15 19:13:13', '', '0000-00-00 00:00:00'),
('50102', 'Sponsors Loan', 'Non Current Liabilities', 2, 1, 0, 1, 'L', 0, 0, 0.00, 'admin', '2015-10-15 19:48:02', '', '0000-00-00 00:00:00'),
('4020706', 'Sports Expense', 'Miscellaneous Expenses', 3, 1, 1, 0, 'E', 0, 0, 0.00, 'nasmud', '2016-11-09 13:16:53', '', '0000-00-00 00:00:00'),
('102010302', 'SSLCOMMERZ', 'Online Payment', 4, 1, 1, 0, 'A', 0, 0, 0.00, '1', '2021-01-13 10:04:24', '', '0000-00-00 00:00:00'),
('102010203', 'Standard Bank', 'Cash At Bank', 4, 1, 1, 0, 'A', 0, 0, 0.00, 'admin', '2015-10-15 15:33:33', 'admin', '2015-10-15 15:33:48'),
('102010204', 'State Bank', 'Cash At Bank', 4, 1, 1, 0, 'A', 0, 0, 0.00, '1', '2021-01-14 07:22:24', '', '0000-00-00 00:00:00'),
('401', 'Store Expenses', 'Expense', 1, 1, 0, 0, 'E', 0, 0, 0.00, '2', '2018-07-07 13:38:59', 'admin', '2015-10-15 17:58:46'),
('301', 'Store Income', 'Income', 1, 1, 0, 0, 'I', 0, 0, 0.00, '2', '2018-07-07 13:40:37', 'admin', '2015-09-17 17:00:02'),
('3020501', 'Students Info. Correction Fee', 'Others (Non-Academic Income)', 3, 1, 1, 0, 'I', 0, 0, 0.00, 'admin', '2015-10-15 17:24:45', '', '0000-00-00 00:00:00'),
('1010601', 'Sub Station', 'Electrical Equipment', 3, 1, 1, 0, 'A', 0, 0, 0.00, 'admin', '2016-03-27 10:44:11', '', '0000-00-00 00:00:00'),
('5020205', 'Suppliers', 'Account Payable', 3, 1, 0, 1, 'L', 0, 0, 0.00, '2', '2018-12-15 06:50:12', '', '0000-00-00 00:00:00'),
('30302', 'Swimming Pool Booking', 'Service', 2, 1, 1, 0, 'I', 0, 0, 0.00, '1', '2021-10-02 16:52:52', '', '0000-00-00 00:00:00'),
('5020303', 'TAX Payable', 'Liabilities for Expenses', 3, 1, 1, 0, 'L', 0, 0, 0.00, '1', '2021-10-02 17:03:25', '', '0000-00-00 00:00:00'),
('1020204', 'TAX Receivable', 'Advance, Deposit And Pre-payments', 3, 0, 1, 0, 'A', 0, 0, 0.00, '1', '2021-10-04 12:29:26', '', '0000-00-00 00:00:00'),
('4020704', 'TB Care Expenses', 'Miscellaneous Expenses', 3, 1, 1, 0, 'E', 0, 0, 0.00, 'admin', '2016-10-08 13:03:04', '', '0000-00-00 00:00:00'),
('30206', 'TB Care Income', 'Other Income', 2, 1, 1, 1, 'I', 0, 0, 0.00, 'admin', '2016-10-08 13:00:56', '', '0000-00-00 00:00:00'),
('4020501', 'TDS on House Rent', 'House Rent', 3, 1, 1, 0, 'E', 0, 0, 0.00, 'admin', '2015-10-15 18:44:07', 'admin', '2016-09-19 14:40:16'),
('502030201', 'TDS Payable House Rent', 'Income Tax Payable', 4, 1, 1, 0, 'L', 0, 0, 0.00, 'admin', '2016-09-19 11:19:42', 'admin', '2016-09-28 13:19:37'),
('502030203', 'TDS Payable on Advertisement Bill', 'Income Tax Payable', 4, 1, 1, 0, 'L', 0, 0, 0.00, 'admin', '2016-09-28 13:20:51', '', '0000-00-00 00:00:00'),
('502030202', 'TDS Payable on Salary', 'Income Tax Payable', 4, 1, 1, 0, 'L', 0, 0, 0.00, 'admin', '2016-09-28 13:20:17', '', '0000-00-00 00:00:00'),
('4021402', 'Tea Kettle', 'Repair and Maintenance', 3, 1, 1, 0, 'E', 0, 0, 0.00, 'admin', '2015-10-15 19:33:45', '', '0000-00-00 00:00:00'),
('4020402', 'Telephone Bill', 'Utility Expenses', 3, 1, 1, 0, 'E', 0, 0, 0.00, 'admin', '2015-10-15 18:57:59', '', '0000-00-00 00:00:00'),
('1010209', 'Telephone Set & PABX', 'Office Equipment', 3, 1, 1, 0, 'A', 0, 0, 0.00, 'admin', '2015-10-15 15:51:57', 'admin', '2016-10-02 17:10:40'),
('40203', 'Travelling & Conveyance', 'Other Expenses', 2, 1, 1, 1, 'E', 0, 0, 0.00, 'admin', '2013-07-08 16:22:06', 'admin', '2015-10-15 18:45:13'),
('4021406', 'TV', 'Repair and Maintenance', 3, 1, 1, 0, 'E', 0, 0, 0.00, 'admin', '2015-10-15 19:35:07', '', '0000-00-00 00:00:00'),
('1010205', 'UPS', 'Office Equipment', 3, 1, 1, 0, 'A', 0, 0, 0.00, 'admin', '2015-10-15 15:50:38', '', '0000-00-00 00:00:00'),
('40204', 'Utility Expenses', 'Other Expenses', 2, 1, 0, 1, 'E', 0, 0, 0.00, 'anwarul', '2013-07-11 16:20:24', 'admin', '2016-01-02 15:55:22'),
('4020503', 'VAT on House Rent Exp', 'House Rent', 3, 1, 1, 0, 'E', 0, 0, 0.00, 'admin', '2015-10-15 18:49:22', 'admin', '2016-09-25 14:00:52'),
('5020301', 'VAT Payable', 'Liabilities for Expenses', 3, 0, 1, 0, 'L', 0, 0, 0.00, '1', '2021-10-28 09:56:55', 'admin', '2016-09-28 13:23:53'),
('1010409', 'Vehicle A/C', 'Others Assets', 3, 1, 1, 0, 'A', 0, 0, 0.00, 'Zoherul', '2016-05-12 12:13:21', '', '0000-00-00 00:00:00'),
('1010405', 'Voltage Stablizer', 'Others Assets', 3, 1, 1, 0, 'A', 0, 0, 0.00, 'admin', '2016-03-27 10:40:59', '', '0000-00-00 00:00:00'),
('1010105', 'Waiting Sofa - Steel', 'Furniture & Fixturers', 3, 1, 1, 0, 'A', 0, 0, 0.00, 'admin', '2015-10-15 15:46:29', '', '0000-00-00 00:00:00'),
('102030101', 'Walk in Customer', 'Customer Receivable', 4, 1, 1, 0, 'A', 0, 0, 0.00, '1', '2021-10-02 16:44:50', '', '0000-00-00 00:00:00'),
('4020405', 'WASA Bill', 'Utility Expenses', 3, 1, 1, 0, 'E', 0, 0, 0.00, 'admin', '2015-10-15 18:58:51', '', '0000-00-00 00:00:00'),
('1010402', 'Water Purifier', 'Others Assets', 3, 1, 1, 0, 'A', 0, 0, 0.00, 'admin', '2016-01-29 11:14:11', '', '0000-00-00 00:00:00'),
('4020705', 'Website Development Expenses', 'Miscellaneous Expenses', 3, 1, 1, 0, 'E', 0, 0, 0.00, 'admin', '2016-10-15 12:42:47', '', '0000-00-00 00:00:00');

-- --------------------------------------------------------

--
-- Table structure for table `acc_customer_income`
--

CREATE TABLE `acc_customer_income` (
  `ID` int(11) NOT NULL,
  `Customer_Id` varchar(50) NOT NULL,
  `VNo` varchar(50) NOT NULL,
  `Date` date NOT NULL,
  `Amount` decimal(10,2) NOT NULL
) ENGINE=InnoDB DEFAULT CHARSET=utf8 COLLATE=utf8_unicode_ci;

-- --------------------------------------------------------

--
-- Table structure for table `acc_glsummarybalance`
--

CREATE TABLE `acc_glsummarybalance` (
  `ID` int(11) NOT NULL,
  `COAID` varchar(50) DEFAULT NULL,
  `Debit` decimal(18,2) DEFAULT NULL,
  `Credit` decimal(18,2) DEFAULT NULL,
  `FYear` int(11) DEFAULT NULL,
  `CreateBy` varchar(50) DEFAULT NULL,
  `CreateDate` datetime DEFAULT NULL
) ENGINE=InnoDB DEFAULT CHARSET=utf8 COLLATE=utf8_unicode_ci;

-- --------------------------------------------------------

--
-- Table structure for table `acc_income_expence`
--

CREATE TABLE `acc_income_expence` (
  `ID` int(11) NOT NULL,
  `VNo` varchar(50) NOT NULL,
  `Vtype` varchar(50) DEFAULT NULL,
  `Date` date NOT NULL,
  `Paymode` varchar(50) NOT NULL,
  `Perpose` varchar(50) DEFAULT NULL,
  `Narration` text DEFAULT NULL,
  `StoreID` int(11) NOT NULL,
  `COAID` varchar(50) NOT NULL,
  `Amount` decimal(10,2) NOT NULL,
  `IsApprove` tinyint(4) NOT NULL,
  `CreateBy` varchar(50) NOT NULL,
  `CreateDate` datetime NOT NULL
) ENGINE=InnoDB DEFAULT CHARSET=utf8 COLLATE=utf8_unicode_ci;

-- --------------------------------------------------------

--
-- Table structure for table `acc_temp`
--

CREATE TABLE `acc_temp` (
  `COAID` varchar(50) NOT NULL,
  `Name` varchar(50) NOT NULL,
  `Debit` decimal(18,2) NOT NULL,
  `Credit` decimal(18,2) NOT NULL
) ENGINE=InnoDB DEFAULT CHARSET=utf8 COLLATE=utf8_unicode_ci;

-- --------------------------------------------------------

--
-- Table structure for table `acc_transaction`
--

CREATE TABLE `acc_transaction` (
  `ID` int(11) NOT NULL,
  `VNo` varchar(50) CHARACTER SET utf8 COLLATE utf8_general_ci DEFAULT NULL,
  `Vtype` varchar(50) DEFAULT NULL,
  `VDate` date DEFAULT NULL,
  `COAID` varchar(50) NOT NULL,
  `Narration` text DEFAULT NULL,
  `Debit` decimal(18,2) DEFAULT NULL,
  `Credit` decimal(18,2) DEFAULT NULL,
  `StoreID` int(11) NOT NULL,
  `IsPosted` char(10) DEFAULT NULL,
  `CreateBy` varchar(50) DEFAULT NULL,
  `CreateDate` datetime DEFAULT NULL,
  `UpdateBy` varchar(50) DEFAULT NULL,
  `UpdateDate` datetime DEFAULT NULL,
  `IsAppove` char(10) DEFAULT NULL
) ENGINE=InnoDB DEFAULT CHARSET=utf8 COLLATE=utf8_unicode_ci;

-- --------------------------------------------------------

--
-- Table structure for table `add_ons`
--

CREATE TABLE `add_ons` (
  `add_on_id` int(11) NOT NULL,
  `add_on_name` varchar(200) NOT NULL,
  `price` decimal(10,2) NOT NULL DEFAULT 0.00,
  `is_active` tinyint(4) NOT NULL,
  `tax0` text DEFAULT NULL,
  `tax1` text DEFAULT NULL
) ENGINE=InnoDB DEFAULT CHARSET=utf8 COLLATE=utf8_unicode_ci;

-- --------------------------------------------------------

--
-- Table structure for table `award`
--

CREATE TABLE `award` (
  `award_id` int(11) NOT NULL,
  `award_name` varchar(50) NOT NULL,
  `aw_description` varchar(200) NOT NULL,
  `awr_gift_item` varchar(50) NOT NULL,
  `date` date NOT NULL,
  `employee_id` varchar(30) NOT NULL,
  `awarded_by` varchar(30) NOT NULL
) ENGINE=InnoDB DEFAULT CHARSET=latin1 COLLATE=latin1_swedish_ci;

-- --------------------------------------------------------

--
-- Table structure for table `bedstype`
--

CREATE TABLE `bedstype` (
  `Bedstypeid` int(11) NOT NULL,
  `bedstypetitle` varchar(255) NOT NULL
) ENGINE=MyISAM DEFAULT CHARSET=latin1 COLLATE=latin1_general_ci;

--
-- Dumping data for table `bedstype`
--

INSERT INTO `bedstype` (`Bedstypeid`, `bedstypetitle`) VALUES
(12, 'Platform Bed'),
(13, 'King Bed'),
(14, 'Queen Bed'),
(15, 'Double Bed'),
(16, 'Twin XL Bed'),
(17, 'Twin Bed'),
(18, 'Folding Bed'),
(19, 'Panel Bed'),
(20, 'Sleigh Bed'),
(21, 'Murphy Bed'),
(22, 'Trundle Bed'),
(23, 'Standard Bed'),
(24, 'Day Bed'),
(25, 'Poster Bed'),
(26, 'Canopy Bed'),
(27, 'Traditional Bed'),
(28, 'Modern Bed'),
(29, 'Mission Bed'),
(30, 'Cottage Bed'),
(31, 'Country Bed'),
(32, 'Vintage Bed'),
(33, 'Industrial Bed'),
(34, 'Rustic Bed'),
(35, 'Scandinavian Bed');

-- --------------------------------------------------------

--
-- Table structure for table `bill`
--

CREATE TABLE `bill` (
  `bill_id` bigint(11) NOT NULL,
  `customer_id` int(11) NOT NULL,
  `order_id` bigint(20) NOT NULL,
  `total_amount` float NOT NULL,
  `discount` float NOT NULL,
  `service_charge` float NOT NULL,
  `shipping_type` int(11) DEFAULT NULL COMMENT '1=home,2=pickup,3=none',
  `delivarydate` datetime DEFAULT NULL,
  `VAT` float NOT NULL,
  `bill_amount` float NOT NULL,
  `bill_date` date NOT NULL,
  `bill_time` time NOT NULL,
  `create_at` datetime DEFAULT '1970-01-01 01:01:01',
  `bill_status` tinyint(1) NOT NULL COMMENT '0=unpaid, 1=paid',
  `payment_method_id` tinyint(4) NOT NULL,
  `create_by` int(11) NOT NULL,
  `create_date` date NOT NULL,
  `update_by` int(11) NOT NULL,
  `update_date` date NOT NULL
) ENGINE=InnoDB DEFAULT CHARSET=utf8 COLLATE=utf8_unicode_ci;

-- --------------------------------------------------------

--
-- Table structure for table `bill_card_payment`
--

CREATE TABLE `bill_card_payment` (
  `row_id` bigint(20) NOT NULL,
  `bill_id` bigint(20) NOT NULL,
  `multipay_id` int(11) DEFAULT NULL,
  `card_no` varchar(200) DEFAULT NULL,
  `terminal_name` int(11) NOT NULL,
  `bank_name` int(11) DEFAULT NULL
) ENGINE=InnoDB DEFAULT CHARSET=utf8 COLLATE=utf8_unicode_ci;

-- --------------------------------------------------------

--
-- Table structure for table `booked_details`
--

CREATE TABLE `booked_details` (
  `book_detailsid` int(11) NOT NULL,
  `bookedid` int(11) NOT NULL,
  `booking_type` varchar(100) DEFAULT NULL,
  `booking_source` varchar(100) DEFAULT NULL,
  `booking_source_no` varchar(100) DEFAULT NULL,
  `extracheckin` text DEFAULT NULL,
  `extracheckout` text DEFAULT NULL,
  `arival_from` varchar(100) DEFAULT NULL,
  `purpose` varchar(100) DEFAULT NULL,
  `extra_facility_days` text DEFAULT NULL,
  `extrabed` text DEFAULT NULL,
  `extraperson` text DEFAULT NULL,
  `extrachild` text DEFAULT NULL,
  `complementary` text DEFAULT NULL,
  `complementaryprice` text DEFAULT NULL,
  `discountreason` text DEFAULT NULL,
  `discountamount` decimal(10,0) DEFAULT NULL,
  `commissionpersent` int(11) DEFAULT NULL,
  `commissionamount` decimal(10,0) DEFAULT NULL,
  `payment_method` varchar(100) DEFAULT NULL,
  `advance_amount` decimal(10,2) DEFAULT NULL,
  `advance_remarks` varchar(100) DEFAULT NULL,
  `remarks` text DEFAULT NULL,
  `booked_from` int(11) DEFAULT 0 COMMENT '0=admin,1=user'
) ENGINE=MyISAM DEFAULT CHARSET=latin1 COLLATE=latin1_general_ci;

-- --------------------------------------------------------

--
-- Table structure for table `booked_info`
--

CREATE TABLE `booked_info` (
  `bookedid` int(11) NOT NULL,
  `booking_number` varchar(100) NOT NULL,
  `date_time` datetime NOT NULL,
  `roomid` text NOT NULL,
  `nuofpeople` varchar(100) DEFAULT '0',
  `children` text DEFAULT NULL,
  `total_room` int(11) NOT NULL DEFAULT 0,
  `room_no` varchar(45) NOT NULL,
  `roomrate` text DEFAULT NULL,
  `promocode` text DEFAULT NULL,
  `total_price` decimal(10,2) NOT NULL DEFAULT 0.00,
  `paid_amount` decimal(10,2) NOT NULL DEFAULT 0.00,
  `offer_discount` varchar(100) NOT NULL DEFAULT '0.00',
  `full_guest_name` text DEFAULT NULL,
  `special_request` text DEFAULT NULL,
  `coments` text DEFAULT NULL,
  `checkindate` datetime NOT NULL,
  `checkoutdate` datetime NOT NULL,
  `cutomerid` int(11) NOT NULL,
  `bookingstatus` varchar(255) NOT NULL COMMENT '0=pending,1=cancel,2=success,3=finish,4=checkin,5=checkout',
  `isSeen` int(11) DEFAULT 0
) ENGINE=MyISAM DEFAULT CHARSET=latin1 COLLATE=latin1_general_ci;

-- --------------------------------------------------------

--
-- Table structure for table `bookingtype`
--

CREATE TABLE `bookingtype` (
  `booktypeid` int(11) NOT NULL,
  `booktypetitle` varchar(255) NOT NULL
) ENGINE=MyISAM DEFAULT CHARSET=latin1 COLLATE=latin1_general_ci;

--
-- Dumping data for table `bookingtype`
--

INSERT INTO `bookingtype` (`booktypeid`, `booktypetitle`) VALUES
(11, 'Allocation'),
(12, 'Groups'),
(13, 'Corporate'),
(14, 'Travel Agent'),
(15, 'Online'),
(16, 'Advance'),
(17, 'Walk-in');

-- --------------------------------------------------------

--
-- Table structure for table `candidate_basic_info`
--

CREATE TABLE `candidate_basic_info` (
  `can_id` varchar(20) NOT NULL,
  `first_name` varchar(11) CHARACTER SET latin1 COLLATE latin1_swedish_ci NOT NULL,
  `last_name` varchar(30) CHARACTER SET latin1 COLLATE latin1_swedish_ci NOT NULL,
  `email` varchar(30) CHARACTER SET latin1 COLLATE latin1_swedish_ci NOT NULL,
  `phone` varchar(20) CHARACTER SET latin1 COLLATE latin1_swedish_ci NOT NULL,
  `alter_phone` varchar(20) CHARACTER SET latin1 COLLATE latin1_swedish_ci NOT NULL,
  `present_address` varchar(100) CHARACTER SET latin1 COLLATE latin1_swedish_ci NOT NULL,
  `parmanent_address` varchar(100) CHARACTER SET latin1 COLLATE latin1_swedish_ci NOT NULL,
  `picture` text DEFAULT NULL,
  `ssn` varchar(50) NOT NULL,
  `state` varchar(30) NOT NULL,
  `city` varchar(30) NOT NULL,
  `zip` int(11) NOT NULL
) ENGINE=InnoDB DEFAULT CHARSET=utf8 COLLATE=utf8_general_ci;

-- --------------------------------------------------------

--
-- Table structure for table `candidate_education_info`
--

CREATE TABLE `candidate_education_info` (
  `can_edu_id` int(11) NOT NULL,
  `can_id` varchar(30) NOT NULL,
  `degree_name` varchar(30) CHARACTER SET latin1 COLLATE latin1_swedish_ci NOT NULL,
  `university_name` varchar(50) CHARACTER SET latin1 COLLATE latin1_swedish_ci NOT NULL,
  `cgp` varchar(30) CHARACTER SET latin1 COLLATE latin1_swedish_ci NOT NULL,
  `comments` varchar(50) CHARACTER SET latin1 COLLATE latin1_swedish_ci DEFAULT NULL,
  `sequencee` varchar(255) CHARACTER SET latin1 COLLATE latin1_swedish_ci DEFAULT NULL
) ENGINE=InnoDB DEFAULT CHARSET=utf8 COLLATE=utf8_general_ci;

-- --------------------------------------------------------

--
-- Table structure for table `candidate_interview`
--

CREATE TABLE `candidate_interview` (
  `can_int_id` int(11) NOT NULL,
  `can_id` varchar(30) CHARACTER SET latin1 COLLATE latin1_swedish_ci NOT NULL,
  `job_adv_id` varchar(50) CHARACTER SET latin1 COLLATE latin1_swedish_ci NOT NULL,
  `interview_date` varchar(30) CHARACTER SET latin1 COLLATE latin1_swedish_ci NOT NULL,
  `interviewer_id` varchar(50) CHARACTER SET latin1 COLLATE latin1_swedish_ci NOT NULL,
  `interview_marks` varchar(50) CHARACTER SET latin1 COLLATE latin1_swedish_ci NOT NULL,
  `written_total_marks` varchar(50) CHARACTER SET latin1 COLLATE latin1_swedish_ci NOT NULL,
  `mcq_total_marks` varchar(50) CHARACTER SET latin1 COLLATE latin1_swedish_ci NOT NULL,
  `total_marks` varchar(30) NOT NULL,
  `recommandation` varchar(50) CHARACTER SET latin1 COLLATE latin1_swedish_ci NOT NULL,
  `selection` varchar(50) CHARACTER SET latin1 COLLATE latin1_swedish_ci NOT NULL,
  `details` varchar(50) CHARACTER SET latin1 COLLATE latin1_swedish_ci NOT NULL
) ENGINE=InnoDB DEFAULT CHARSET=utf8 COLLATE=utf8_general_ci;

-- --------------------------------------------------------

--
-- Table structure for table `candidate_selection`
--

CREATE TABLE `candidate_selection` (
  `can_sel_id` int(11) NOT NULL,
  `can_id` varchar(30) CHARACTER SET latin1 COLLATE latin1_swedish_ci NOT NULL,
  `employee_id` varchar(50) CHARACTER SET latin1 COLLATE latin1_swedish_ci NOT NULL,
  `pos_id` varchar(30) CHARACTER SET latin1 COLLATE latin1_swedish_ci NOT NULL,
  `selection_terms` varchar(50) CHARACTER SET latin1 COLLATE latin1_swedish_ci DEFAULT NULL
) ENGINE=InnoDB DEFAULT CHARSET=utf8 COLLATE=utf8_general_ci;

-- --------------------------------------------------------

--
-- Table structure for table `candidate_shortlist`
--

CREATE TABLE `candidate_shortlist` (
  `can_short_id` int(11) NOT NULL,
  `can_id` varchar(30) CHARACTER SET latin1 COLLATE latin1_swedish_ci NOT NULL,
  `job_adv_id` int(11) NOT NULL,
  `date_of_shortlist` varchar(50) CHARACTER SET latin1 COLLATE latin1_swedish_ci NOT NULL,
  `interview_date` varchar(30) CHARACTER SET latin1 COLLATE latin1_swedish_ci NOT NULL
) ENGINE=InnoDB DEFAULT CHARSET=utf8 COLLATE=utf8_general_ci;

-- --------------------------------------------------------

--
-- Table structure for table `candidate_workexperience`
--

CREATE TABLE `candidate_workexperience` (
  `can_workexp_id` int(11) NOT NULL,
  `can_id` varchar(30) CHARACTER SET latin1 COLLATE latin1_swedish_ci NOT NULL,
  `company_name` varchar(50) CHARACTER SET latin1 COLLATE latin1_swedish_ci NOT NULL,
  `working_period` varchar(50) CHARACTER SET latin1 COLLATE latin1_swedish_ci NOT NULL,
  `duties` varchar(30) CHARACTER SET latin1 COLLATE latin1_swedish_ci NOT NULL,
  `supervisor` varchar(50) CHARACTER SET latin1 COLLATE latin1_swedish_ci NOT NULL,
  `sequencee` varchar(10) CHARACTER SET latin1 COLLATE latin1_swedish_ci NOT NULL
) ENGINE=InnoDB DEFAULT CHARSET=utf8 COLLATE=utf8_general_ci;

-- --------------------------------------------------------

--
-- Table structure for table `check_addones`
--

CREATE TABLE `check_addones` (
  `id` int(11) NOT NULL,
  `order_menuid` int(11) NOT NULL,
  `sub_order_id` int(11) NOT NULL,
  `status` tinyint(4) DEFAULT NULL COMMENT '1=insert, 0=notinserted'
) ENGINE=InnoDB DEFAULT CHARSET=utf8mb4 COLLATE=utf8mb4_general_ci;

-- --------------------------------------------------------

--
-- Table structure for table `common_setting`
--

CREATE TABLE `common_setting` (
  `id` int(11) NOT NULL,
  `address` text DEFAULT NULL,
  `email` varchar(50) DEFAULT NULL,
  `phone` varchar(20) DEFAULT NULL,
  `logo` varchar(50) DEFAULT NULL,
  `login_logo` varchar(50) DEFAULT NULL,
  `footer_logo` varchar(50) DEFAULT NULL,
  `invoice_logo` varchar(50) DEFAULT NULL,
  `powerbytxt` text DEFAULT NULL
) ENGINE=InnoDB DEFAULT CHARSET=utf8 COLLATE=utf8_general_ci;

--
-- Dumping data for table `common_setting`
--

INSERT INTO `common_setting` (`id`, `address`, `email`, `phone`, `logo`, `login_logo`, `footer_logo`, `invoice_logo`, `powerbytxt`) VALUES
(1, NULL, 'info@nmschotel.com', '0000000000', 'assets/img/2023-11-13/e4.png', 'assets/img/2023-11-13/e5.png', 'assets/img/2023-11-13/e6.png', 'assets/img/2023-11-13/e7.png', 'ePMS');

-- --------------------------------------------------------

--
-- Table structure for table `currency`
--

CREATE TABLE `currency` (
  `currencyid` int(11) NOT NULL,
  `currencyname` varchar(50) NOT NULL,
  `curr_icon` varchar(50) NOT NULL,
  `position` int(11) NOT NULL DEFAULT 1 COMMENT '1=left.2=right',
  `curr_rate` decimal(10,2) NOT NULL DEFAULT 0.00
) ENGINE=InnoDB DEFAULT CHARSET=utf8 COLLATE=utf8_general_ci;

--
-- Dumping data for table `currency`
--

INSERT INTO `currency` (`currencyid`, `currencyname`, `curr_icon`, `position`, `curr_rate`) VALUES
(2, 'USD', '$', 1, 50.00),
(4, 'Philippine Peso', '₱', 1, 1.00);

-- --------------------------------------------------------

--
-- Table structure for table `customerinfo`
--

CREATE TABLE `customerinfo` (
  `customerid` int(11) NOT NULL,
  `customernumber` varchar(100) DEFAULT NULL,
  `facebook_id` varchar(100) DEFAULT NULL,
  `membership_type` int(11) DEFAULT NULL COMMENT '1=bronze,2=silver,3=gold,4=platinum,5=vip',
  `firstname` varchar(255) DEFAULT NULL,
  `lastname` varchar(255) DEFAULT NULL,
  `fathername` text DEFAULT NULL,
  `email` varchar(255) DEFAULT NULL,
  `address` varchar(255) DEFAULT NULL,
  `profession` varchar(100) DEFAULT NULL,
  `isnationality` varchar(100) DEFAULT NULL,
  `pid` text DEFAULT NULL,
  `pitype` text DEFAULT NULL,
  `imgfront` varchar(100) DEFAULT NULL,
  `imgback` varchar(100) DEFAULT NULL,
  `imgguest` varchar(100) DEFAULT NULL,
  `contacttype` text DEFAULT NULL,
  `zipcode` varchar(100) DEFAULT NULL,
  `nationality` varchar(100) DEFAULT NULL,
  `passport` varchar(120) DEFAULT NULL,
  `visano` varchar(80) DEFAULT NULL,
  `purpose` varchar(80) DEFAULT NULL,
  `profileimage` varchar(255) DEFAULT NULL,
  `city` varchar(255) DEFAULT NULL,
  `gender` varchar(255) DEFAULT NULL,
  `dob` varchar(255) DEFAULT NULL,
  `anniversary` text DEFAULT NULL,
  `country` varchar(255) DEFAULT NULL,
  `username` varchar(255) DEFAULT NULL,
  `cust_phone` text DEFAULT NULL,
  `pass` varchar(255) DEFAULT NULL,
  `balance` decimal(10,2) NOT NULL DEFAULT 0.00,
  `active` int(255) DEFAULT NULL,
  `password_reset_token` text DEFAULT NULL,
  `signupdate` date DEFAULT NULL
) ENGINE=MyISAM DEFAULT CHARSET=latin1 COLLATE=latin1_general_ci;

-- --------------------------------------------------------

--
-- Table structure for table `customer_order`
--

CREATE TABLE `customer_order` (
  `order_id` bigint(20) NOT NULL,
  `saleinvoice` varchar(100) NOT NULL,
  `marge_order_id` varchar(30) DEFAULT NULL,
  `customer_id` int(11) NOT NULL,
  `cutomertype` int(11) NOT NULL,
  `isthirdparty` int(11) NOT NULL DEFAULT 0 COMMENT '0=normal,1>all Third Party',
  `thirdpartyinvoiceid` int(11) DEFAULT NULL,
  `waiter_id` int(11) DEFAULT NULL,
  `kitchen` int(11) DEFAULT NULL,
  `order_date` date NOT NULL,
  `order_time` time NOT NULL,
  `cookedtime` time NOT NULL DEFAULT '00:15:00',
  `table_no` int(11) DEFAULT NULL,
  `tokenno` varchar(30) DEFAULT NULL,
  `totalamount` decimal(10,2) NOT NULL DEFAULT 0.00,
  `customerpaid` decimal(10,2) DEFAULT 0.00,
  `customer_note` text DEFAULT NULL,
  `anyreason` text DEFAULT NULL,
  `order_status` tinyint(1) NOT NULL COMMENT '1=Pending, 2=Processing, 3=Ready, 4=Served,5=Cancel',
  `nofification` int(11) NOT NULL DEFAULT 0 COMMENT '0=unseen,1=seen',
  `orderacceptreject` int(11) DEFAULT NULL,
  `splitpay_status` tinyint(4) NOT NULL DEFAULT 0 COMMENT '0=no split,1=split',
  `isupdate` int(11) DEFAULT NULL,
  `shipping_date` datetime DEFAULT '1790-01-01 01:01:01',
  `tokenprint` int(11) NOT NULL DEFAULT 0 COMMENT '1=print done,0=not done'
) ENGINE=InnoDB DEFAULT CHARSET=utf8 COLLATE=utf8_unicode_ci;

-- --------------------------------------------------------

--
-- Table structure for table `customer_type`
--

CREATE TABLE `customer_type` (
  `customer_type_id` int(11) NOT NULL,
  `customer_type` varchar(100) NOT NULL,
  `ordering` int(11) DEFAULT 0
) ENGINE=InnoDB DEFAULT CHARSET=utf8 COLLATE=utf8_unicode_ci;

--
-- Dumping data for table `customer_type`
--

INSERT INTO `customer_type` (`customer_type_id`, `customer_type`, `ordering`) VALUES
(1, 'Walk In Customer', 1),
(2, 'Online Customer', 1),
(3, 'Third Party', 0),
(4, 'Take Way', 0),
(5, 'QR Customer', 0),
(6, 'Hotel Customer', 1);

-- --------------------------------------------------------

--
-- Table structure for table `custom_table`
--

CREATE TABLE `custom_table` (
  `custom_id` int(11) NOT NULL,
  `custom_field` varchar(100) NOT NULL,
  `custom_data_type` int(11) NOT NULL,
  `custom_data` text NOT NULL,
  `employee_id` varchar(20) NOT NULL
) ENGINE=InnoDB DEFAULT CHARSET=latin1 COLLATE=latin1_swedish_ci;

--
-- Dumping data for table `custom_table`
--

INSERT INTO `custom_table` (`custom_id`, `custom_field`, `custom_data_type`, `custom_data`, `employee_id`) VALUES
(9, 'Teacher Name', 2, 'Abdul Halim', 'EF6MQRAX'),
(12, 'Primary School', 1, 'Test Primary School', 'E4ZNFBIC'),
(13, 'High School Name', 2, 'Taker Hat High school', 'E4ZNFBIC'),
(14, 'Versity Name', 3, 'Nu', 'E4ZNFBIC'),
(15, 'Company Name', 1, 'Bdtask', 'ER6RJAY8'),
(16, 'House Name', 3, 'Shikder Bari', 'ER6RJAY8'),
(17, 'Person name', 2, 'Tuhin', 'ER6RJAY8'),
(21, 'customfield1', 1, 'custom value1', 'E0LHJ447'),
(22, 'dsfsdf', 1, 'sdfdsf', 'E0LHJ447'),
(23, 'dsfsd', 1, 'fdsfsdf', 'E0LHJ447'),
(24, '', 1, '', 'E0LHJ447'),
(25, '', 1, '', 'E0LHJ447'),
(34, 'isahadf', 1, '23424', 'ELPGMMRL'),
(35, 'dfsdf', 1, 'dfgdfg', 'ELPGMMRL'),
(36, 'hhh', 1, 'sdfsdf', 'ELPGMMRL'),
(37, 'fdfgdfg', 1, 'dfg', 'ELPGMMRL'),
(38, 'dfgdfg', 1, '', 'ELPGMMRL'),
(39, 'First isahaq', 1, 'sdfsdf', 'E4K0I0DA'),
(40, 'sdfsadf', 1, 'sdfsdf', 'EYOBEEFQ'),
(41, 'fsdfsadf', 1, '234234324', 'EHBEEFQQ'),
(43, 'My Mother', 1, 'Ma', 'E4Y9T7CJ'),
(44, 'rrrr', 2, '07-08-2018', 'E78PIKVA'),
(57, 'Chinese Cuisine', 1, 'coffee roastery located on a busy corner site in Farringdon\'s Exmouth Market. With glazed frontage on two sides ', 'EU3APTYY'),
(58, 'French Suicine', 1, 'coffee roastery located on a busy corner site in Farringdon\'s Exmouth Market. With glazed frontage on two sides ', 'EXL9WSCL'),
(59, 'Chinese Cuisine', 1, 'coffee roastery located on a busy corner site in Farringdon\'s Exmouth Market. With glazed frontage on two sides ', 'E3Y1WJMB'),
(60, 'Kitchen Lead', 1, 'coffee roastery located on a busy corner site in Farringdon\'s Exmouth Market. With glazed frontage on two sides ', 'EBK2UPRA');

-- --------------------------------------------------------

--
-- Table structure for table `dbt_blocklist`
--

CREATE TABLE `dbt_blocklist` (
  `id` bigint(20) NOT NULL,
  `ip_mail` varchar(100) NOT NULL
) ENGINE=InnoDB DEFAULT CHARSET=utf8 COLLATE=utf8_general_ci;

-- --------------------------------------------------------

--
-- Table structure for table `dbt_security`
--

CREATE TABLE `dbt_security` (
  `id` int(11) NOT NULL,
  `keyword` varchar(20) NOT NULL,
  `data` text NOT NULL,
  `status` int(11) NOT NULL
) ENGINE=InnoDB DEFAULT CHARSET=utf8 COLLATE=utf8_general_ci;

-- --------------------------------------------------------

--
-- Table structure for table `department`
--

CREATE TABLE `department` (
  `dept_id` int(11) NOT NULL,
  `department_name` varchar(100) NOT NULL,
  `parent_id` int(11) NOT NULL
) ENGINE=InnoDB DEFAULT CHARSET=latin1 COLLATE=latin1_swedish_ci;

-- --------------------------------------------------------

--
-- Table structure for table `duty_type`
--

CREATE TABLE `duty_type` (
  `id` int(11) NOT NULL,
  `type_name` varchar(30) NOT NULL
) ENGINE=InnoDB DEFAULT CHARSET=latin1 COLLATE=latin1_swedish_ci;

--
-- Dumping data for table `duty_type`
--

INSERT INTO `duty_type` (`id`, `type_name`) VALUES
(1, 'Full Time'),
(2, 'Part Time'),
(3, 'Contructual'),
(4, 'Other');

-- --------------------------------------------------------

--
-- Table structure for table `employee_benifit`
--

CREATE TABLE `employee_benifit` (
  `id` int(11) NOT NULL,
  `bnf_cl_code` varchar(100) NOT NULL,
  `bnf_cl_code_des` varchar(250) NOT NULL,
  `bnff_acural_date` date NOT NULL,
  `bnf_status` tinyint(4) NOT NULL,
  `employee_id` varchar(30) NOT NULL
) ENGINE=InnoDB DEFAULT CHARSET=latin1 COLLATE=latin1_swedish_ci;

-- --------------------------------------------------------

--
-- Table structure for table `employee_history`
--

CREATE TABLE `employee_history` (
  `emp_his_id` int(11) NOT NULL,
  `employee_id` varchar(30) NOT NULL,
  `pos_id` varchar(30) NOT NULL,
  `first_name` varchar(30) NOT NULL,
  `middle_name` varchar(50) DEFAULT NULL,
  `last_name` varchar(30) NOT NULL,
  `email` varchar(32) NOT NULL,
  `phone` varchar(30) NOT NULL,
  `alter_phone` varchar(30) NOT NULL,
  `present_address` varchar(100) DEFAULT NULL,
  `parmanent_address` varchar(100) DEFAULT NULL,
  `picture` text DEFAULT NULL,
  `degree_name` varchar(30) DEFAULT NULL,
  `university_name` varchar(50) DEFAULT NULL,
  `cgp` varchar(30) DEFAULT NULL,
  `passing_year` varchar(30) DEFAULT NULL,
  `company_name` varchar(30) DEFAULT NULL,
  `working_period` varchar(30) DEFAULT NULL,
  `duties` varchar(30) DEFAULT NULL,
  `supervisor` varchar(30) DEFAULT NULL,
  `signature` text DEFAULT NULL,
  `is_admin` int(2) NOT NULL DEFAULT 0,
  `dept_id` int(11) DEFAULT NULL,
  `division_id` int(11) NOT NULL,
  `maiden_name` varchar(50) NOT NULL,
  `state` varchar(30) NOT NULL,
  `city` varchar(30) NOT NULL,
  `zip` int(11) NOT NULL,
  `citizenship` int(11) NOT NULL,
  `duty_type` int(11) NOT NULL,
  `hire_date` date NOT NULL,
  `original_hire_date` date NOT NULL,
  `termination_date` date NOT NULL,
  `termination_reason` text NOT NULL,
  `voluntary_termination` int(11) NOT NULL,
  `rehire_date` date NOT NULL,
  `rate_type` int(11) NOT NULL,
  `rate` float NOT NULL,
  `pay_frequency` int(11) NOT NULL,
  `pay_frequency_txt` varchar(50) NOT NULL,
  `hourly_rate2` float NOT NULL,
  `hourly_rate3` float NOT NULL,
  `home_department` varchar(100) NOT NULL,
  `department_text` varchar(100) NOT NULL,
  `class_code` varchar(50) NOT NULL,
  `class_code_desc` varchar(100) NOT NULL,
  `class_acc_date` date NOT NULL,
  `class_status` tinyint(4) NOT NULL,
  `is_super_visor` int(11) DEFAULT NULL,
  `super_visor_id` varchar(30) NOT NULL,
  `supervisor_report` text NOT NULL,
  `dob` date NOT NULL,
  `gender` int(11) NOT NULL,
  `country` varchar(120) DEFAULT NULL,
  `marital_status` int(11) NOT NULL,
  `ethnic_group` varchar(100) NOT NULL,
  `eeo_class_gp` varchar(100) NOT NULL,
  `ssn` varchar(50) NOT NULL,
  `work_in_state` int(11) NOT NULL,
  `live_in_state` int(11) NOT NULL,
  `home_email` varchar(50) NOT NULL,
  `business_email` varchar(50) NOT NULL,
  `home_phone` varchar(30) NOT NULL,
  `business_phone` varchar(30) NOT NULL,
  `cell_phone` varchar(30) NOT NULL,
  `emerg_contct` varchar(30) NOT NULL,
  `emrg_h_phone` varchar(30) NOT NULL,
  `emrg_w_phone` varchar(30) NOT NULL,
  `emgr_contct_relation` varchar(50) NOT NULL,
  `alt_em_contct` varchar(30) NOT NULL,
  `alt_emg_h_phone` varchar(30) NOT NULL,
  `alt_emg_w_phone` varchar(30) NOT NULL
) ENGINE=InnoDB DEFAULT CHARSET=utf8 COLLATE=utf8_general_ci;

-- --------------------------------------------------------

--
-- Table structure for table `employee_performance`
--

CREATE TABLE `employee_performance` (
  `emp_per_id` int(10) UNSIGNED NOT NULL,
  `employee_id` varchar(50) CHARACTER SET latin1 COLLATE latin1_swedish_ci NOT NULL,
  `note` varchar(50) CHARACTER SET latin1 COLLATE latin1_swedish_ci NOT NULL,
  `date` varchar(50) CHARACTER SET latin1 COLLATE latin1_swedish_ci NOT NULL,
  `note_by` varchar(50) CHARACTER SET latin1 COLLATE latin1_swedish_ci NOT NULL,
  `number_of_star` varchar(50) CHARACTER SET latin1 COLLATE latin1_swedish_ci NOT NULL,
  `status` varchar(50) CHARACTER SET latin1 COLLATE latin1_swedish_ci NOT NULL,
  `updated_by` varchar(50) CHARACTER SET latin1 COLLATE latin1_swedish_ci NOT NULL
) ENGINE=InnoDB DEFAULT CHARSET=utf8 COLLATE=utf8_general_ci;

-- --------------------------------------------------------

--
-- Table structure for table `employee_salary_payment`
--

CREATE TABLE `employee_salary_payment` (
  `emp_sal_pay_id` int(10) UNSIGNED NOT NULL,
  `employee_id` varchar(50) CHARACTER SET latin1 COLLATE latin1_swedish_ci NOT NULL,
  `total_salary` varchar(50) CHARACTER SET latin1 COLLATE latin1_swedish_ci NOT NULL,
  `total_working_minutes` varchar(50) CHARACTER SET latin1 COLLATE latin1_swedish_ci NOT NULL,
  `working_period` varchar(50) CHARACTER SET latin1 COLLATE latin1_swedish_ci NOT NULL,
  `payment_due` varchar(50) CHARACTER SET latin1 COLLATE latin1_swedish_ci NOT NULL,
  `payment_date` varchar(50) CHARACTER SET latin1 COLLATE latin1_swedish_ci NOT NULL,
  `paid_by` varchar(50) CHARACTER SET latin1 COLLATE latin1_swedish_ci NOT NULL
) ENGINE=InnoDB DEFAULT CHARSET=utf8 COLLATE=utf8_general_ci;

-- --------------------------------------------------------

--
-- Table structure for table `employee_salary_setup`
--

CREATE TABLE `employee_salary_setup` (
  `e_s_s_id` int(11) UNSIGNED NOT NULL,
  `employee_id` varchar(30) CHARACTER SET latin1 COLLATE latin1_swedish_ci NOT NULL,
  `sal_type` varchar(30) NOT NULL,
  `salary_type_id` varchar(30) CHARACTER SET latin1 COLLATE latin1_swedish_ci NOT NULL,
  `amount` varchar(30) CHARACTER SET latin1 COLLATE latin1_swedish_ci NOT NULL,
  `create_date` date DEFAULT NULL,
  `update_date` datetime(6) DEFAULT NULL,
  `update_id` varchar(30) CHARACTER SET latin1 COLLATE latin1_swedish_ci NOT NULL,
  `gross_salary` float NOT NULL
) ENGINE=InnoDB DEFAULT CHARSET=utf8 COLLATE=utf8_general_ci;

-- --------------------------------------------------------

--
-- Table structure for table `employee_sal_pay_type`
--

CREATE TABLE `employee_sal_pay_type` (
  `emp_sal_pay_type_id` int(11) UNSIGNED NOT NULL,
  `payment_period` varchar(50) CHARACTER SET latin1 COLLATE latin1_swedish_ci NOT NULL
) ENGINE=InnoDB DEFAULT CHARSET=utf8 COLLATE=utf8_general_ci;

-- --------------------------------------------------------

--
-- Table structure for table `emp_attendance`
--

CREATE TABLE `emp_attendance` (
  `att_id` int(10) UNSIGNED NOT NULL,
  `employee_id` varchar(50) CHARACTER SET latin1 COLLATE latin1_swedish_ci NOT NULL,
  `date` varchar(30) CHARACTER SET latin1 COLLATE latin1_swedish_ci NOT NULL,
  `sign_in` varchar(30) CHARACTER SET latin1 COLLATE latin1_swedish_ci DEFAULT NULL,
  `sign_out` varchar(30) CHARACTER SET latin1 COLLATE latin1_swedish_ci DEFAULT NULL,
  `staytime` time DEFAULT NULL
) ENGINE=InnoDB DEFAULT CHARSET=utf8 COLLATE=utf8_general_ci;

-- --------------------------------------------------------

--
-- Table structure for table `facebook_settings`
--

CREATE TABLE `facebook_settings` (
  `id` int(11) NOT NULL,
  `app_id` varchar(100) DEFAULT NULL,
  `app_secret` varchar(200) DEFAULT NULL
) ENGINE=InnoDB DEFAULT CHARSET=utf8 COLLATE=utf8_general_ci;

-- --------------------------------------------------------

--
-- Table structure for table `foodvariable`
--

CREATE TABLE `foodvariable` (
  `availableID` int(11) NOT NULL,
  `foodid` int(11) NOT NULL,
  `availtime` varchar(50) NOT NULL,
  `availday` varchar(30) NOT NULL,
  `is_active` int(11) NOT NULL DEFAULT 0
) ENGINE=InnoDB DEFAULT CHARSET=utf8 COLLATE=utf8_general_ci;

-- --------------------------------------------------------

--
-- Table structure for table `gender`
--

CREATE TABLE `gender` (
  `id` int(11) NOT NULL,
  `gender_name` varchar(30) NOT NULL
) ENGINE=InnoDB DEFAULT CHARSET=latin1 COLLATE=latin1_swedish_ci;

--
-- Dumping data for table `gender`
--

INSERT INTO `gender` (`id`, `gender_name`) VALUES
(1, 'Male'),
(2, 'Female'),
(3, 'Other');

-- --------------------------------------------------------

--
-- Table structure for table `grand_loan`
--

CREATE TABLE `grand_loan` (
  `loan_id` int(11) NOT NULL,
  `employee_id` varchar(50) CHARACTER SET latin1 COLLATE latin1_swedish_ci NOT NULL,
  `permission_by` varchar(30) CHARACTER SET latin1 COLLATE latin1_swedish_ci NOT NULL,
  `loan_details` varchar(30) CHARACTER SET latin1 COLLATE latin1_swedish_ci NOT NULL,
  `amount` varchar(30) CHARACTER SET latin1 COLLATE latin1_swedish_ci NOT NULL,
  `interest_rate` varchar(30) CHARACTER SET latin1 COLLATE latin1_swedish_ci NOT NULL,
  `installment` varchar(30) CHARACTER SET latin1 COLLATE latin1_swedish_ci NOT NULL,
  `installment_period` varchar(30) CHARACTER SET latin1 COLLATE latin1_swedish_ci NOT NULL,
  `repayment_amount` varchar(30) CHARACTER SET latin1 COLLATE latin1_swedish_ci NOT NULL,
  `date_of_approve` varchar(30) CHARACTER SET latin1 COLLATE latin1_swedish_ci NOT NULL,
  `repayment_start_date` varchar(30) CHARACTER SET latin1 COLLATE latin1_swedish_ci NOT NULL,
  `created_by` varchar(30) CHARACTER SET latin1 COLLATE latin1_swedish_ci NOT NULL,
  `updated_by` varchar(30) CHARACTER SET latin1 COLLATE latin1_swedish_ci NOT NULL,
  `loan_status` varchar(30) CHARACTER SET latin1 COLLATE latin1_swedish_ci NOT NULL
) ENGINE=InnoDB DEFAULT CHARSET=utf8 COLLATE=utf8_general_ci;

-- --------------------------------------------------------

--
-- Table structure for table `item_category`
--

CREATE TABLE `item_category` (
  `CategoryID` int(11) NOT NULL,
  `Name` varchar(255) DEFAULT NULL,
  `CategoryImage` varchar(255) DEFAULT NULL,
  `Position` int(11) DEFAULT NULL,
  `CategoryIsActive` int(11) DEFAULT NULL,
  `offerstartdate` date DEFAULT '0000-00-00',
  `offerendate` date NOT NULL DEFAULT '0000-00-00',
  `isoffer` int(11) DEFAULT 0,
  `parentid` int(11) DEFAULT 0,
  `UserIDInserted` int(11) NOT NULL DEFAULT 0,
  `UserIDUpdated` int(11) NOT NULL DEFAULT 0,
  `UserIDLocked` int(11) NOT NULL DEFAULT 0,
  `DateInserted` datetime NOT NULL DEFAULT '0000-00-00 00:00:00',
  `DateUpdated` datetime NOT NULL DEFAULT '0000-00-00 00:00:00',
  `DateLocked` datetime NOT NULL DEFAULT '0000-00-00 00:00:00'
) ENGINE=InnoDB DEFAULT CHARSET=utf8 COLLATE=utf8_general_ci;

-- --------------------------------------------------------

--
-- Table structure for table `item_foods`
--

CREATE TABLE `item_foods` (
  `ProductsID` int(11) NOT NULL,
  `CategoryID` int(11) NOT NULL,
  `ProductName` varchar(255) DEFAULT NULL,
  `ProductImage` varchar(200) DEFAULT NULL,
  `bigthumb` varchar(255) NOT NULL,
  `medium_thumb` varchar(255) NOT NULL,
  `small_thumb` varchar(255) NOT NULL,
  `component` text DEFAULT NULL,
  `descrip` text DEFAULT NULL,
  `itemnotes` varchar(255) DEFAULT NULL,
  `menutype` varchar(25) DEFAULT NULL,
  `productvat` int(11) DEFAULT 0,
  `special` int(11) NOT NULL DEFAULT 0,
  `OffersRate` int(11) NOT NULL DEFAULT 0 COMMENT '1=offer rate',
  `offerIsavailable` int(11) NOT NULL DEFAULT 0 COMMENT '1=offer available,0=No Offer',
  `offerstartdate` date DEFAULT '0000-00-00',
  `offerendate` date DEFAULT '0000-00-00',
  `Position` int(11) DEFAULT NULL,
  `kitchenid` int(11) NOT NULL,
  `isgroup` int(11) DEFAULT NULL,
  `is_customqty` int(11) DEFAULT 0,
  `cookedtime` time NOT NULL DEFAULT '00:00:00',
  `ProductsIsActive` int(11) DEFAULT NULL,
  `UserIDInserted` int(11) NOT NULL DEFAULT 0,
  `UserIDUpdated` int(11) NOT NULL DEFAULT 0,
  `UserIDLocked` int(11) NOT NULL DEFAULT 0,
  `DateInserted` datetime NOT NULL DEFAULT '0000-00-00 00:00:00',
  `DateUpdated` datetime NOT NULL DEFAULT '0000-00-00 00:00:00',
  `DateLocked` datetime NOT NULL DEFAULT '0000-00-00 00:00:00',
  `tax0` text DEFAULT NULL,
  `tax1` text DEFAULT NULL
) ENGINE=InnoDB DEFAULT CHARSET=utf8 COLLATE=utf8_general_ci;

-- --------------------------------------------------------

--
-- Table structure for table `job_advertisement`
--

CREATE TABLE `job_advertisement` (
  `job_adv_id` int(10) UNSIGNED NOT NULL,
  `pos_id` varchar(30) CHARACTER SET latin1 COLLATE latin1_swedish_ci NOT NULL,
  `adv_circular_date` varchar(30) CHARACTER SET latin1 COLLATE latin1_swedish_ci NOT NULL,
  `circular_dadeline` varchar(30) CHARACTER SET latin1 COLLATE latin1_swedish_ci NOT NULL,
  `adv_file` tinytext CHARACTER SET latin1 COLLATE latin1_swedish_ci NOT NULL,
  `adv_details` varchar(255) CHARACTER SET latin1 COLLATE latin1_swedish_ci NOT NULL
) ENGINE=InnoDB DEFAULT CHARSET=utf8 COLLATE=utf8_general_ci;

-- --------------------------------------------------------

--
-- Table structure for table `language`
--

CREATE TABLE `language` (
  `id` int(11) NOT NULL,
  `phrase` varchar(100) NOT NULL,
  `english` varchar(255) NOT NULL,
  `malay` text DEFAULT NULL,
  `french` text DEFAULT NULL,
  `german` text DEFAULT NULL,
  `spanish` text DEFAULT NULL,
  `turkish` text DEFAULT NULL,
  `hindi` text DEFAULT NULL
) ENGINE=InnoDB DEFAULT CHARSET=utf8 COLLATE=utf8_general_ci;



INSERT INTO `language` (`id`, `phrase`, `english`, `malay`, `french`, `german`, `spanish`, `turkish`, `hindi`) VALUES
(2129, 'addnew_checklist', 'New Checklist', NULL, NULL, NULL, NULL, NULL, NULL),
(2130, 'task_name', 'Task Name', NULL, NULL, NULL, NULL, NULL, NULL),
(2131, 'checklist', 'Cheklist', NULL, NULL, NULL, NULL, NULL, NULL),
(2132, 'in_use', 'In Use', NULL, NULL, NULL, NULL, NULL, NULL),
(2133, 'in_laundry', 'In Laundry', NULL, NULL, NULL, NULL, NULL, NULL),
(2134, 'ready', 'Ready', NULL, NULL, NULL, NULL, NULL, NULL),
(2135, 'cleaning_report', 'Cleaning Report', NULL, NULL, NULL, NULL, NULL, NULL),
(2136, 'searched_records', 'Searched Records', NULL, NULL, NULL, NULL, NULL, NULL),
(2137, 'assign_by', 'Assign By', NULL, NULL, NULL, NULL, NULL, NULL),
(2138, 'completed', 'Completed', NULL, NULL, NULL, NULL, NULL, NULL),
(2139, 'searched_report', 'Searched Report', NULL, NULL, NULL, NULL, NULL, NULL),
(2140, 'manage_item', 'Manage Item', NULL, NULL, NULL, NULL, NULL, NULL),
(2141, 'litem_name', 'Item Name', NULL, NULL, NULL, NULL, NULL, NULL),
(2142, 'item_list', 'Item List', NULL, NULL, NULL, NULL, NULL, NULL),
(2143, 'recieve', 'Recieve', NULL, NULL, NULL, NULL, NULL, NULL),
(2144, 'operate_by', 'Operate By', NULL, NULL, NULL, NULL, NULL, NULL),
(2145, 'total_cost', 'Total Cost', NULL, NULL, NULL, NULL, NULL, NULL),
(2146, 'laundry_payment', 'Laundry Payment', NULL, NULL, NULL, NULL, NULL, NULL),
(2147, 'all_records', 'All Records', NULL, NULL, NULL, NULL, NULL, NULL),
(2148, 'room_cleaning_details', 'Room Cleaning Details', NULL, NULL, NULL, NULL, NULL, NULL),
(2149, 'roomqr_list', 'Room Qr List', NULL, NULL, NULL, NULL, NULL, NULL),
(2150, 'records', 'Records', NULL, NULL, NULL, NULL, NULL, NULL),
(2151, 'laundry', 'Laundry', NULL, NULL, NULL, NULL, NULL, NULL),
(2152, 'laundry_list', 'Laundry List', NULL, NULL, NULL, NULL, NULL, NULL),
(2153, 'item_cost', 'Item Cost', NULL, NULL, NULL, NULL, NULL, NULL),
(2154, 'create_roster', 'Create Roster', NULL, NULL, NULL, NULL, NULL, NULL),
(2155, 'duty_roster', 'Duty Roster', NULL, NULL, NULL, NULL, NULL, NULL),
(2156, 'shift_name', 'Shift Name', NULL, NULL, NULL, NULL, NULL, NULL),
(2157, 'roster_start_date', 'Roster Start Date', NULL, NULL, NULL, NULL, NULL, NULL),
(2158, 'roster_end_date', 'Roster End Date', NULL, NULL, NULL, NULL, NULL, NULL),
(2159, 'roster_days', 'Roster days', NULL, NULL, NULL, NULL, NULL, NULL),
(2160, 'shift_update', 'Update Shift', NULL, NULL, NULL, NULL, NULL, NULL),
(2161, 'roster_list', 'Roster List', NULL, NULL, NULL, NULL, NULL, NULL),
(2162, 'shift_assign_add', 'Roster Assign', NULL, NULL, NULL, NULL, NULL, NULL),
(2163, 'select_roster', 'Select Roster', NULL, NULL, NULL, NULL, NULL, NULL),
(2164, 'shift_assign_update', 'Shift Assign Update', NULL, NULL, NULL, NULL, NULL, NULL),
(2165, 'assign_employee', 'Assign Employee', NULL, NULL, NULL, NULL, NULL, NULL),
(2166, 'shift_start', 'Shift Start', NULL, NULL, NULL, NULL, NULL, NULL),
(2167, 'shift_end', 'Shift End', NULL, NULL, NULL, NULL, NULL, NULL),
(2168, 'shift_time', 'Shift Hour', NULL, NULL, NULL, NULL, NULL, NULL),
(2169, 'shift_add', 'Add Shift', NULL, NULL, NULL, NULL, NULL, NULL),
(2170, 'shift_list', 'Shift List', NULL, NULL, NULL, NULL, NULL, NULL),
(2171, 'shift_hour', 'Shift Hour', NULL, NULL, NULL, NULL, NULL, NULL),
(2172, 'shift_start_date', 'Shift Start Date', NULL, NULL, NULL, NULL, NULL, NULL),
(2173, 'assigned_roster_list', 'Assigned Roster List', NULL, NULL, NULL, NULL, NULL, NULL),
(2174, 'roster_edit', 'Update Roster', NULL, NULL, NULL, NULL, NULL, NULL),
(2175, 'shift_end_date', 'Shift End Date', NULL, NULL, NULL, NULL, NULL, NULL),
(2176, 'assigned_emp', 'Assigned Employee', NULL, NULL, NULL, NULL, NULL, NULL),
(2177, 'ordermanage', 'Restaurant', NULL, NULL, NULL, NULL, NULL, NULL),
(2178, 'manage_category', 'Manage Category', NULL, NULL, NULL, NULL, NULL, NULL),
(2179, 'category_list', 'Category List', NULL, NULL, NULL, NULL, NULL, NULL),
(2180, 'manage_food', 'Manage Food', NULL, NULL, NULL, NULL, NULL, NULL),
(2181, 'add_food', 'Add Food', NULL, NULL, NULL, NULL, NULL, NULL),
(2182, 'food_list', 'Food List', NULL, NULL, NULL, NULL, NULL, NULL),
(2183, 'food_varient', 'Food Variant', NULL, NULL, NULL, NULL, NULL, NULL),
(2184, 'food_availablity', 'Food Availability', NULL, NULL, NULL, NULL, NULL, NULL),
(2185, 'add_varient', 'Add Variant', NULL, NULL, NULL, NULL, NULL, NULL),
(2186, 'varient_name', 'Variant Name', NULL, NULL, NULL, NULL, NULL, NULL),
(2187, 'variant_list', 'Variant List', NULL, NULL, NULL, NULL, NULL, NULL),
(2188, 'variant_edit', 'Update Variant', NULL, NULL, NULL, NULL, NULL, NULL),
(2189, 'food_availablelist', 'Food Available List', NULL, NULL, NULL, NULL, NULL, NULL),
(2190, 'add_availablity', 'Add Available Day & Time', NULL, NULL, NULL, NULL, NULL, NULL),
(2191, 'edit_availablity', 'Update Available Day & Time', NULL, NULL, NULL, NULL, NULL, NULL),
(2192, 'available_day', 'Available Day', NULL, NULL, NULL, NULL, NULL, NULL),
(2193, 'available_time', 'Available Time', NULL, NULL, NULL, NULL, NULL, NULL),
(2194, 'manage_addons', 'Manage Add-ons', NULL, NULL, NULL, NULL, NULL, NULL),
(2195, 'add_adons', 'Add Add-ons', NULL, NULL, NULL, NULL, NULL, NULL),
(2196, 'menu_addons', 'Add-ons Menu', NULL, NULL, NULL, NULL, NULL, NULL),
(2197, 'addons_list', 'Add-ons List', NULL, NULL, NULL, NULL, NULL, NULL),
(2198, 'assign_adons', 'Add-ons Assign', NULL, NULL, NULL, NULL, NULL, NULL),
(2199, 'assign_adons_list', 'Add-ons Assign List', NULL, NULL, NULL, NULL, NULL, NULL),
(2200, 'update_adons', 'Update Add-ons', NULL, NULL, NULL, NULL, NULL, NULL),
(2201, 'add_group_item', 'Add Group Item', NULL, NULL, NULL, NULL, NULL, NULL),
(2202, 'menu_type', 'Menu Type', NULL, NULL, NULL, NULL, NULL, NULL),
(2203, 'parent_cat', 'Parent Category', NULL, NULL, NULL, NULL, NULL, NULL),
(2204, 'is_offer', 'Offer', NULL, NULL, NULL, NULL, NULL, NULL),
(2205, 'offerdate', 'Offer Start Date', NULL, NULL, NULL, NULL, NULL, NULL),
(2206, 'offerenddate', 'Select Kitchen', NULL, NULL, NULL, NULL, NULL, NULL),
(2207, 'select_kitchen', 'Update', NULL, NULL, NULL, NULL, NULL, NULL),
(2208, 'kitchen_name', 'Kitchen Name', NULL, NULL, NULL, NULL, NULL, NULL),
(2209, 'is_special', 'Special', NULL, NULL, NULL, NULL, NULL, NULL),
(2210, 'is_custome_quantity', 'Custom Quantity', NULL, NULL, NULL, NULL, NULL, NULL),
(2211, 'cookedtime', 'Cooking Time', NULL, NULL, NULL, NULL, NULL, NULL),
(2212, 'item_name', 'Food Name', NULL, NULL, NULL, NULL, NULL, NULL),
(2213, 'component', 'Components', NULL, NULL, NULL, NULL, NULL, NULL),
(2214, 'vat_tax', 'Vat', NULL, NULL, NULL, NULL, NULL, NULL),
(2215, 'add_menu_type', 'Add Menu Type', NULL, NULL, NULL, NULL, NULL, NULL),
(2216, 'menu_type_list', 'Menu Type List', NULL, NULL, NULL, NULL, NULL, NULL),
(2217, 'menu_type_name', 'Menu Type', NULL, NULL, NULL, NULL, NULL, NULL),
(2218, 'icon', 'Icon', NULL, NULL, NULL, NULL, NULL, NULL),
(2219, 'menutype_edit', 'Menu Type Edit', NULL, NULL, NULL, NULL, NULL, NULL),
(2220, 'addons_name', 'Add-ons Name ', NULL, NULL, NULL, NULL, NULL, NULL),
(2221, 'pos_invoice', 'POS Invoice', NULL, NULL, NULL, NULL, NULL, NULL),
(2222, 'order_list', 'Order List', NULL, NULL, NULL, NULL, NULL, NULL),
(2223, 'pending_order', 'Pending Order', NULL, NULL, NULL, NULL, NULL, NULL),
(2224, 'complete_order', 'Complete Order', NULL, NULL, NULL, NULL, NULL, NULL),
(2225, 'cancel_order', 'Cancel Order', NULL, NULL, NULL, NULL, NULL, NULL),
(2226, 'kitchen_dashboard', 'Kitchen Dashboard', NULL, NULL, NULL, NULL, NULL, NULL),
(2227, 'counter_dashboard', 'Counter Dashboard', NULL, NULL, NULL, NULL, NULL, NULL),
(2228, 'counter_list', 'Counter List', NULL, NULL, NULL, NULL, NULL, NULL),
(2229, 'pos_setting', 'POS Setting', NULL, NULL, NULL, NULL, NULL, NULL),
(2230, 'sound_setting', 'Sound Setting', NULL, NULL, NULL, NULL, NULL, NULL),
(2231, 'upload_notify', 'Upload Notification Sound', NULL, NULL, NULL, NULL, NULL, NULL),
(2232, 'placr_setting', 'Place order Setting', NULL, NULL, NULL, NULL, NULL, NULL),
(2233, 'waiter', 'Waiter', NULL, NULL, NULL, NULL, NULL, NULL),
(2234, 'table', 'Table Map', NULL, NULL, NULL, NULL, NULL, NULL),
(2235, 'table_map', 'Table Map', NULL, NULL, NULL, NULL, NULL, NULL),
(2236, 'is_sound', 'Is Sound Enable', NULL, NULL, NULL, NULL, NULL, NULL),
(2237, 'quick_ord', 'Quick Order Setting', NULL, NULL, NULL, NULL, NULL, NULL),
(2238, 'counter_no', 'Counter Number', NULL, NULL, NULL, NULL, NULL, NULL),
(2239, 'add_counter', 'Add Counter', NULL, NULL, NULL, NULL, NULL, NULL),
(2240, 'tabltno', 'Table No', NULL, NULL, NULL, NULL, NULL, NULL),
(2241, 'ord_num', 'Order Number', NULL, NULL, NULL, NULL, NULL, NULL),
(2242, 'ordtime', 'Order Time', NULL, NULL, NULL, NULL, NULL, NULL),
(2243, 'remtime', 'Remaining Time', NULL, NULL, NULL, NULL, NULL, NULL),
(2244, 'ordtcoun', 'Order Time Countdown Board', NULL, NULL, NULL, NULL, NULL, NULL),
(2245, 'orderid', 'Order ID', NULL, NULL, NULL, NULL, NULL, NULL),
(2246, 'customer_type', 'Customer Type', NULL, NULL, NULL, NULL, NULL, NULL),
(2247, 'ordate', 'Order Date', NULL, NULL, NULL, NULL, NULL, NULL),
(2248, 'service_chrg', 'Service Charge', NULL, NULL, NULL, NULL, NULL, NULL),
(2249, 'customer_paid_amount', 'Customer Paid Amount', NULL, NULL, NULL, NULL, NULL, NULL),
(2250, 'change_due', 'Change Due', NULL, NULL, NULL, NULL, NULL, NULL),
(2251, 'total_due', 'Total Due', NULL, NULL, NULL, NULL, NULL, NULL),
(2252, 'totalpayment', 'Total payment', NULL, NULL, NULL, NULL, NULL, NULL),
(2253, 'billing_to', 'Billing To', NULL, NULL, NULL, NULL, NULL, NULL),
(2254, 'bill_by', 'Bill By', NULL, NULL, NULL, NULL, NULL, NULL),
(2255, 'orderno', 'Order No.', NULL, NULL, NULL, NULL, NULL, NULL),
(2256, 'thanks_you', 'Thank you very much', NULL, NULL, NULL, NULL, NULL, NULL),
(2257, 'powerbybdtask', '#', NULL, NULL, NULL, NULL, NULL, NULL),
(2258, 'item', 'Item', NULL, NULL, NULL, NULL, NULL, NULL),
(2259, 'billing_from', 'Billing From', NULL, NULL, NULL, NULL, NULL, NULL),
(2260, 'order_status', 'Order Status', NULL, NULL, NULL, NULL, NULL, NULL),
(2261, 'billing_date', 'Billing Date', NULL, NULL, NULL, NULL, NULL, NULL),
(2262, 'cancel_reason', 'Cancel Reason', NULL, NULL, NULL, NULL, NULL, NULL),
(2263, 'customer_order', 'Customer Notes', NULL, NULL, NULL, NULL, NULL, NULL),
(2264, 'customerpicktime', 'Customer Pick-up Date and time', NULL, NULL, NULL, NULL, NULL, NULL),
(2265, 'size', 'Size', NULL, NULL, NULL, NULL, NULL, NULL),
(2266, 'qty', 'Quantity', NULL, NULL, NULL, NULL, NULL, NULL),
(2267, 'foodnote', 'Food Note', NULL, NULL, NULL, NULL, NULL, NULL),
(2268, 'addnotesi', 'Add Note', NULL, NULL, NULL, NULL, NULL, NULL),
(2269, 'sl_payment', 'Select Your Payment Method', NULL, NULL, NULL, NULL, NULL, NULL),
(2270, 'paymd', 'Payment Method', NULL, NULL, NULL, NULL, NULL, NULL),
(2271, 'crd_terminal', 'Card Terminal', NULL, NULL, NULL, NULL, NULL, NULL),
(2272, 'sl_bank', 'Select Bank', NULL, NULL, NULL, NULL, NULL, NULL),
(2273, 'lstdigit', 'Last 4 Digit', NULL, NULL, NULL, NULL, NULL, NULL),
(2274, 'cuspayment', 'Customer Payment', NULL, NULL, NULL, NULL, NULL, NULL),
(2275, 'cng_amount', 'Changes Amount', NULL, NULL, NULL, NULL, NULL, NULL),
(2276, 'pay_print', 'Pay Now & Print Invoice', NULL, NULL, NULL, NULL, NULL, NULL),
(2277, 'payn', 'Pay Now', NULL, NULL, NULL, NULL, NULL, NULL),
(2278, 'ordid', 'Order ID', NULL, NULL, NULL, NULL, NULL, NULL),
(2279, 'can_reason', 'Cancel Reason', NULL, NULL, NULL, NULL, NULL, NULL),
(2280, 'can_ord', 'Cancel Order', NULL, NULL, NULL, NULL, NULL, NULL),
(2281, 'add_customer', 'Add Customer', NULL, NULL, NULL, NULL, NULL, NULL),
(2282, 'fav_addesrr', 'Favorite Address', NULL, NULL, NULL, NULL, NULL, NULL),
(2283, 'nw_order', 'New Order', NULL, NULL, NULL, NULL, NULL, NULL),
(2284, 'ongoingorder', 'On Going Order', NULL, NULL, NULL, NULL, NULL, NULL),
(2285, 'tdayorder', 'Today Order', NULL, NULL, NULL, NULL, NULL, NULL),
(2286, 'onlineord', 'Online Order', NULL, NULL, NULL, NULL, NULL, NULL),
(2287, 'kitchen_status', 'Kitchen Status', NULL, NULL, NULL, NULL, NULL, NULL),
(2288, 'all', 'All', NULL, NULL, NULL, NULL, NULL, NULL),
(2289, 'del_company', 'Delivery Company', NULL, NULL, NULL, NULL, NULL, NULL),
(2290, 'thirdparty_orderid', 'Third-party Order ID', NULL, NULL, NULL, NULL, NULL, NULL),
(2291, 'vat_tax1', 'Vat/Tax', NULL, NULL, NULL, NULL, NULL, NULL),
(2292, 'quickorder', 'Quick Order', NULL, NULL, NULL, NULL, NULL, NULL),
(2293, 'placeorder', 'Place Order', NULL, NULL, NULL, NULL, NULL, NULL),
(2294, 'update_group_item', 'pdate Group Item', NULL, NULL, NULL, NULL, NULL, NULL),
(2295, 'addons_qty', 'Add-ons Qty', NULL, NULL, NULL, NULL, NULL, NULL),
(2296, 'add_to_cart', 'Add To cart', NULL, NULL, NULL, NULL, NULL, NULL),
(2297, 'add_to_cart_more', 'Add Multiple Variant', NULL, NULL, NULL, NULL, NULL, NULL),
(2298, 'select_this_table', 'Select This Table', NULL, NULL, NULL, NULL, NULL, NULL),
(2299, 'seat', 'Seat', NULL, NULL, NULL, NULL, NULL, NULL),
(2300, 'ord', 'Order', NULL, NULL, NULL, NULL, NULL, NULL),
(2301, 'seat_time', 'Time', NULL, NULL, NULL, NULL, NULL, NULL),
(2302, 'no_customer', 'No Customer', NULL, NULL, NULL, NULL, NULL, NULL),
(2303, 'mergeord', 'Merge Order', NULL, NULL, NULL, NULL, NULL, NULL),
(2304, 'before_time', 'Running Time', NULL, NULL, NULL, NULL, NULL, NULL),
(2305, 'cmplt', 'Complete', NULL, NULL, NULL, NULL, NULL, NULL),
(2306, 'split', 'Split', NULL, NULL, NULL, NULL, NULL, NULL),
(2307, 'no_order_run', 'No Order Running', NULL, NULL, NULL, NULL, NULL, NULL),
(2308, 'sl_product', 'Search Product', NULL, NULL, NULL, NULL, NULL, NULL),
(2309, 'ord_places', 'Order Placed Successfully', NULL, NULL, NULL, NULL, NULL, NULL),
(2310, 'do_print_in', 'Do you Want to Print Invoice???', NULL, NULL, NULL, NULL, NULL, NULL),
(2311, 'ord_complte', 'Order Completed', NULL, NULL, NULL, NULL, NULL, NULL),
(2312, 'ord_com_sucs', 'Order Completed Successfully', NULL, NULL, NULL, NULL, NULL, NULL),
(2313, 'token_no', 'Token NO', NULL, NULL, NULL, NULL, NULL, NULL),
(2314, 'ord_failed', 'Order Failed!!!', NULL, NULL, NULL, NULL, NULL, NULL),
(2315, 'failed_msg', 'Order not placed due to some reason. Please Try Again!!!. Thank You !!!', NULL, NULL, NULL, NULL, NULL, NULL),
(2316, 'ord_succ', 'Order Placed Successfully!!!', NULL, NULL, NULL, NULL, NULL, NULL),
(2317, 'succ_smg', 'Are you Sure to Print This Invoice????', NULL, NULL, NULL, NULL, NULL, NULL),
(2318, 'sl_option', 'Select Option', NULL, NULL, NULL, NULL, NULL, NULL),
(2319, 'req_failed', 'Request Failed, Please check your code and try again!', NULL, NULL, NULL, NULL, NULL, NULL),
(2320, 'person', 'Person', NULL, NULL, NULL, NULL, NULL, NULL),
(2321, 'ord_number', 'Order No.', NULL, NULL, NULL, NULL, NULL, NULL),
(2322, 'add_new_payment_type', 'Add New Payment Method', NULL, NULL, NULL, NULL, NULL, NULL),
(2323, 'discount_type', 'Discount Type', NULL, NULL, NULL, NULL, NULL, NULL),
(2324, 'type_slorder', 'Type and Select Order', NULL, NULL, NULL, NULL, NULL, NULL),
(2325, 'type_table', 'Type and Select Table', NULL, NULL, NULL, NULL, NULL, NULL),
(2326, 'Processingod', 'Processing...', NULL, NULL, NULL, NULL, NULL, NULL),
(2327, 'sLengthMenu', 'Display _MENU_ records per page', NULL, NULL, NULL, NULL, NULL, NULL),
(2328, 'sInfo', 'Showing _START_ to _END_ of _TOTAL_ entries', NULL, NULL, NULL, NULL, NULL, NULL),
(2329, 'sInfoEmpty', 'Showing 0 to 0 of 0 entries', NULL, NULL, NULL, NULL, NULL, NULL),
(2330, 'sInfoFiltered', '(Filtered from _MAX_ Total Records)', NULL, NULL, NULL, NULL, NULL, NULL),
(2331, 'sLoadingRecords', 'Loading...', NULL, NULL, NULL, NULL, NULL, NULL),
(2332, 'sZeroRecords', 'Nothing found - sorry', NULL, NULL, NULL, NULL, NULL, NULL),
(2333, 'sEmptyTable', 'No Data Available in Table', NULL, NULL, NULL, NULL, NULL, NULL),
(2334, 'sFirst', 'First', NULL, NULL, NULL, NULL, NULL, NULL),
(2335, 'sLast', 'Last', NULL, NULL, NULL, NULL, NULL, NULL),
(2336, 'sPrevious', 'Previous', NULL, NULL, NULL, NULL, NULL, NULL),
(2337, 'sNext', 'Next', NULL, NULL, NULL, NULL, NULL, NULL),
(2338, 'sSortAscending', 'Activate to sort column ascending', NULL, NULL, NULL, NULL, NULL, NULL),
(2339, 'sSortDescending', 'Activate to Sort Column Descending', NULL, NULL, NULL, NULL, NULL, NULL),
(2340, '_sign', 'Show %d Rows', NULL, NULL, NULL, NULL, NULL, NULL),
(2341, '_0sign', 'No Row Selected', NULL, NULL, NULL, NULL, NULL, NULL),
(2342, '_1sign', '1 Line Selected', NULL, NULL, NULL, NULL, NULL, NULL),
(2343, 'copy', 'Copy', NULL, NULL, NULL, NULL, NULL, NULL),
(2344, 'excel', 'Excel', NULL, NULL, NULL, NULL, NULL, NULL),
(2345, 'pdf', 'Pdf', NULL, NULL, NULL, NULL, NULL, NULL),
(2346, 'colvis', 'Colvis', NULL, NULL, NULL, NULL, NULL, NULL),
(2347, 'csv', 'CSV', NULL, NULL, NULL, NULL, NULL, NULL),
(2348, 'tok', 'Token', NULL, NULL, NULL, NULL, NULL, NULL),
(2349, 'clear', 'Clear', NULL, NULL, NULL, NULL, NULL, NULL),
(2350, 'shipping_name', 'Shipping Method Name', NULL, NULL, NULL, NULL, NULL, NULL),
(2351, 'shippingtime', 'Shipping Date & Time', NULL, NULL, NULL, NULL, NULL, NULL),
(2352, 'select_doc_type', 'Select Doc Type', NULL, NULL, NULL, NULL, NULL, NULL),
(2353, 'update_fooditem', 'Update Food Item', NULL, NULL, NULL, NULL, NULL, NULL),
(2354, 'split_order', 'Split Order', NULL, NULL, NULL, NULL, NULL, NULL),
(2355, 'table_manage', 'Manage Table', NULL, NULL, NULL, NULL, NULL, NULL),
(2356, 'table_list', 'Table List', NULL, NULL, NULL, NULL, NULL, NULL),
(2357, 'table_setting', 'Table Setting', NULL, NULL, NULL, NULL, NULL, NULL),
(2358, 'add_new_table', 'Add Table', NULL, NULL, NULL, NULL, NULL, NULL),
(2359, 'table_name', 'Table Name', NULL, NULL, NULL, NULL, NULL, NULL),
(2360, 'floor_select', 'Floor Select', NULL, NULL, NULL, NULL, NULL, NULL),
(2361, 'table_edit', 'Update Table', NULL, NULL, NULL, NULL, NULL, NULL),
(2362, 'res_table_setup', 'Restaurant Table Setup', NULL, NULL, NULL, NULL, NULL, NULL),
(2363, 'customertype_list', 'Customer Type List', NULL, NULL, NULL, NULL, NULL, NULL),
(2364, 'list_of_card_terminal', 'Card Terminal List', NULL, NULL, NULL, NULL, NULL, NULL),
(2365, 'add_new_terminal', 'Add New Terminal', NULL, NULL, NULL, NULL, NULL, NULL),
(2366, 'update_terminal', 'Update Terminal', NULL, NULL, NULL, NULL, NULL, NULL),
(2367, 'list_of_bank', 'Bank List', NULL, NULL, NULL, NULL, NULL, NULL),
(2368, 'add_bank', 'Add New Bank', NULL, NULL, NULL, NULL, NULL, NULL),
(2369, 'update_bank', 'Update Bank', NULL, NULL, NULL, NULL, NULL, NULL),
(2370, 'bank_name', 'Bank Name', NULL, NULL, NULL, NULL, NULL, NULL),
(2371, 'day_closing', 'Day Closing', NULL, NULL, NULL, NULL, NULL, NULL),
(2372, 'add_closing_balance', 'Add closing balance', NULL, NULL, NULL, NULL, NULL, NULL),
(2373, 'closing_balance', 'Closing balance', NULL, NULL, NULL, NULL, NULL, NULL),
(2374, 'recieved', 'Recieved', NULL, NULL, NULL, NULL, NULL, NULL),
(2375, 'expense', 'Expense', NULL, NULL, NULL, NULL, NULL, NULL),
(2376, 'start_cash_register', 'Start Cash Register', NULL, NULL, NULL, NULL, NULL, NULL),
(2377, 'dccounter_no', 'Counter No', NULL, NULL, NULL, NULL, NULL, NULL),
(2378, 'dcadd_counter', 'Add Counter', NULL, NULL, NULL, NULL, NULL, NULL),
(2379, 'counterlist', 'Counter List', NULL, NULL, NULL, NULL, NULL, NULL),
(2380, 'day_close', 'Day Close', NULL, NULL, NULL, NULL, NULL, NULL),
(2381, 'pool_booking', 'Pool Booking', NULL, NULL, NULL, NULL, NULL, NULL),
(2382, 'add_pool_booking', 'Pool Booking Add', NULL, NULL, NULL, NULL, NULL, NULL),
(2383, 'p_booking_list', 'Pool Booking List', NULL, NULL, NULL, NULL, NULL, NULL),
(2384, 'package_name', 'Package Name', NULL, NULL, NULL, NULL, NULL, NULL),
(2385, 'doc_type', 'Doc Type', NULL, NULL, NULL, NULL, NULL, NULL),
(2386, 'doc_num', 'Doc Number', NULL, NULL, NULL, NULL, NULL, NULL),
(2387, 'update_pool_booking', 'Pool Booking Update', NULL, NULL, NULL, NULL, NULL, NULL),
(2388, 'pool_booking_list', 'Booking', NULL, NULL, NULL, NULL, NULL, NULL),
(2389, 'pool_name', 'Pool Name', NULL, NULL, NULL, NULL, NULL, NULL),
(2390, 'date_to', 'Date To', NULL, NULL, NULL, NULL, NULL, NULL),
(2391, 'pool_details', 'Pool Details', NULL, NULL, NULL, NULL, NULL, NULL),
(2392, 'type_name', 'Type Name', NULL, NULL, NULL, NULL, NULL, NULL),
(2393, 'pool_type_add', 'Add Pool Type', NULL, NULL, NULL, NULL, NULL, NULL),
(2394, 'swimming_pool_add', 'Add Swimming Pool', NULL, NULL, NULL, NULL, NULL, NULL),
(2395, 'add_to_invoice', 'Add To Invoice', NULL, NULL, NULL, NULL, NULL, NULL),
(2396, 'nid', 'NID', NULL, NULL, NULL, NULL, NULL, NULL),
(2397, 'passport', 'Passport', NULL, NULL, NULL, NULL, NULL, NULL),
(2398, 'un_maintenence', 'Under Maintenence', NULL, NULL, NULL, NULL, NULL, NULL),
(2399, 'booked', 'Booked', NULL, NULL, NULL, NULL, NULL, NULL),
(2400, 'transport_facility', 'Transport Facility', NULL, NULL, NULL, NULL, NULL, NULL),
(2401, 'flight_details_list', 'Flight Details List', NULL, NULL, NULL, NULL, NULL, NULL),
(2402, 'fl_details_add', 'Flight Details Add', NULL, NULL, NULL, NULL, NULL, NULL),
(2403, 'flight_num', 'Flight Number', NULL, NULL, NULL, NULL, NULL, NULL),
(2404, 'airlience_name', 'Airlience Name', NULL, NULL, NULL, NULL, NULL, NULL),
(2405, 'departure', 'Departure', NULL, NULL, NULL, NULL, NULL, NULL),
(2406, 'arrival', 'Arrival', NULL, NULL, NULL, NULL, NULL, NULL),
(2407, 'fly_from', 'Fly From', NULL, NULL, NULL, NULL, NULL, NULL),
(2408, 'fly_to', 'Fly To', NULL, NULL, NULL, NULL, NULL, NULL),
(2409, 'fl_details_update', 'Flight Details Update', NULL, NULL, NULL, NULL, NULL, NULL),
(2410, 'vehicle_details_list', 'Vehicle Details List', NULL, NULL, NULL, NULL, NULL, NULL),
(2411, 'vehicle_details_add', 'Vehicle Details Add', NULL, NULL, NULL, NULL, NULL, NULL),
(2412, 'vehicle_details_edit', 'Vehicle Details Update', NULL, NULL, NULL, NULL, NULL, NULL),
(2413, 'vehicle_number', 'Vehicle Number', NULL, NULL, NULL, NULL, NULL, NULL),
(2414, 'vehicle_type', 'Vehicle Type', NULL, NULL, NULL, NULL, NULL, NULL),
(2415, 'fuel_type', 'Fuel Type', NULL, NULL, NULL, NULL, NULL, NULL),
(2416, 'seat_capacity', 'Seat Capacity', NULL, NULL, NULL, NULL, NULL, NULL),
(2417, 'driver', 'Driver', NULL, NULL, NULL, NULL, NULL, NULL),
(2418, 'vehicle_booking_report', 'Vehicle Booking Report', NULL, NULL, NULL, NULL, NULL, NULL),
(2419, 'vehicle_booking_list', 'Vehicle Booking List', NULL, NULL, NULL, NULL, NULL, NULL),
(2420, 'vehicle_booking_add', 'Vehicle Booking Add', NULL, NULL, NULL, NULL, NULL, NULL),
(2421, 'vehicle_booking_edit', 'Vehicle Booking Update', NULL, NULL, NULL, NULL, NULL, NULL),
(2422, 'transportation_type', 'Transportation Type', NULL, NULL, NULL, NULL, NULL, NULL),
(2423, 'assigned_driver', 'Assigned Driver', NULL, NULL, NULL, NULL, NULL, NULL),
(2424, 'pick_up', 'Pick Up', NULL, NULL, NULL, NULL, NULL, NULL),
(2425, 'drop_off', 'Drop Off', NULL, NULL, NULL, NULL, NULL, NULL),
(2426, 'transportation_time', 'Transportation Time', NULL, NULL, NULL, NULL, NULL, NULL),
(2427, 'facebooklogin', 'Facebook Login', NULL, NULL, NULL, NULL, NULL, NULL),
(2428, 'facebook_app', 'Facebook Settings', NULL, NULL, NULL, NULL, NULL, NULL),
(2429, 'api_key', 'Api Key', NULL, NULL, NULL, NULL, NULL, NULL),
(2430, 'fsecret_key', 'Secret Key', NULL, NULL, NULL, NULL, NULL, NULL),
(2431, 'facebook_api', 'Facebook Api', NULL, NULL, NULL, NULL, NULL, NULL),
(2432, 'facebook_login', 'Facebook Login', NULL, NULL, NULL, NULL, NULL, NULL);

-- --------------------------------------------------------

--
-- Table structure for table `leave_apply`
--

CREATE TABLE `leave_apply` (
  `leave_appl_id` int(11) NOT NULL,
  `employee_id` varchar(20) NOT NULL,
  `leave_type_id` int(2) NOT NULL,
  `apply_strt_date` varchar(20) NOT NULL,
  `apply_end_date` varchar(20) NOT NULL,
  `apply_day` int(11) NOT NULL,
  `leave_aprv_strt_date` varchar(20) NOT NULL,
  `leave_aprv_end_date` varchar(20) NOT NULL,
  `num_aprv_day` varchar(15) NOT NULL,
  `reason` varchar(100) NOT NULL,
  `apply_hard_copy` text DEFAULT NULL,
  `apply_date` varchar(20) NOT NULL,
  `approve_date` varchar(20) NOT NULL,
  `approved_by` varchar(30) NOT NULL,
  `leave_type` varchar(50) NOT NULL
) ENGINE=InnoDB DEFAULT CHARSET=latin1 COLLATE=latin1_swedish_ci;

-- --------------------------------------------------------

--
-- Table structure for table `leave_type`
--

CREATE TABLE `leave_type` (
  `leave_type_id` int(2) NOT NULL,
  `leave_type` varchar(50) NOT NULL,
  `leave_days` int(2) NOT NULL
) ENGINE=InnoDB DEFAULT CHARSET=latin1 COLLATE=latin1_swedish_ci;

--
-- Dumping data for table `leave_type`
--

INSERT INTO `leave_type` (`leave_type_id`, `leave_type`, `leave_days`) VALUES
(3, 'Paid Leave', 10),
(4, 'Paternity Leave', 45),
(5, 'Medical Leave', 7),
(6, 'Unpaid Leave', 5);

-- --------------------------------------------------------

--
-- Table structure for table `loan_installment`
--

CREATE TABLE `loan_installment` (
  `loan_inst_id` int(11) NOT NULL,
  `employee_id` varchar(21) CHARACTER SET latin1 COLLATE latin1_swedish_ci NOT NULL,
  `loan_id` varchar(21) CHARACTER SET latin1 COLLATE latin1_swedish_ci NOT NULL,
  `installment_amount` varchar(20) CHARACTER SET latin1 COLLATE latin1_swedish_ci NOT NULL,
  `payment` varchar(20) CHARACTER SET latin1 COLLATE latin1_swedish_ci NOT NULL,
  `date` varchar(20) CHARACTER SET latin1 COLLATE latin1_swedish_ci NOT NULL,
  `received_by` varchar(20) CHARACTER SET latin1 COLLATE latin1_swedish_ci NOT NULL,
  `installment_no` varchar(20) CHARACTER SET latin1 COLLATE latin1_swedish_ci NOT NULL DEFAULT '1',
  `notes` varchar(80) CHARACTER SET latin1 COLLATE latin1_swedish_ci NOT NULL
) ENGINE=InnoDB DEFAULT CHARSET=utf8 COLLATE=utf8_general_ci;

-- --------------------------------------------------------

--
-- Table structure for table `marital_info`
--

CREATE TABLE `marital_info` (
  `id` int(11) NOT NULL,
  `marital_sta` varchar(30) NOT NULL
) ENGINE=InnoDB DEFAULT CHARSET=latin1 COLLATE=latin1_swedish_ci;

-- --------------------------------------------------------

--
-- Table structure for table `membership`
--

CREATE TABLE `membership` (
  `id` int(11) NOT NULL,
  `membership_name` varchar(250) NOT NULL,
  `discount` float NOT NULL,
  `other_facilities` varchar(255) NOT NULL,
  `create_by` int(11) NOT NULL,
  `create_date` date NOT NULL,
  `update_by` int(11) NOT NULL,
  `update_date` date NOT NULL,
  `startpoint` int(11) NOT NULL,
  `endpoint` int(11) NOT NULL
) ENGINE=InnoDB DEFAULT CHARSET=utf8 COLLATE=utf8_unicode_ci;

-- --------------------------------------------------------

--
-- Table structure for table `menu_add_on`
--

CREATE TABLE `menu_add_on` (
  `row_id` bigint(20) NOT NULL,
  `menu_id` int(11) NOT NULL,
  `add_on_id` int(11) NOT NULL,
  `is_active` tinyint(4) NOT NULL
) ENGINE=InnoDB DEFAULT CHARSET=utf8 COLLATE=utf8_unicode_ci;

-- --------------------------------------------------------

--
-- Table structure for table `message`
--

CREATE TABLE `message` (
  `id` int(11) NOT NULL,
  `sender_id` int(11) NOT NULL,
  `receiver_id` int(11) NOT NULL,
  `subject` varchar(255) NOT NULL,
  `message` text NOT NULL,
  `datetime` datetime NOT NULL,
  `sender_status` tinyint(1) NOT NULL DEFAULT 0 COMMENT '0=unseen, 1=seen, 2=delete',
  `receiver_status` tinyint(1) NOT NULL DEFAULT 0 COMMENT '0=unseen, 1=seen, 2=delete'
) ENGINE=InnoDB DEFAULT CHARSET=utf8 COLLATE=utf8_general_ci;

-- --------------------------------------------------------

--
-- Table structure for table `module`
--

CREATE TABLE `module` (
  `id` int(11) NOT NULL,
  `name` varchar(50) NOT NULL,
  `description` text DEFAULT NULL,
  `image` varchar(255) NOT NULL,
  `directory` varchar(100) NOT NULL,
  `status` tinyint(1) NOT NULL DEFAULT 1
) ENGINE=InnoDB DEFAULT CHARSET=utf8 COLLATE=utf8_general_ci;

--
-- Dumping data for table `module`
--

INSERT INTO `module` (`id`, `name`, `description`, `image`, `directory`, `status`) VALUES
(6, 'House Keeping', 'House keeping module provides room service, laundry service and it also has house keeping android app for managing room cleanig with QR code ', 'application/modules/house_keeping/assets/images/thumbnail.jpg', 'house_keeping', 1),
(7, 'Duty Roster', 'Manage your hotel employee\'s shift time which are assigned in different position and different time and get employee list which are assigned in current roster', 'application/modules/duty_roster/assets/images/thumbnail.jpg', 'duty_roster', 1),
(8, 'Restaurent Module', 'This is a POS system. Using this module you can manage a restaurent and order food for In house customer, outside customer and old customer.', 'application/modules/ordermanage/assets/images/thumbnail.jpg', 'ordermanage', 1),
(9, 'Day Closing', 'Close specific users cash based on their counter', 'application/modules/day_closing/assets/images/thumbnail.jpg', 'day_closing', 1),
(10, 'Pool Booking', 'Manage your hotel swimming pool by Pool Booking System for in house and outside cusatomer and also for old customer.', 'application/modules/pool_booking/assets/images/thumbnail.jpg', 'pool_booking', 1),
(11, 'Transport Facility', 'Pick up and drop off Customer From airport To hotel or hotel to airport based on customer openion.', 'application/modules/transport_facility/assets/images/thumbnail.jpg', 'transport_facility', 1),
(12, 'Facebook login customer', 'Facebook login customer', 'application/modules/facebook_app/assets/images/thumbnail.jpg', 'facebook_app', 1);

-- --------------------------------------------------------

--
-- Table structure for table `module_permission`
--

CREATE TABLE `module_permission` (
  `id` int(11) NOT NULL,
  `fk_module_id` int(11) NOT NULL,
  `fk_user_id` int(11) NOT NULL,
  `create` tinyint(1) DEFAULT NULL,
  `read` tinyint(1) DEFAULT NULL,
  `update` tinyint(1) DEFAULT NULL,
  `delete` tinyint(1) DEFAULT NULL
) ENGINE=InnoDB DEFAULT CHARSET=utf8 COLLATE=utf8_general_ci;

-- --------------------------------------------------------

--
-- Table structure for table `multipay_bill`
--

CREATE TABLE `multipay_bill` (
  `multipay_id` int(11) NOT NULL,
  `order_id` int(11) NOT NULL,
  `multipayid` varchar(30) DEFAULT NULL,
  `payment_type_id` int(11) NOT NULL,
  `payment_acc_number` varchar(100) DEFAULT NULL,
  `amount` float NOT NULL
) ENGINE=InnoDB DEFAULT CHARSET=utf8mb4 COLLATE=utf8mb4_general_ci;

-- --------------------------------------------------------

--
-- Table structure for table `notice_board`
--

CREATE TABLE `notice_board` (
  `notice_id` int(11) NOT NULL,
  `notice_descriptiion` text NOT NULL,
  `notice_date` date NOT NULL,
  `notice_type` varchar(50) NOT NULL,
  `notice_by` varchar(50) NOT NULL,
  `notice_attachment` text DEFAULT NULL
) ENGINE=InnoDB DEFAULT CHARSET=latin1 COLLATE=latin1_swedish_ci;

-- --------------------------------------------------------

--
-- Table structure for table `order_menu`
--

CREATE TABLE `order_menu` (
  `row_id` bigint(20) NOT NULL,
  `order_id` bigint(20) NOT NULL,
  `menu_id` int(11) NOT NULL,
  `price` decimal(19,3) DEFAULT 0.000,
  `groupmid` int(11) DEFAULT 0,
  `notes` varchar(255) DEFAULT NULL,
  `menuqty` float NOT NULL,
  `add_on_id` varchar(100) NOT NULL,
  `addonsqty` varchar(100) NOT NULL,
  `varientid` int(11) NOT NULL,
  `groupvarient` int(11) DEFAULT NULL,
  `addonsuid` int(11) DEFAULT NULL,
  `qroupqty` int(11) DEFAULT NULL,
  `isgroup` int(11) DEFAULT 0,
  `food_status` int(11) DEFAULT 0,
  `allfoodready` int(11) DEFAULT NULL,
  `isupdate` int(11) DEFAULT NULL
) ENGINE=InnoDB DEFAULT CHARSET=utf8 COLLATE=utf8_unicode_ci;

-- --------------------------------------------------------

--
-- Table structure for table `page_title`
--

CREATE TABLE `page_title` (
  `pageid` int(11) NOT NULL,
  `home` text NOT NULL,
  `aboutus` text NOT NULL,
  `contactus` text NOT NULL,
  `gallery` text NOT NULL,
  `roomlist` text NOT NULL,
  `roomdetails` text NOT NULL
) ENGINE=InnoDB DEFAULT CHARSET=utf8 COLLATE=utf8_general_ci;

--
-- Dumping data for table `page_title`
--

INSERT INTO `page_title` (`pageid`, `home`, `aboutus`, `contactus`, `gallery`, `roomlist`, `roomdetails`) VALUES
(1, 'Welcome to The NMSC Hotel', 'About The NMSC Hotel', 'Contact Us', 'Our Gallery', 'All Rooms', 'All Rooms');

-- --------------------------------------------------------

--
-- Table structure for table `payment_method`
--

CREATE TABLE `payment_method` (
  `payment_method_id` tinyint(4) NOT NULL,
  `payment_method` varchar(100) NOT NULL,
  `is_active` tinyint(1) NOT NULL
) ENGINE=InnoDB DEFAULT CHARSET=utf8 COLLATE=utf8_unicode_ci;

--
-- Dumping data for table `payment_method`
--

INSERT INTO `payment_method` (`payment_method_id`, `payment_method`, `is_active`) VALUES
(1, 'Card Payment', 0),
(3, 'Paypal', 1),
(4, 'Cash Payment', 0),
(5, 'SSLCommerz', 1),
(6, 'Bank Payment', 0);

-- --------------------------------------------------------

--
-- Table structure for table `payroll_holiday`
--

CREATE TABLE `payroll_holiday` (
  `payrl_holi_id` int(11) UNSIGNED NOT NULL,
  `holiday_name` varchar(30) CHARACTER SET latin1 COLLATE latin1_swedish_ci NOT NULL,
  `start_date` varchar(30) CHARACTER SET latin1 COLLATE latin1_swedish_ci NOT NULL,
  `end_date` varchar(30) CHARACTER SET latin1 COLLATE latin1_swedish_ci NOT NULL,
  `no_of_days` varchar(30) CHARACTER SET latin1 COLLATE latin1_swedish_ci NOT NULL,
  `created_by` varchar(30) CHARACTER SET latin1 COLLATE latin1_swedish_ci NOT NULL,
  `updated_by` varchar(30) CHARACTER SET latin1 COLLATE latin1_swedish_ci NOT NULL
) ENGINE=InnoDB DEFAULT CHARSET=utf8 COLLATE=utf8_general_ci;

--
-- Dumping data for table `payroll_holiday`
--

INSERT INTO `payroll_holiday` (`payrl_holi_id`, `holiday_name`, `start_date`, `end_date`, `no_of_days`, `created_by`, `updated_by`) VALUES
(4, 'Dussehra', '2021-09-15', '', '1', '', ''),
(5, 'Vijayadashami', '2021-10-15', '2021-10-15', '1', '', '');

-- --------------------------------------------------------

--
-- Table structure for table `payroll_tax_setup`
--

CREATE TABLE `payroll_tax_setup` (
  `tax_setup_id` int(11) UNSIGNED NOT NULL,
  `start_amount` varchar(30) CHARACTER SET latin1 COLLATE latin1_swedish_ci NOT NULL,
  `end_amount` varchar(30) CHARACTER SET latin1 COLLATE latin1_swedish_ci NOT NULL,
  `rate` varchar(30) CHARACTER SET latin1 COLLATE latin1_swedish_ci NOT NULL,
  `status` varchar(30) CHARACTER SET latin1 COLLATE latin1_swedish_ci NOT NULL
) ENGINE=InnoDB DEFAULT CHARSET=utf8 COLLATE=utf8_general_ci;

-- --------------------------------------------------------

--
-- Table structure for table `pay_frequency`
--

CREATE TABLE `pay_frequency` (
  `id` int(11) NOT NULL,
  `frequency_name` varchar(30) NOT NULL
) ENGINE=InnoDB DEFAULT CHARSET=latin1 COLLATE=latin1_swedish_ci;

-- --------------------------------------------------------

--
-- Table structure for table `position`
--

CREATE TABLE `position` (
  `pos_id` int(10) UNSIGNED NOT NULL,
  `position_name` varchar(255) CHARACTER SET latin1 COLLATE latin1_swedish_ci NOT NULL,
  `position_details` varchar(255) CHARACTER SET latin1 COLLATE latin1_swedish_ci NOT NULL
) ENGINE=InnoDB DEFAULT CHARSET=utf8 COLLATE=utf8_general_ci;

--
-- Dumping data for table `position`
--

INSERT INTO `position` (`pos_id`, `position_name`, `position_details`) VALUES
(1, 'Chef', 'Responsible for the pastry shop in a foodservice establishment. Ensures that the products produced in the pastry shop meet the quality standards in conjunction with the executive chef.'),
(2, 'HRM', 'Recruits and hires qualified employees, creates in-house job-training programs, and assists employees with their career needs.'),
(3, 'Kitchen manager', 'Supervises and coordinates activities concerning all back-of-the-house operations and personnel, including food preparation, kitchen and storeroom areas.'),
(6, 'House Keeper', 'House keepers are worked as room cleaner and laundry iteam carrier for the hotel'),
(7, 'Accounts', 'Play a key role in every restaurant. '),
(9, 'Waiter', 'Restaurant Waiter'),
(13, 'Hotel Manager', 'Manage Hotel'),
(14, 'Shift Manager', 'Manage Working Shift'),
(17, 'Driver', 'Drive a Specific Vehicle for Pic up & Drop off Customer');

-- --------------------------------------------------------

--
-- Table structure for table `products`
--

CREATE TABLE `products` (
  `id` int(11) NOT NULL,
  `product_name` varchar(250) NOT NULL,
  `category_id` int(11) NOT NULL DEFAULT 1,
  `uom_id` int(11) NOT NULL,
  `stock` int(100) DEFAULT 0,
  `used` int(100) DEFAULT 0,
  `destroyed` int(11) NOT NULL DEFAULT 0,
  `reuseable` int(3) NOT NULL DEFAULT 0 COMMENT '0=No,1=Yes',
  `is_active` tinyint(4) NOT NULL
) ENGINE=InnoDB DEFAULT CHARSET=utf8 COLLATE=utf8_unicode_ci;

-- --------------------------------------------------------

--
-- Table structure for table `promocode`
--

CREATE TABLE `promocode` (
  `promocodeid` int(11) NOT NULL,
  `roomid` int(11) NOT NULL,
  `startdate` date NOT NULL,
  `enddate` date NOT NULL,
  `promocode` text NOT NULL,
  `discount` int(11) NOT NULL,
  `status` int(11) NOT NULL
) ENGINE=MyISAM DEFAULT CHARSET=latin1 COLLATE=latin1_general_ci;

-- --------------------------------------------------------

--
-- Table structure for table `purchaseitem`
--

CREATE TABLE `purchaseitem` (
  `purID` int(11) NOT NULL,
  `invoiceid` varchar(50) DEFAULT NULL,
  `suplierID` int(11) NOT NULL,
  `total_price` decimal(10,2) NOT NULL DEFAULT 0.00,
  `details` text DEFAULT NULL,
  `purchasedate` date NOT NULL,
  `purchaseexpiredate` date NOT NULL,
  `savedby` int(11) NOT NULL,
  `status` varchar(3) DEFAULT '0' COMMENT '0=unpaid,1=paid'
) ENGINE=InnoDB DEFAULT CHARSET=utf8 COLLATE=utf8_general_ci;

-- --------------------------------------------------------

--
-- Table structure for table `purchase_details`
--

CREATE TABLE `purchase_details` (
  `detailsid` int(11) NOT NULL,
  `purchaseid` int(11) NOT NULL,
  `proid` int(11) NOT NULL,
  `quantity` decimal(10,2) NOT NULL DEFAULT 0.00,
  `unitname` varchar(80) NOT NULL,
  `price` decimal(10,2) NOT NULL DEFAULT 0.00,
  `totalprice` decimal(10,2) NOT NULL DEFAULT 0.00,
  `purchaseby` int(11) NOT NULL,
  `purchasedate` date NOT NULL,
  `purchaseexpiredate` date DEFAULT NULL
) ENGINE=InnoDB DEFAULT CHARSET=utf8 COLLATE=utf8_general_ci;

-- --------------------------------------------------------

--
-- Table structure for table `purchase_return`
--

CREATE TABLE `purchase_return` (
  `preturn_id` int(11) NOT NULL,
  `supplier_id` int(11) NOT NULL,
  `po_no` varchar(120) NOT NULL,
  `return_date` date NOT NULL,
  `totalamount` float NOT NULL,
  `totaldiscount` float NOT NULL,
  `return_reason` varchar(250) NOT NULL,
  `createby` int(11) NOT NULL,
  `createdate` datetime NOT NULL,
  `updateby` int(11) NOT NULL,
  `updatedate` datetime NOT NULL
) ENGINE=InnoDB DEFAULT CHARSET=utf8 COLLATE=utf8_unicode_ci;

-- --------------------------------------------------------

--
-- Table structure for table `purchase_return_details`
--

CREATE TABLE `purchase_return_details` (
  `preturn_id` int(11) NOT NULL,
  `product_id` bigint(20) NOT NULL,
  `qty` int(11) NOT NULL,
  `product_rate` float NOT NULL,
  `store_id` int(11) NOT NULL,
  `discount` float DEFAULT NULL
) ENGINE=InnoDB DEFAULT CHARSET=utf8 COLLATE=utf8_unicode_ci;

-- --------------------------------------------------------

--
-- Table structure for table `rate_type`
--

CREATE TABLE `rate_type` (
  `id` int(11) NOT NULL,
  `r_type_name` varchar(30) NOT NULL
) ENGINE=InnoDB DEFAULT CHARSET=latin1 COLLATE=latin1_swedish_ci;

-- --------------------------------------------------------

--
-- Table structure for table `rest_table`
--

CREATE TABLE `rest_table` (
  `tableid` int(11) NOT NULL,
  `tablename` varchar(50) NOT NULL,
  `person_capicity` int(11) NOT NULL,
  `table_icon` varchar(255) NOT NULL,
  `floor` int(11) DEFAULT 0,
  `status` int(11) NOT NULL DEFAULT 0 COMMENT '1=booked,0=free'
) ENGINE=InnoDB DEFAULT CHARSET=utf8 COLLATE=utf8_general_ci;

-- --------------------------------------------------------

--
-- Table structure for table `roomdetails`
--

CREATE TABLE `roomdetails` (
  `roomid` int(11) NOT NULL,
  `roomtype` varchar(255) NOT NULL,
  `roomsize` int(11) NOT NULL,
  `roomsizemesurement` varchar(255) NOT NULL,
  `roomactive` int(11) NOT NULL,
  `bedsno` int(11) NOT NULL,
  `bedstype` int(255) NOT NULL,
  `number_of_star` int(10) DEFAULT 4,
  `roomdescription` varchar(255) NOT NULL,
  `reservecondition` text DEFAULT NULL,
  `roomstatus` int(11) NOT NULL DEFAULT 0,
  `capacity` int(11) NOT NULL,
  `exbedcapability` int(11) NOT NULL DEFAULT 1,
  `child_limit` int(11) DEFAULT 0,
  `rate` decimal(10,2) NOT NULL DEFAULT 0.00,
  `bedcharge` decimal(10,0) NOT NULL,
  `personcharge` decimal(10,0) NOT NULL
) ENGINE=MyISAM DEFAULT CHARSET=latin1 COLLATE=latin1_general_ci;

--
-- Dumping data for table `roomdetails`
--

INSERT INTO `roomdetails` (`roomid`, `roomtype`, `roomsize`, `roomsizemesurement`, `roomactive`, `bedsno`, `bedstype`, `number_of_star`, `roomdescription`, `reservecondition`, `roomstatus`, `capacity`, `exbedcapability`, `child_limit`, `rate`, `bedcharge`, `personcharge`) VALUES
(9, 'Standard Room', 2, '10', 1, 1, 15, 5, 'This room is good for two.', 'This room is good for two.', 0, 2, 0, NULL, 999.00, 0, 0);

-- --------------------------------------------------------

--
-- Table structure for table `roomfacilitydetails`
--

CREATE TABLE `roomfacilitydetails` (
  `facilityid` int(11) NOT NULL,
  `facilitytypeid` int(11) NOT NULL,
  `facilitytitle` varchar(255) NOT NULL,
  `image` varchar(100) DEFAULT NULL
) ENGINE=MyISAM DEFAULT CHARSET=latin1 COLLATE=latin1_general_ci;

-- --------------------------------------------------------

--
-- Table structure for table `roomfacilitytype`
--

CREATE TABLE `roomfacilitytype` (
  `facilitytypeid` int(11) NOT NULL,
  `facilitytypetitle` varchar(255) NOT NULL
) ENGINE=MyISAM DEFAULT CHARSET=latin1 COLLATE=latin1_general_ci;

-- --------------------------------------------------------

--
-- Table structure for table `roomfaility_ref_accomodation`
--

CREATE TABLE `roomfaility_ref_accomodation` (
  `accomodationid` int(11) NOT NULL,
  `facilititypeid` int(11) NOT NULL,
  `facilityid` int(11) NOT NULL,
  `room_id` int(11) NOT NULL
) ENGINE=MyISAM DEFAULT CHARSET=latin1 COLLATE=latin1_general_ci;

-- --------------------------------------------------------

--
-- Table structure for table `roomsizemesurement`
--

CREATE TABLE `roomsizemesurement` (
  `mesurementid` int(11) NOT NULL,
  `roommesurementitle` varchar(255) NOT NULL
) ENGINE=MyISAM DEFAULT CHARSET=latin1 COLLATE=latin1_general_ci;

--
-- Dumping data for table `roomsizemesurement`
--

INSERT INTO `roomsizemesurement` (`mesurementid`, `roommesurementitle`) VALUES
(10, 'Double'),
(11, 'Triple'),
(12, 'Quad'),
(13, 'Queen'),
(14, 'King'),
(15, 'Twin'),
(16, 'Double-Double'),
(17, 'Executive Suite');

-- --------------------------------------------------------

--
-- Table structure for table `room_image`
--

CREATE TABLE `room_image` (
  `room_img_id` int(11) NOT NULL,
  `room_id` int(11) NOT NULL,
  `room_imagename` varchar(255) NOT NULL
) ENGINE=MyISAM DEFAULT CHARSET=latin1 COLLATE=latin1_general_ci;

-- --------------------------------------------------------

--
-- Table structure for table `salary_setup_header`
--

CREATE TABLE `salary_setup_header` (
  `s_s_h_id` int(11) UNSIGNED NOT NULL,
  `employee_id` varchar(30) CHARACTER SET latin1 COLLATE latin1_swedish_ci NOT NULL,
  `salary_payable` varchar(30) CHARACTER SET latin1 COLLATE latin1_swedish_ci DEFAULT NULL,
  `absent_deduct` varchar(30) CHARACTER SET latin1 COLLATE latin1_swedish_ci NOT NULL,
  `tax_manager` varchar(30) CHARACTER SET latin1 COLLATE latin1_swedish_ci NOT NULL,
  `status` varchar(30) CHARACTER SET latin1 COLLATE latin1_swedish_ci NOT NULL
) ENGINE=InnoDB DEFAULT CHARSET=utf8 COLLATE=utf8_general_ci;

-- --------------------------------------------------------

--
-- Table structure for table `salary_sheet_generate`
--

CREATE TABLE `salary_sheet_generate` (
  `ssg_id` int(11) UNSIGNED NOT NULL,
  `employee_id` varchar(20) NOT NULL,
  `name` varchar(30) CHARACTER SET latin1 COLLATE latin1_swedish_ci NOT NULL,
  `gdate` varchar(20) DEFAULT NULL,
  `start_date` varchar(30) CHARACTER SET latin1 COLLATE latin1_swedish_ci NOT NULL,
  `end_date` varchar(30) CHARACTER SET latin1 COLLATE latin1_swedish_ci NOT NULL,
  `generate_by` varchar(30) CHARACTER SET latin1 COLLATE latin1_swedish_ci NOT NULL
) ENGINE=InnoDB DEFAULT CHARSET=utf8 COLLATE=utf8_general_ci;

-- --------------------------------------------------------

--
-- Table structure for table `salary_type`
--

CREATE TABLE `salary_type` (
  `salary_type_id` int(10) UNSIGNED NOT NULL,
  `sal_name` varchar(50) CHARACTER SET latin1 COLLATE latin1_swedish_ci NOT NULL,
  `emp_sal_type` varchar(50) CHARACTER SET latin1 COLLATE latin1_swedish_ci NOT NULL,
  `default_amount` varchar(30) NOT NULL,
  `status` varchar(50) NOT NULL
) ENGINE=InnoDB DEFAULT CHARSET=utf8 COLLATE=utf8_general_ci;

-- --------------------------------------------------------

--
-- Table structure for table `sampledata`
--

CREATE TABLE `sampledata` (
  `brand` varchar(30) NOT NULL,
  `dealer_name` varchar(30) NOT NULL,
  `authorized` varchar(30) NOT NULL,
  `address` varchar(30) NOT NULL,
  `contact_no` varchar(30) NOT NULL,
  `mobile_no` varchar(30) NOT NULL,
  `fax` varchar(30) NOT NULL,
  `email_id` varchar(30) NOT NULL,
  `website_addr` varchar(30) NOT NULL,
  `state` varchar(30) NOT NULL,
  `city` varchar(30) NOT NULL
) ENGINE=InnoDB DEFAULT CHARSET=latin1 COLLATE=latin1_swedish_ci;

-- --------------------------------------------------------

--
-- Table structure for table `schdule_purchse_info`
--

CREATE TABLE `schdule_purchse_info` (
  `id` int(11) NOT NULL,
  `purchase_key` varchar(100) DEFAULT NULL,
  `domain` varchar(200) DEFAULT NULL,
  `ip_address` varchar(100) DEFAULT NULL,
  `port` varchar(11) DEFAULT NULL,
  `created_at` datetime NOT NULL DEFAULT current_timestamp()
) ENGINE=InnoDB DEFAULT CHARSET=utf8mb4 COLLATE=utf8mb4_general_ci;

-- --------------------------------------------------------

--
-- Table structure for table `sec_menu_item`
--

CREATE TABLE `sec_menu_item` (
  `menu_id` int(11) NOT NULL,
  `menu_title` varchar(200) DEFAULT NULL,
  `page_url` varchar(250) DEFAULT NULL,
  `module` varchar(200) DEFAULT NULL,
  `parent_menu` int(11) DEFAULT NULL,
  `is_report` tinyint(1) DEFAULT NULL,
  `createby` int(11) NOT NULL,
  `createdate` datetime NOT NULL
) ENGINE=InnoDB DEFAULT CHARSET=utf8 COLLATE=utf8_unicode_ci;

--
-- Dumping data for table `sec_menu_item`
--

INSERT INTO `sec_menu_item` (`menu_id`, `menu_title`, `page_url`, `module`, `parent_menu`, `is_report`, `createby`, `createdate`) VALUES
(1, 'c_o_a', 'treeview', 'accounts', 0, 0, 1, '2019-06-12 00:00:00'),
(2, 'debit_voucher', 'debit_voucher', 'accounts', 0, 0, 1, '2019-06-12 00:00:00'),
(3, 'credit_voucher', 'credit_voucher', 'accounts', 0, 0, 1, '2019-06-12 00:00:00'),
(4, 'contra_voucher', 'contra_voucher', 'accounts', 0, 0, 1, '2019-06-12 00:00:00'),
(5, 'journal_voucher', 'journal_voucher', 'accounts', 0, 0, 1, '2019-06-12 00:00:00'),
(6, 'voucher_approval', 'voucher_approval', 'accounts', 0, 0, 1, '2019-06-12 00:00:00'),
(7, 'account_report', '', 'accounts', 0, 0, 1, '2019-06-12 00:00:00'),
(8, 'voucher_report', 'coa', 'accounts', 7, 0, 1, '2019-06-12 00:00:00'),
(9, 'cash_book', 'cash_book', 'accounts', 7, 0, 1, '2019-06-12 00:00:00'),
(10, 'bank_book', 'bank_book', 'accounts', 7, 0, 1, '2019-06-16 00:00:00'),
(11, 'general_ledger', 'general_ledger', 'accounts', 7, 0, 1, '2019-06-16 00:00:00'),
(12, 'trial_balance', 'trial_balance', 'accounts', 7, 0, 1, '2019-06-16 00:00:00'),
(13, 'profit_loss', 'profit_loss_report', 'accounts', 7, 0, 1, '2019-06-16 00:00:00'),
(14, 'cash_flow', 'cash_flow_report', 'accounts', 7, 0, 1, '2019-06-16 00:00:00'),
(15, 'coa_print', 'coa_print', 'accounts', 7, 0, 1, '2019-06-16 00:00:00'),
(16, 'hrm', '', 'hrm', 0, 0, 1, '2019-06-16 00:00:00'),
(17, 'attendance', 'Home', 'hrm', 0, 0, 1, '2019-06-16 00:00:00'),
(18, 'atn_form', 'atnview', 'hrm', 17, 0, 1, '2019-06-16 00:00:00'),
(19, 'atn_report', 'attendance_list', 'hrm', 17, 0, 1, '2019-06-16 00:00:00'),
(20, 'award', 'Award_controller', 'hrm', 0, 0, 1, '2019-06-16 00:00:00'),
(21, 'new_award', 'create_award', 'hrm', 20, 0, 1, '2019-06-16 00:00:00'),
(22, 'circularprocess', 'Candidate', 'hrm', 0, 0, 1, '2019-06-16 00:00:00'),
(23, 'add_canbasic_info', 'caninfo_create', 'hrm', 22, 0, 1, '2019-06-16 00:00:00'),
(24, 'can_basicinfo_list', 'canInfoview', 'hrm', 22, 0, 1, '2019-06-16 00:00:00'),
(25, 'candidate_basic_info', 'Candidate_select', 'hrm', 0, 0, 1, '2019-06-16 00:00:00'),
(26, 'candidate_shortlist', 'shortlist_form', 'hrm', 25, 0, 1, '2019-06-16 00:00:00'),
(27, 'candidate_interview', 'interview_form', 'hrm', 25, 0, 1, '2019-06-16 00:00:00'),
(28, 'candidate_selection', 'selection_form', 'hrm', 25, 0, 1, '2019-06-16 00:00:00'),
(29, 'department', 'Department_controller', 'hrm', 0, 0, 1, '2019-06-16 00:00:00'),
(30, 'departmentfrm', 'create_dept', 'hrm', 29, 0, 1, '2019-06-16 00:00:00'),
(31, 'division', 'Division_controller', 'hrm', 0, 0, 1, '2019-06-16 00:00:00'),
(32, 'add_division', 'division_form', 'hrm', 31, 0, 1, '2019-06-16 00:00:00'),
(33, 'division_list', '', 'hrm', 0, 0, 1, '2019-06-16 00:00:00'),
(34, 'position', 'position_form', 'hrm', 0, 0, 1, '2019-06-16 00:00:00'),
(35, 'employee', '', 'hrm', 0, 0, 1, '2019-06-16 00:00:00'),
(36, 'add_employee', 'employ_form', 'hrm', 35, 0, 1, '2019-06-16 00:00:00'),
(37, 'manage_employee', 'employee_view', 'hrm', 35, 0, 1, '2019-06-16 00:00:00'),
(38, 'emp_performance', 'emp_performance_form', 'hrm', 35, 0, 1, '2019-06-16 00:00:00'),
(39, 'emp_sal_payment', 'paymentview', 'hrm', 35, 0, 1, '2019-06-16 00:00:00'),
(40, 'leave', 'leave', 'hrm', 0, 0, 1, '2019-06-16 00:00:00'),
(41, 'weekly_holiday', 'weeklyform', 'hrm', 40, 0, 1, '2019-06-16 00:00:00'),
(42, 'holiday', 'holiday_form', 'hrm', 40, 0, 1, '2019-06-16 00:00:00'),
(43, 'others_leave_application', 'others_leave', 'hrm', 40, 0, 1, '2019-06-16 00:00:00'),
(44, 'add_leave_type', 'leave_type_form', 'hrm', 40, 0, 1, '2019-06-16 00:00:00'),
(45, 'leave_application', 'others_leave', 'hrm', 40, 0, 1, '2019-06-16 00:00:00'),
(46, 'loan', 'loan', 'hrm', 0, 0, 1, '2019-06-16 00:00:00'),
(47, 'loan_grand', 'create_grandloan', 'hrm', 46, 0, 1, '2019-06-16 00:00:00'),
(48, 'loan_installment', 'create_installment', 'hrm', 46, 0, 1, '2019-06-16 00:00:00'),
(49, 'manage_installment', 'installmentView', 'hrm', 46, 0, 1, '2019-06-16 00:00:00'),
(50, 'manage_granted_loan', 'loan_view', 'hrm', 46, 0, 1, '2019-06-16 00:00:00'),
(51, 'loan_report', 'loan_report', 'hrm', 46, 0, 1, '2019-06-16 00:00:00'),
(52, 'payroll', 'payroll', 'hrm', 0, 0, 1, '2019-06-16 00:00:00'),
(53, 'salary_type_setup', 'create_salary_setup', 'hrm', 52, 0, 1, '2019-06-16 00:00:00'),
(54, 'manage_salary_setup', 'emp_salary_setup_view', 'hrm', 52, 0, 1, '2019-06-16 00:00:00'),
(55, 'salary_setup', 'create_s_setup', 'hrm', 52, 0, 1, '2019-06-16 00:00:00'),
(56, 'manage_salary_type', 'salary_setup_view', 'hrm', 52, 0, 1, '2019-06-16 00:00:00'),
(57, 'salary_generate', 'create_salary_generate', 'hrm', 52, 0, 1, '2019-06-16 00:00:00'),
(58, 'manage_salary_generate', 'salary_generate_view', 'hrm', 52, 0, 1, '2019-06-16 00:00:00'),
(59, 'purchase_item', 'index', 'purchase', 0, 0, 1, '2019-06-16 00:00:00'),
(60, 'purchase_add', 'create', 'purchase', 59, 0, 1, '2019-06-16 00:00:00'),
(61, 'purchase_return', 'return_form', 'purchase', 59, 0, 1, '2019-06-16 00:00:00'),
(62, 'return_invoice', 'return_invoice', 'purchase', 59, 0, 1, '2019-06-16 00:00:00'),
(63, 'report', 'report', 'reports', NULL, 0, 1, '2019-06-16 00:00:00'),
(64, 'purchase_report', 'index', 'reports', 63, 0, 1, '2019-06-16 00:00:00'),
(65, 'paymentmethod', '', 'payment_setting', 0, 0, 1, '2019-06-16 00:00:00'),
(66, 'paymentmethod_list', 'index', 'payment_setting', 65, 0, 1, '2019-06-16 00:00:00'),
(67, 'payment_add', 'create', 'payment_setting', 66, 0, 1, '2019-06-16 00:00:00'),
(68, 'customer', 'customer_info', 'customer', 0, 0, 1, '2019-06-16 00:00:00'),
(69, 'customer_add', 'create', 'customer', 68, 0, 1, '2019-06-16 00:00:00'),
(70, 'booking_report', 'index', 'reports', 63, 0, 1, '2019-06-16 00:00:00'),
(71, 'paymentmethod_setup', 'paymentsetup', 'payment_setting', 65, 0, 1, '2019-06-16 00:00:00'),
(72, 'room_facilities', 'index', 'room_facilities', 0, 0, 1, '2019-06-16 00:00:00'),
(73, 'faciliti_details_list', 'room_facilitidetails', 'room_facilities', 72, 0, 1, '2019-06-16 00:00:00'),
(74, 'roomsize_list', 'room_size', 'room_facilities', 72, 0, 1, '2019-06-16 00:00:00'),
(75, 'room_reservation', 'room_reservation', 'room_reservation', 0, 0, 0, '0000-00-00 00:00:00'),
(76, 'bed_list', 'index', 'room_setting', 0, 0, 1, '2019-06-16 00:00:00'),
(77, 'starclass_list', 'starclass', 'room_setting', 0, 0, 1, '2019-06-16 00:00:00'),
(78, 'bookingtype_list', 'booking_type', 'room_setting', 0, 0, 1, '2019-06-16 00:00:00'),
(79, 'floorplan_list', 'floorplan', 'room_setting', 0, 0, 1, '2019-06-16 00:00:00'),
(80, 'room_list', 'room_details', 'room_setting', 0, 0, 1, '2019-06-16 00:00:00'),
(81, 'room_image', 'room_images', 'room_setting', 0, 0, 1, '2019-06-16 00:00:00'),
(82, 'stock_report', 'stockreport', 'reports', 63, 0, 1, '2019-07-04 00:00:00'),
(83, 'customer_list', 'index', 'customer', 68, 0, 0, '0000-00-00 00:00:00'),
(84, 'units', NULL, 'units', 0, 0, 0, '0000-00-00 00:00:00'),
(85, 'unit_list', 'index', 'units', 84, 0, 0, '0000-00-00 00:00:00'),
(86, 'ingradient_list', 'index', 'units', 84, 0, 0, '0000-00-00 00:00:00'),
(87, 'supplier_list', 'index', 'units', 84, 0, 0, '0000-00-00 00:00:00'),
(88, 'booking_list', 'index', 'room_reservation', 75, 0, 1, '2019-06-16 00:00:00'),
(89, 'faciliti_list', NULL, 'room_facilities', 72, 0, 0, '0000-00-00 00:00:00'),
(91, 'booking_source', 'b_ty_details', 'room_setting', 0, 0, 1, '2021-06-06 00:00:00'),
(92, 'house_keeping', 'house-keeping', 'house_keeping', 0, 0, 1, '0000-00-00 00:00:00'),
(96, 'wakeup_call_list', 'wakeup_call_list', 'customer', 68, 0, 1, '2021-06-06 00:00:00'),
(97, 'categorylist', 'categorylist', 'units', 84, 0, 0, '2021-06-14 00:00:00'),
(110, 'complementary', 'complementary', 'room_setting', 0, 0, 1, '2021-07-14 00:00:00'),
(113, 'guest_list', 'guestlist', 'customer', 68, 0, 0, '0000-00-00 00:00:00'),
(116, 'tax_management', 'tax-management', 'tax_management', 0, 0, 1, '2021-08-21 00:00:00'),
(117, 'tax_list', 'tax-list', 'tax_management', 116, 0, 1, '2021-08-21 00:00:00'),
(119, 'destroyed_list', 'Destroyed-list', 'units', 84, 0, 1, '2021-08-23 00:00:00'),
(120, 'laundry', 'laundry', 'house_keeping', 92, 0, 1, '2021-08-24 00:00:00'),
(155, 'balance_sheet', 'balance-sheet', 'accounts', 7, 0, 1, '2021-10-04 00:00:00'),
(156, 'financial_year', 'financial-year', 'accounts', 7, 0, 1, '2021-10-11 00:00:00'),
(157, 'financial_year_end', 'financial-year-end', 'accounts', 7, 0, 1, '2021-10-12 00:00:00'),
(158, 'opening_balance', 'opening-balance', 'accounts', 7, 0, 1, '2021-10-13 00:00:00'),
(160, 'room_status', 'room-status', 'room_reservation', 75, 0, 1, '2021-10-25 00:00:00'),
(165, 'promocode', 'promocode', 'room_setting', 0, 0, 1, '2021-11-07 00:00:00'),
(202, 'checkin', 'checkin', 'room_reservation', 75, 0, 1, '2021-10-25 00:00:00'),
(203, 'checkout', 'checkout', 'room_reservation', 75, 0, 1, '2021-10-25 00:00:00'),
(204, 'room_cleaning', 'room-cleaning', 'house_keeping', 92, 0, 1, '2021-11-10 00:00:00'),
(205, 'assign_room_cleaning', 'house-keeping', 'house_keeping', 92, 0, 1, '2021-11-10 00:00:00'),
(206, 'payment', 'payment', 'house_keeping', 120, 0, 1, '2021-11-10 00:00:00'),
(207, 'records', 'records', 'house_keeping', 92, 0, 1, '2021-11-10 00:00:00'),
(208, 'checklist', 'checklist', 'house_keeping', 92, 0, 1, '2021-11-10 00:00:00'),
(209, 'roomqr_list', 'roomqr_list', 'house_keeping', 92, 0, 1, '2021-11-22 00:00:00'),
(210, 'reports', 'reports', 'house_keeping', 92, 0, 1, '2021-08-19 00:00:00'),
(211, 'laundry_list', 'laundry-list', 'house_keeping', 120, 0, 1, '2021-08-28 00:00:00'),
(212, 'reuse_list', 'reuse-list', 'house_keeping', 120, 0, 1, '2021-08-26 00:00:00'),
(213, 'item_cost', 'item-cost', 'house_keeping', 120, 0, 1, '2021-08-26 00:00:00'),
(214, 'shift_mgt', 'Shift_management', 'duty_roster', 0, 0, 1, '2021-07-04 00:00:00'),
(215, 'shift_list', 'shift_list', 'duty_roster', 214, 0, 1, '2021-07-04 00:00:00'),
(216, 'shift_assign', 'shift_assign_list', 'duty_roster', 214, 0, 1, '2021-07-04 00:00:00'),
(217, 'roster_list', 'roster_list', 'duty_roster', 214, 0, 1, '2021-07-04 00:00:00'),
(218, 'attendance_dashboard', 'attendance_dashboard', 'duty_roster', 214, 0, 1, '2021-07-04 00:00:00'),
(219, 'ordermanage', '', 'ordermanage', 0, 0, 1, '2021-09-06 00:00:00'),
(220, 'pos_invoice', 'pos-invoice', 'ordermanage', 219, 0, 1, '2021-09-06 00:00:00'),
(221, 'order_list', 'order-list', 'ordermanage', 219, 0, 1, '2021-09-06 00:00:00'),
(222, 'pending_order', 'pending-order', 'ordermanage', 219, 0, 1, '2021-09-06 00:00:00'),
(223, 'complete_order', 'complete-list', 'ordermanage', 219, 0, 1, '2021-09-06 00:00:00'),
(224, 'cancel_order', 'cancel-list', 'ordermanage', 219, 0, 1, '2021-09-06 00:00:00'),
(225, 'kitchen_dashboard', 'kitchen', 'ordermanage', 219, 0, 1, '2021-09-06 00:00:00'),
(226, 'counter_dashboard', 'counter-board', 'ordermanage', 219, 0, 1, '2021-09-06 00:00:00'),
(227, 'counter_list', 'counter-list', 'ordermanage', 219, 0, 1, '2021-09-06 00:00:00'),
(228, 'pos_setting', 'pos-setting', 'ordermanage', 219, 0, 1, '2021-09-06 00:00:00'),
(229, 'sound_setting', 'sound-setting', 'ordermanage', 219, 0, 1, '2021-09-06 00:00:00'),
(230, 'table_manage', 'restauranttable', 'ordermanage', 0, 0, 1, '2021-09-06 00:00:00'),
(231, 'table_list', 'table-list', 'ordermanage', 230, 0, 1, '2021-09-06 00:00:00'),
(232, 'table_setting', 'table-setting', 'ordermanage', 230, 0, 1, '2021-09-06 00:00:00'),
(233, 'customer_type', 'customertype', 'ordermanage', 0, 0, 1, '2021-09-06 00:00:00'),
(234, 'customertype_list', 'customer-type', 'ordermanage', 233, 0, 1, '2021-09-06 00:00:00'),
(235, 'list_of_card_terminal', 'card-terminal', 'ordermanage', 233, 0, 1, '2021-09-06 00:00:00'),
(236, 'manage_category', 'item_category', 'ordermanage', 0, 0, 1, '2021-09-06 00:00:00'),
(237, 'add_category', 'category-create', 'ordermanage', 236, 0, 1, '2021-09-06 00:00:00'),
(238, 'category_list', 'category-list', 'ordermanage', 236, 0, 1, '2021-09-06 00:00:00'),
(239, 'manage_food', 'item_food', 'ordermanage', 0, 0, 1, '2021-09-06 00:00:00'),
(240, 'add_food', 'food-create', 'ordermanage', 239, 0, 1, '2021-09-06 00:00:00'),
(241, 'food_list', 'food-list', 'ordermanage', 239, 0, 1, '2021-09-06 00:00:00'),
(242, 'add_group_item', 'food-groop-create', 'ordermanage', 239, 0, 1, '2021-09-06 00:00:00'),
(243, 'food_varient', 'food-varient-list', 'ordermanage', 239, 0, 1, '2021-09-06 00:00:00'),
(244, 'food_availablity', 'food-available-list', 'ordermanage', 239, 0, 1, '2021-09-06 00:00:00'),
(245, 'menu_type', 'today-menu-type', 'ordermanage', 239, 0, 1, '2021-09-06 00:00:00'),
(246, 'manage_addons', 'menu_addons', 'ordermanage', 0, 0, 1, '2021-09-06 00:00:00'),
(247, 'add_adons', 'menu-addons-create', 'ordermanage', 246, 0, 1, '2021-09-06 00:00:00'),
(248, 'addons_list', 'menu-addons-list', 'ordermanage', 246, 0, 1, '2021-09-06 00:00:00'),
(249, 'assign_adons_list', 'assign-menu-addons', 'ordermanage', 246, 0, 1, '2021-09-06 00:00:00'),
(250, 'day_closing', 'day-closing', 'day_closing', 0, 0, 1, '2021-12-05 00:00:00'),
(251, 'counterlist', 'counter-list', 'day_closing', 250, 0, 1, '2021-12-03 00:00:00'),
(252, 'report', 'counter-list', 'day_closing', 250, 0, 1, '2021-12-03 00:00:00'),
(253, 'pool_booking', 'pool_booking', 'pool_booking', 0, 0, 1, '2021-06-06 00:00:00'),
(254, 'pool_type', 'pool_type', 'pool_booking', 253, 0, 1, '2021-06-06 00:00:00'),
(255, 'swimming_pool', 'swimming_pool', 'pool_booking', 253, 0, 1, '2021-06-06 00:00:00'),
(256, 'pool_booking_list', 'pool_booking_list', 'pool_booking', 253, 0, 1, '2021-06-06 00:00:00'),
(257, 'pool_package', 'pool_package', 'pool_booking', 253, 0, 1, '2021-06-06 00:00:00'),
(258, 'transport_facility', 'transport_facility', 'transport_facility', 0, 0, 1, '2021-10-20 00:00:00'),
(259, 'flight_details_list', 'flight-list', 'transport_facility', 258, 0, 1, '2021-10-20 00:00:00'),
(260, 'vehicle_details_list', 'vehicle-list', 'transport_facility', 258, 0, 1, '2021-06-06 00:00:00'),
(261, 'vehicle_booking_list', 'vehicle-booking-list', 'transport_facility', 258, 0, 1, '2021-06-06 00:00:00'),
(262, 'facebook_app', 'facebookloginback', 'facebook_app', 0, 0, 1, '2021-12-03 00:00:00'),
(263, 'facebook_api', 'showsetting', 'facebook_app', 262, 0, 1, '2021-12-03 00:00:00');

-- --------------------------------------------------------

--
-- Table structure for table `sec_role_permission`
--

CREATE TABLE `sec_role_permission` (
  `id` bigint(20) NOT NULL,
  `role_id` int(11) NOT NULL,
  `menu_id` int(11) NOT NULL,
  `can_access` tinyint(1) NOT NULL,
  `can_create` tinyint(1) NOT NULL,
  `can_edit` tinyint(1) NOT NULL,
  `can_delete` tinyint(1) NOT NULL,
  `createby` int(11) NOT NULL,
  `createdate` datetime NOT NULL
) ENGINE=InnoDB DEFAULT CHARSET=utf8 COLLATE=utf8_unicode_ci;

--
-- Dumping data for table `sec_role_permission`
--

INSERT INTO `sec_role_permission` (`id`, `role_id`, `menu_id`, `can_access`, `can_create`, `can_edit`, `can_delete`, `createby`, `createdate`) VALUES
(2956, 16, 1, 0, 0, 0, 0, 1, '2022-05-05 03:39:12'),
(2957, 16, 2, 0, 0, 0, 0, 1, '2022-05-05 03:39:12'),
(2958, 16, 3, 0, 0, 0, 0, 1, '2022-05-05 03:39:12'),
(2959, 16, 4, 0, 0, 0, 0, 1, '2022-05-05 03:39:12'),
(2960, 16, 5, 0, 0, 0, 0, 1, '2022-05-05 03:39:12'),
(2961, 16, 6, 0, 0, 0, 0, 1, '2022-05-05 03:39:12'),
(2962, 16, 7, 0, 0, 0, 0, 1, '2022-05-05 03:39:12'),
(2963, 16, 8, 0, 0, 0, 0, 1, '2022-05-05 03:39:12'),
(2964, 16, 9, 0, 0, 0, 0, 1, '2022-05-05 03:39:12'),
(2965, 16, 10, 0, 0, 0, 0, 1, '2022-05-05 03:39:12'),
(2966, 16, 11, 0, 0, 0, 0, 1, '2022-05-05 03:39:12'),
(2967, 16, 12, 0, 0, 0, 0, 1, '2022-05-05 03:39:12'),
(2968, 16, 13, 0, 0, 0, 0, 1, '2022-05-05 03:39:12'),
(2969, 16, 14, 0, 0, 0, 0, 1, '2022-05-05 03:39:12'),
(2970, 16, 15, 0, 0, 0, 0, 1, '2022-05-05 03:39:12'),
(2971, 16, 155, 0, 0, 0, 0, 1, '2022-05-05 03:39:12'),
(2972, 16, 156, 0, 0, 0, 0, 1, '2022-05-05 03:39:12'),
(2973, 16, 157, 0, 0, 0, 0, 1, '2022-05-05 03:39:12'),
(2974, 16, 158, 0, 0, 0, 0, 1, '2022-05-05 03:39:12'),
(2975, 16, 68, 1, 1, 0, 0, 1, '2022-05-05 03:39:12'),
(2976, 16, 69, 1, 1, 0, 0, 1, '2022-05-05 03:39:12'),
(2977, 16, 83, 1, 1, 0, 0, 1, '2022-05-05 03:39:12'),
(2978, 16, 96, 1, 1, 0, 0, 1, '2022-05-05 03:39:12'),
(2979, 16, 113, 1, 1, 0, 0, 1, '2022-05-05 03:39:12'),
(2980, 16, 250, 0, 0, 0, 0, 1, '2022-05-05 03:39:12'),
(2981, 16, 251, 0, 0, 0, 0, 1, '2022-05-05 03:39:12'),
(2982, 16, 252, 0, 0, 0, 0, 1, '2022-05-05 03:39:12'),
(2983, 16, 214, 0, 0, 0, 0, 1, '2022-05-05 03:39:12'),
(2984, 16, 215, 0, 0, 0, 0, 1, '2022-05-05 03:39:12'),
(2985, 16, 216, 0, 0, 0, 0, 1, '2022-05-05 03:39:12'),
(2986, 16, 217, 0, 0, 0, 0, 1, '2022-05-05 03:39:12'),
(2987, 16, 218, 0, 0, 0, 0, 1, '2022-05-05 03:39:12'),
(2988, 16, 262, 0, 0, 0, 0, 1, '2022-05-05 03:39:12'),
(2989, 16, 263, 0, 0, 0, 0, 1, '2022-05-05 03:39:12'),
(2990, 16, 92, 1, 0, 0, 0, 1, '2022-05-05 03:39:12'),
(2991, 16, 120, 1, 0, 0, 0, 1, '2022-05-05 03:39:12'),
(2992, 16, 204, 0, 0, 0, 0, 1, '2022-05-05 03:39:12'),
(2993, 16, 205, 0, 0, 0, 0, 1, '2022-05-05 03:39:12'),
(2994, 16, 206, 0, 0, 0, 0, 1, '2022-05-05 03:39:12'),
(2995, 16, 207, 0, 0, 0, 0, 1, '2022-05-05 03:39:12'),
(2996, 16, 208, 0, 0, 0, 0, 1, '2022-05-05 03:39:12'),
(2997, 16, 209, 0, 0, 0, 0, 1, '2022-05-05 03:39:12'),
(2998, 16, 210, 0, 0, 0, 0, 1, '2022-05-05 03:39:12'),
(2999, 16, 211, 0, 0, 0, 0, 1, '2022-05-05 03:39:12'),
(3000, 16, 212, 0, 0, 0, 0, 1, '2022-05-05 03:39:12'),
(3001, 16, 213, 0, 0, 0, 0, 1, '2022-05-05 03:39:12'),
(3002, 16, 16, 1, 0, 0, 0, 1, '2022-05-05 03:39:12'),
(3003, 16, 17, 1, 0, 0, 0, 1, '2022-05-05 03:39:12'),
(3004, 16, 18, 1, 0, 0, 0, 1, '2022-05-05 03:39:12'),
(3005, 16, 19, 1, 0, 0, 0, 1, '2022-05-05 03:39:12'),
(3006, 16, 20, 1, 0, 0, 0, 1, '2022-05-05 03:39:12'),
(3007, 16, 21, 1, 0, 0, 0, 1, '2022-05-05 03:39:12'),
(3008, 16, 22, 1, 0, 0, 0, 1, '2022-05-05 03:39:12'),
(3009, 16, 23, 1, 0, 0, 0, 1, '2022-05-05 03:39:12'),
(3010, 16, 24, 1, 0, 0, 0, 1, '2022-05-05 03:39:12'),
(3011, 16, 25, 1, 0, 0, 0, 1, '2022-05-05 03:39:12'),
(3012, 16, 26, 1, 0, 0, 0, 1, '2022-05-05 03:39:12'),
(3013, 16, 27, 1, 0, 0, 0, 1, '2022-05-05 03:39:12'),
(3014, 16, 28, 1, 0, 0, 0, 1, '2022-05-05 03:39:12'),
(3015, 16, 29, 1, 0, 0, 0, 1, '2022-05-05 03:39:12'),
(3016, 16, 30, 1, 0, 0, 0, 1, '2022-05-05 03:39:12'),
(3017, 16, 31, 1, 0, 0, 0, 1, '2022-05-05 03:39:12'),
(3018, 16, 32, 1, 0, 0, 0, 1, '2022-05-05 03:39:12'),
(3019, 16, 33, 1, 0, 0, 0, 1, '2022-05-05 03:39:12'),
(3020, 16, 34, 1, 0, 0, 0, 1, '2022-05-05 03:39:12'),
(3021, 16, 35, 1, 0, 0, 0, 1, '2022-05-05 03:39:12'),
(3022, 16, 36, 1, 0, 0, 0, 1, '2022-05-05 03:39:12'),
(3023, 16, 37, 1, 0, 0, 0, 1, '2022-05-05 03:39:12'),
(3024, 16, 38, 1, 0, 0, 0, 1, '2022-05-05 03:39:12'),
(3025, 16, 39, 1, 0, 0, 0, 1, '2022-05-05 03:39:12'),
(3026, 16, 40, 1, 0, 0, 0, 1, '2022-05-05 03:39:12'),
(3027, 16, 41, 1, 0, 0, 0, 1, '2022-05-05 03:39:12'),
(3028, 16, 42, 1, 0, 0, 0, 1, '2022-05-05 03:39:12'),
(3029, 16, 43, 1, 0, 0, 0, 1, '2022-05-05 03:39:12'),
(3030, 16, 44, 1, 0, 0, 0, 1, '2022-05-05 03:39:12'),
(3031, 16, 45, 1, 0, 0, 0, 1, '2022-05-05 03:39:12'),
(3032, 16, 46, 1, 0, 0, 0, 1, '2022-05-05 03:39:12'),
(3033, 16, 47, 1, 0, 0, 0, 1, '2022-05-05 03:39:12'),
(3034, 16, 48, 1, 0, 0, 0, 1, '2022-05-05 03:39:12'),
(3035, 16, 49, 1, 0, 0, 0, 1, '2022-05-05 03:39:12'),
(3036, 16, 50, 1, 0, 0, 0, 1, '2022-05-05 03:39:12'),
(3037, 16, 51, 1, 0, 0, 0, 1, '2022-05-05 03:39:12'),
(3038, 16, 52, 1, 0, 0, 0, 1, '2022-05-05 03:39:12'),
(3039, 16, 53, 1, 0, 0, 0, 1, '2022-05-05 03:39:12'),
(3040, 16, 54, 1, 0, 0, 0, 1, '2022-05-05 03:39:12'),
(3041, 16, 55, 1, 0, 0, 0, 1, '2022-05-05 03:39:12'),
(3042, 16, 56, 1, 0, 0, 0, 1, '2022-05-05 03:39:12'),
(3043, 16, 57, 1, 0, 0, 0, 1, '2022-05-05 03:39:12'),
(3044, 16, 58, 1, 0, 0, 0, 1, '2022-05-05 03:39:12'),
(3045, 16, 219, 0, 0, 0, 0, 1, '2022-05-05 03:39:12'),
(3046, 16, 220, 0, 0, 0, 0, 1, '2022-05-05 03:39:12'),
(3047, 16, 221, 0, 0, 0, 0, 1, '2022-05-05 03:39:12'),
(3048, 16, 222, 0, 0, 0, 0, 1, '2022-05-05 03:39:12'),
(3049, 16, 223, 0, 0, 0, 0, 1, '2022-05-05 03:39:12'),
(3050, 16, 224, 0, 0, 0, 0, 1, '2022-05-05 03:39:12'),
(3051, 16, 225, 0, 0, 0, 0, 1, '2022-05-05 03:39:12'),
(3052, 16, 226, 0, 0, 0, 0, 1, '2022-05-05 03:39:12'),
(3053, 16, 227, 0, 0, 0, 0, 1, '2022-05-05 03:39:12'),
(3054, 16, 228, 0, 0, 0, 0, 1, '2022-05-05 03:39:12'),
(3055, 16, 229, 0, 0, 0, 0, 1, '2022-05-05 03:39:12'),
(3056, 16, 230, 0, 0, 0, 0, 1, '2022-05-05 03:39:12'),
(3057, 16, 231, 0, 0, 0, 0, 1, '2022-05-05 03:39:12'),
(3058, 16, 232, 0, 0, 0, 0, 1, '2022-05-05 03:39:12'),
(3059, 16, 233, 0, 0, 0, 0, 1, '2022-05-05 03:39:12'),
(3060, 16, 234, 0, 0, 0, 0, 1, '2022-05-05 03:39:12'),
(3061, 16, 235, 0, 0, 0, 0, 1, '2022-05-05 03:39:12'),
(3062, 16, 236, 0, 0, 0, 0, 1, '2022-05-05 03:39:12'),
(3063, 16, 237, 0, 0, 0, 0, 1, '2022-05-05 03:39:12'),
(3064, 16, 238, 0, 0, 0, 0, 1, '2022-05-05 03:39:12'),
(3065, 16, 239, 0, 0, 0, 0, 1, '2022-05-05 03:39:12'),
(3066, 16, 240, 0, 0, 0, 0, 1, '2022-05-05 03:39:12'),
(3067, 16, 241, 0, 0, 0, 0, 1, '2022-05-05 03:39:12'),
(3068, 16, 242, 0, 0, 0, 0, 1, '2022-05-05 03:39:12'),
(3069, 16, 243, 0, 0, 0, 0, 1, '2022-05-05 03:39:12'),
(3070, 16, 244, 0, 0, 0, 0, 1, '2022-05-05 03:39:12'),
(3071, 16, 245, 0, 0, 0, 0, 1, '2022-05-05 03:39:12'),
(3072, 16, 246, 0, 0, 0, 0, 1, '2022-05-05 03:39:12'),
(3073, 16, 247, 0, 0, 0, 0, 1, '2022-05-05 03:39:12'),
(3074, 16, 248, 0, 0, 0, 0, 1, '2022-05-05 03:39:12'),
(3075, 16, 249, 0, 0, 0, 0, 1, '2022-05-05 03:39:12'),
(3076, 16, 65, 0, 0, 0, 0, 1, '2022-05-05 03:39:12'),
(3077, 16, 66, 0, 0, 0, 0, 1, '2022-05-05 03:39:12'),
(3078, 16, 67, 0, 0, 0, 0, 1, '2022-05-05 03:39:12'),
(3079, 16, 71, 0, 0, 0, 0, 1, '2022-05-05 03:39:12'),
(3080, 16, 253, 0, 0, 0, 0, 1, '2022-05-05 03:39:12'),
(3081, 16, 254, 0, 0, 0, 0, 1, '2022-05-05 03:39:12'),
(3082, 16, 255, 0, 0, 0, 0, 1, '2022-05-05 03:39:12'),
(3083, 16, 256, 0, 0, 0, 0, 1, '2022-05-05 03:39:12'),
(3084, 16, 257, 0, 0, 0, 0, 1, '2022-05-05 03:39:12'),
(3085, 16, 59, 1, 0, 0, 0, 1, '2022-05-05 03:39:12'),
(3086, 16, 60, 1, 0, 0, 0, 1, '2022-05-05 03:39:12'),
(3087, 16, 61, 1, 0, 0, 0, 1, '2022-05-05 03:39:12'),
(3088, 16, 62, 1, 0, 0, 0, 1, '2022-05-05 03:39:12'),
(3089, 16, 63, 1, 0, 0, 0, 1, '2022-05-05 03:39:12'),
(3090, 16, 64, 1, 0, 0, 0, 1, '2022-05-05 03:39:12'),
(3091, 16, 70, 1, 0, 0, 0, 1, '2022-05-05 03:39:12'),
(3092, 16, 82, 1, 0, 0, 0, 1, '2022-05-05 03:39:12'),
(3093, 16, 72, 1, 0, 0, 0, 1, '2022-05-05 03:39:12'),
(3094, 16, 73, 1, 0, 0, 0, 1, '2022-05-05 03:39:12'),
(3095, 16, 74, 1, 0, 0, 0, 1, '2022-05-05 03:39:12'),
(3096, 16, 89, 1, 0, 0, 0, 1, '2022-05-05 03:39:12'),
(3097, 16, 75, 1, 0, 0, 0, 1, '2022-05-05 03:39:12'),
(3098, 16, 88, 1, 0, 0, 0, 1, '2022-05-05 03:39:12'),
(3099, 16, 160, 0, 0, 0, 0, 1, '2022-05-05 03:39:12'),
(3100, 16, 202, 0, 0, 0, 0, 1, '2022-05-05 03:39:12'),
(3101, 16, 203, 0, 0, 0, 0, 1, '2022-05-05 03:39:12'),
(3102, 16, 76, 0, 0, 0, 0, 1, '2022-05-05 03:39:12'),
(3103, 16, 77, 0, 0, 0, 0, 1, '2022-05-05 03:39:12'),
(3104, 16, 78, 0, 0, 0, 0, 1, '2022-05-05 03:39:12'),
(3105, 16, 79, 0, 0, 0, 0, 1, '2022-05-05 03:39:12'),
(3106, 16, 80, 0, 0, 0, 0, 1, '2022-05-05 03:39:12'),
(3107, 16, 81, 0, 0, 0, 0, 1, '2022-05-05 03:39:12'),
(3108, 16, 91, 0, 0, 0, 0, 1, '2022-05-05 03:39:12'),
(3109, 16, 110, 0, 0, 0, 0, 1, '2022-05-05 03:39:12'),
(3110, 16, 165, 0, 0, 0, 0, 1, '2022-05-05 03:39:12'),
(3111, 16, 116, 1, 1, 1, 0, 1, '2022-05-05 03:39:12'),
(3112, 16, 117, 1, 1, 1, 0, 1, '2022-05-05 03:39:12'),
(3113, 16, 258, 0, 0, 0, 0, 1, '2022-05-05 03:39:12'),
(3114, 16, 259, 0, 0, 0, 0, 1, '2022-05-05 03:39:12'),
(3115, 16, 260, 0, 0, 0, 0, 1, '2022-05-05 03:39:12'),
(3116, 16, 261, 0, 0, 0, 0, 1, '2022-05-05 03:39:12'),
(3117, 16, 84, 1, 0, 0, 0, 1, '2022-05-05 03:39:12'),
(3118, 16, 85, 1, 0, 0, 0, 1, '2022-05-05 03:39:12'),
(3119, 16, 86, 1, 0, 0, 0, 1, '2022-05-05 03:39:12'),
(3120, 16, 87, 1, 0, 0, 0, 1, '2022-05-05 03:39:12'),
(3121, 16, 97, 1, 0, 0, 0, 1, '2022-05-05 03:39:12'),
(3122, 16, 119, 1, 0, 0, 0, 1, '2022-05-05 03:39:12'),
(3123, 15, 1, 0, 0, 0, 0, 1, '2022-05-05 03:39:28'),
(3124, 15, 2, 0, 0, 0, 0, 1, '2022-05-05 03:39:28'),
(3125, 15, 3, 0, 0, 0, 0, 1, '2022-05-05 03:39:28'),
(3126, 15, 4, 0, 0, 0, 0, 1, '2022-05-05 03:39:28'),
(3127, 15, 5, 0, 0, 0, 0, 1, '2022-05-05 03:39:28'),
(3128, 15, 6, 0, 0, 0, 0, 1, '2022-05-05 03:39:28'),
(3129, 15, 7, 0, 0, 0, 0, 1, '2022-05-05 03:39:28'),
(3130, 15, 8, 0, 0, 0, 0, 1, '2022-05-05 03:39:28'),
(3131, 15, 9, 0, 0, 0, 0, 1, '2022-05-05 03:39:28'),
(3132, 15, 10, 0, 0, 0, 0, 1, '2022-05-05 03:39:28'),
(3133, 15, 11, 0, 0, 0, 0, 1, '2022-05-05 03:39:28'),
(3134, 15, 12, 0, 0, 0, 0, 1, '2022-05-05 03:39:28'),
(3135, 15, 13, 0, 0, 0, 0, 1, '2022-05-05 03:39:28'),
(3136, 15, 14, 0, 0, 0, 0, 1, '2022-05-05 03:39:28'),
(3137, 15, 15, 0, 0, 0, 0, 1, '2022-05-05 03:39:28'),
(3138, 15, 155, 0, 0, 0, 0, 1, '2022-05-05 03:39:28'),
(3139, 15, 156, 0, 0, 0, 0, 1, '2022-05-05 03:39:28'),
(3140, 15, 157, 0, 0, 0, 0, 1, '2022-05-05 03:39:28'),
(3141, 15, 158, 0, 0, 0, 0, 1, '2022-05-05 03:39:28'),
(3142, 15, 68, 0, 0, 0, 0, 1, '2022-05-05 03:39:28'),
(3143, 15, 69, 0, 0, 0, 0, 1, '2022-05-05 03:39:28'),
(3144, 15, 83, 0, 0, 0, 0, 1, '2022-05-05 03:39:28'),
(3145, 15, 96, 0, 0, 0, 0, 1, '2022-05-05 03:39:28'),
(3146, 15, 113, 0, 0, 0, 0, 1, '2022-05-05 03:39:28'),
(3147, 15, 250, 0, 0, 0, 0, 1, '2022-05-05 03:39:28'),
(3148, 15, 251, 0, 0, 0, 0, 1, '2022-05-05 03:39:28'),
(3149, 15, 252, 0, 0, 0, 0, 1, '2022-05-05 03:39:28'),
(3150, 15, 214, 0, 0, 0, 0, 1, '2022-05-05 03:39:28'),
(3151, 15, 215, 0, 0, 0, 0, 1, '2022-05-05 03:39:28'),
(3152, 15, 216, 0, 0, 0, 0, 1, '2022-05-05 03:39:28'),
(3153, 15, 217, 0, 0, 0, 0, 1, '2022-05-05 03:39:28'),
(3154, 15, 218, 0, 0, 0, 0, 1, '2022-05-05 03:39:28'),
(3155, 15, 262, 0, 0, 0, 0, 1, '2022-05-05 03:39:28'),
(3156, 15, 263, 0, 0, 0, 0, 1, '2022-05-05 03:39:28'),
(3157, 15, 92, 0, 0, 0, 0, 1, '2022-05-05 03:39:28'),
(3158, 15, 120, 0, 0, 0, 0, 1, '2022-05-05 03:39:28'),
(3159, 15, 204, 0, 0, 0, 0, 1, '2022-05-05 03:39:28'),
(3160, 15, 205, 0, 0, 0, 0, 1, '2022-05-05 03:39:28'),
(3161, 15, 206, 0, 0, 0, 0, 1, '2022-05-05 03:39:28'),
(3162, 15, 207, 0, 0, 0, 0, 1, '2022-05-05 03:39:28'),
(3163, 15, 208, 0, 0, 0, 0, 1, '2022-05-05 03:39:28'),
(3164, 15, 209, 0, 0, 0, 0, 1, '2022-05-05 03:39:28'),
(3165, 15, 210, 0, 0, 0, 0, 1, '2022-05-05 03:39:28'),
(3166, 15, 211, 0, 0, 0, 0, 1, '2022-05-05 03:39:28'),
(3167, 15, 212, 0, 0, 0, 0, 1, '2022-05-05 03:39:28'),
(3168, 15, 213, 0, 0, 0, 0, 1, '2022-05-05 03:39:28'),
(3169, 15, 16, 0, 0, 0, 0, 1, '2022-05-05 03:39:28'),
(3170, 15, 17, 0, 0, 0, 0, 1, '2022-05-05 03:39:28'),
(3171, 15, 18, 0, 0, 0, 0, 1, '2022-05-05 03:39:28'),
(3172, 15, 19, 0, 0, 0, 0, 1, '2022-05-05 03:39:28'),
(3173, 15, 20, 0, 0, 0, 0, 1, '2022-05-05 03:39:28'),
(3174, 15, 21, 0, 0, 0, 0, 1, '2022-05-05 03:39:28'),
(3175, 15, 22, 0, 0, 0, 0, 1, '2022-05-05 03:39:28'),
(3176, 15, 23, 0, 0, 0, 0, 1, '2022-05-05 03:39:28'),
(3177, 15, 24, 0, 0, 0, 0, 1, '2022-05-05 03:39:28'),
(3178, 15, 25, 0, 0, 0, 0, 1, '2022-05-05 03:39:28'),
(3179, 15, 26, 0, 0, 0, 0, 1, '2022-05-05 03:39:28'),
(3180, 15, 27, 0, 0, 0, 0, 1, '2022-05-05 03:39:28'),
(3181, 15, 28, 0, 0, 0, 0, 1, '2022-05-05 03:39:28'),
(3182, 15, 29, 0, 0, 0, 0, 1, '2022-05-05 03:39:28'),
(3183, 15, 30, 0, 0, 0, 0, 1, '2022-05-05 03:39:28'),
(3184, 15, 31, 0, 0, 0, 0, 1, '2022-05-05 03:39:28'),
(3185, 15, 32, 0, 0, 0, 0, 1, '2022-05-05 03:39:28'),
(3186, 15, 33, 0, 0, 0, 0, 1, '2022-05-05 03:39:28'),
(3187, 15, 34, 0, 0, 0, 0, 1, '2022-05-05 03:39:28'),
(3188, 15, 35, 0, 0, 0, 0, 1, '2022-05-05 03:39:28'),
(3189, 15, 36, 0, 0, 0, 0, 1, '2022-05-05 03:39:28'),
(3190, 15, 37, 0, 0, 0, 0, 1, '2022-05-05 03:39:28'),
(3191, 15, 38, 0, 0, 0, 0, 1, '2022-05-05 03:39:28'),
(3192, 15, 39, 0, 0, 0, 0, 1, '2022-05-05 03:39:28'),
(3193, 15, 40, 0, 0, 0, 0, 1, '2022-05-05 03:39:28'),
(3194, 15, 41, 0, 0, 0, 0, 1, '2022-05-05 03:39:28'),
(3195, 15, 42, 0, 0, 0, 0, 1, '2022-05-05 03:39:28'),
(3196, 15, 43, 0, 0, 0, 0, 1, '2022-05-05 03:39:28'),
(3197, 15, 44, 0, 0, 0, 0, 1, '2022-05-05 03:39:28'),
(3198, 15, 45, 0, 0, 0, 0, 1, '2022-05-05 03:39:28'),
(3199, 15, 46, 0, 0, 0, 0, 1, '2022-05-05 03:39:28'),
(3200, 15, 47, 0, 0, 0, 0, 1, '2022-05-05 03:39:28'),
(3201, 15, 48, 0, 0, 0, 0, 1, '2022-05-05 03:39:28'),
(3202, 15, 49, 0, 0, 0, 0, 1, '2022-05-05 03:39:28'),
(3203, 15, 50, 0, 0, 0, 0, 1, '2022-05-05 03:39:28'),
(3204, 15, 51, 0, 0, 0, 0, 1, '2022-05-05 03:39:28'),
(3205, 15, 52, 0, 0, 0, 0, 1, '2022-05-05 03:39:28'),
(3206, 15, 53, 0, 0, 0, 0, 1, '2022-05-05 03:39:28'),
(3207, 15, 54, 0, 0, 0, 0, 1, '2022-05-05 03:39:28'),
(3208, 15, 55, 0, 0, 0, 0, 1, '2022-05-05 03:39:28'),
(3209, 15, 56, 0, 0, 0, 0, 1, '2022-05-05 03:39:28'),
(3210, 15, 57, 0, 0, 0, 0, 1, '2022-05-05 03:39:28'),
(3211, 15, 58, 0, 0, 0, 0, 1, '2022-05-05 03:39:28'),
(3212, 15, 219, 0, 0, 0, 0, 1, '2022-05-05 03:39:28'),
(3213, 15, 220, 0, 0, 0, 0, 1, '2022-05-05 03:39:28'),
(3214, 15, 221, 0, 0, 0, 0, 1, '2022-05-05 03:39:28'),
(3215, 15, 222, 0, 0, 0, 0, 1, '2022-05-05 03:39:28'),
(3216, 15, 223, 0, 0, 0, 0, 1, '2022-05-05 03:39:28'),
(3217, 15, 224, 0, 0, 0, 0, 1, '2022-05-05 03:39:28'),
(3218, 15, 225, 0, 0, 0, 0, 1, '2022-05-05 03:39:28'),
(3219, 15, 226, 0, 0, 0, 0, 1, '2022-05-05 03:39:28'),
(3220, 15, 227, 0, 0, 0, 0, 1, '2022-05-05 03:39:28'),
(3221, 15, 228, 0, 0, 0, 0, 1, '2022-05-05 03:39:28'),
(3222, 15, 229, 0, 0, 0, 0, 1, '2022-05-05 03:39:28'),
(3223, 15, 230, 0, 0, 0, 0, 1, '2022-05-05 03:39:28'),
(3224, 15, 231, 0, 0, 0, 0, 1, '2022-05-05 03:39:28'),
(3225, 15, 232, 0, 0, 0, 0, 1, '2022-05-05 03:39:28'),
(3226, 15, 233, 0, 0, 0, 0, 1, '2022-05-05 03:39:28'),
(3227, 15, 234, 0, 0, 0, 0, 1, '2022-05-05 03:39:28'),
(3228, 15, 235, 0, 0, 0, 0, 1, '2022-05-05 03:39:28'),
(3229, 15, 236, 0, 0, 0, 0, 1, '2022-05-05 03:39:28'),
(3230, 15, 237, 0, 0, 0, 0, 1, '2022-05-05 03:39:28'),
(3231, 15, 238, 0, 0, 0, 0, 1, '2022-05-05 03:39:28'),
(3232, 15, 239, 0, 0, 0, 0, 1, '2022-05-05 03:39:28'),
(3233, 15, 240, 0, 0, 0, 0, 1, '2022-05-05 03:39:28'),
(3234, 15, 241, 0, 0, 0, 0, 1, '2022-05-05 03:39:28'),
(3235, 15, 242, 0, 0, 0, 0, 1, '2022-05-05 03:39:28'),
(3236, 15, 243, 0, 0, 0, 0, 1, '2022-05-05 03:39:28'),
(3237, 15, 244, 0, 0, 0, 0, 1, '2022-05-05 03:39:28'),
(3238, 15, 245, 0, 0, 0, 0, 1, '2022-05-05 03:39:28'),
(3239, 15, 246, 0, 0, 0, 0, 1, '2022-05-05 03:39:28'),
(3240, 15, 247, 0, 0, 0, 0, 1, '2022-05-05 03:39:28'),
(3241, 15, 248, 0, 0, 0, 0, 1, '2022-05-05 03:39:28'),
(3242, 15, 249, 0, 0, 0, 0, 1, '2022-05-05 03:39:28'),
(3243, 15, 65, 0, 0, 0, 0, 1, '2022-05-05 03:39:28'),
(3244, 15, 66, 0, 0, 0, 0, 1, '2022-05-05 03:39:28'),
(3245, 15, 67, 0, 0, 0, 0, 1, '2022-05-05 03:39:28'),
(3246, 15, 71, 0, 0, 0, 0, 1, '2022-05-05 03:39:28'),
(3247, 15, 253, 0, 0, 0, 0, 1, '2022-05-05 03:39:28'),
(3248, 15, 254, 0, 0, 0, 0, 1, '2022-05-05 03:39:28'),
(3249, 15, 255, 0, 0, 0, 0, 1, '2022-05-05 03:39:28'),
(3250, 15, 256, 0, 0, 0, 0, 1, '2022-05-05 03:39:28'),
(3251, 15, 257, 0, 0, 0, 0, 1, '2022-05-05 03:39:28'),
(3252, 15, 59, 0, 0, 0, 0, 1, '2022-05-05 03:39:28'),
(3253, 15, 60, 0, 0, 0, 0, 1, '2022-05-05 03:39:28'),
(3254, 15, 61, 0, 0, 0, 0, 1, '2022-05-05 03:39:28'),
(3255, 15, 62, 0, 0, 0, 0, 1, '2022-05-05 03:39:28'),
(3256, 15, 63, 0, 0, 0, 0, 1, '2022-05-05 03:39:28'),
(3257, 15, 64, 0, 0, 0, 0, 1, '2022-05-05 03:39:28'),
(3258, 15, 70, 0, 0, 0, 0, 1, '2022-05-05 03:39:28'),
(3259, 15, 82, 0, 0, 0, 0, 1, '2022-05-05 03:39:28'),
(3260, 15, 72, 0, 0, 0, 0, 1, '2022-05-05 03:39:28'),
(3261, 15, 73, 0, 0, 0, 0, 1, '2022-05-05 03:39:28'),
(3262, 15, 74, 0, 0, 0, 0, 1, '2022-05-05 03:39:28'),
(3263, 15, 89, 0, 0, 0, 0, 1, '2022-05-05 03:39:28'),
(3264, 15, 75, 1, 1, 1, 0, 1, '2022-05-05 03:39:28'),
(3265, 15, 88, 1, 1, 1, 0, 1, '2022-05-05 03:39:28'),
(3266, 15, 160, 0, 0, 0, 0, 1, '2022-05-05 03:39:28'),
(3267, 15, 202, 0, 0, 0, 0, 1, '2022-05-05 03:39:28'),
(3268, 15, 203, 0, 0, 0, 0, 1, '2022-05-05 03:39:28'),
(3269, 15, 76, 0, 0, 0, 0, 1, '2022-05-05 03:39:28'),
(3270, 15, 77, 0, 0, 0, 0, 1, '2022-05-05 03:39:28'),
(3271, 15, 78, 0, 0, 0, 0, 1, '2022-05-05 03:39:28'),
(3272, 15, 79, 0, 0, 0, 0, 1, '2022-05-05 03:39:28'),
(3273, 15, 80, 0, 0, 0, 0, 1, '2022-05-05 03:39:28'),
(3274, 15, 81, 0, 0, 0, 0, 1, '2022-05-05 03:39:28'),
(3275, 15, 91, 0, 0, 0, 0, 1, '2022-05-05 03:39:28'),
(3276, 15, 110, 0, 0, 0, 0, 1, '2022-05-05 03:39:28'),
(3277, 15, 165, 0, 0, 0, 0, 1, '2022-05-05 03:39:28'),
(3278, 15, 116, 0, 0, 0, 0, 1, '2022-05-05 03:39:28'),
(3279, 15, 117, 0, 0, 0, 0, 1, '2022-05-05 03:39:28'),
(3280, 15, 258, 0, 0, 0, 0, 1, '2022-05-05 03:39:28'),
(3281, 15, 259, 0, 0, 0, 0, 1, '2022-05-05 03:39:28'),
(3282, 15, 260, 0, 0, 0, 0, 1, '2022-05-05 03:39:28'),
(3283, 15, 261, 0, 0, 0, 0, 1, '2022-05-05 03:39:28'),
(3284, 15, 84, 0, 0, 0, 0, 1, '2022-05-05 03:39:28'),
(3285, 15, 85, 0, 0, 0, 0, 1, '2022-05-05 03:39:28'),
(3286, 15, 86, 0, 0, 0, 0, 1, '2022-05-05 03:39:28'),
(3287, 15, 87, 0, 0, 0, 0, 1, '2022-05-05 03:39:28'),
(3288, 15, 97, 0, 0, 0, 0, 1, '2022-05-05 03:39:28'),
(3289, 15, 119, 0, 0, 0, 0, 1, '2022-05-05 03:39:28'),
(3290, 14, 1, 0, 0, 0, 0, 1, '2022-05-05 03:39:44'),
(3291, 14, 2, 0, 0, 0, 0, 1, '2022-05-05 03:39:44'),
(3292, 14, 3, 0, 0, 0, 0, 1, '2022-05-05 03:39:44'),
(3293, 14, 4, 0, 0, 0, 0, 1, '2022-05-05 03:39:44'),
(3294, 14, 5, 0, 0, 0, 0, 1, '2022-05-05 03:39:44'),
(3295, 14, 6, 0, 0, 0, 0, 1, '2022-05-05 03:39:44'),
(3296, 14, 7, 0, 0, 0, 0, 1, '2022-05-05 03:39:44'),
(3297, 14, 8, 0, 0, 0, 0, 1, '2022-05-05 03:39:44'),
(3298, 14, 9, 0, 0, 0, 0, 1, '2022-05-05 03:39:44'),
(3299, 14, 10, 0, 0, 0, 0, 1, '2022-05-05 03:39:44'),
(3300, 14, 11, 0, 0, 0, 0, 1, '2022-05-05 03:39:44'),
(3301, 14, 12, 0, 0, 0, 0, 1, '2022-05-05 03:39:44'),
(3302, 14, 13, 0, 0, 0, 0, 1, '2022-05-05 03:39:44'),
(3303, 14, 14, 0, 0, 0, 0, 1, '2022-05-05 03:39:44'),
(3304, 14, 15, 0, 0, 0, 0, 1, '2022-05-05 03:39:44'),
(3305, 14, 155, 0, 0, 0, 0, 1, '2022-05-05 03:39:44'),
(3306, 14, 156, 0, 0, 0, 0, 1, '2022-05-05 03:39:44'),
(3307, 14, 157, 0, 0, 0, 0, 1, '2022-05-05 03:39:44'),
(3308, 14, 158, 0, 0, 0, 0, 1, '2022-05-05 03:39:44'),
(3309, 14, 68, 1, 1, 0, 0, 1, '2022-05-05 03:39:44'),
(3310, 14, 69, 1, 1, 0, 0, 1, '2022-05-05 03:39:44'),
(3311, 14, 83, 1, 1, 0, 0, 1, '2022-05-05 03:39:44'),
(3312, 14, 96, 0, 0, 0, 0, 1, '2022-05-05 03:39:44'),
(3313, 14, 113, 0, 0, 0, 0, 1, '2022-05-05 03:39:44'),
(3314, 14, 250, 0, 0, 0, 0, 1, '2022-05-05 03:39:44'),
(3315, 14, 251, 0, 0, 0, 0, 1, '2022-05-05 03:39:44'),
(3316, 14, 252, 0, 0, 0, 0, 1, '2022-05-05 03:39:44'),
(3317, 14, 214, 0, 0, 0, 0, 1, '2022-05-05 03:39:44'),
(3318, 14, 215, 0, 0, 0, 0, 1, '2022-05-05 03:39:44'),
(3319, 14, 216, 0, 0, 0, 0, 1, '2022-05-05 03:39:44'),
(3320, 14, 217, 0, 0, 0, 0, 1, '2022-05-05 03:39:44'),
(3321, 14, 218, 0, 0, 0, 0, 1, '2022-05-05 03:39:44'),
(3322, 14, 262, 0, 0, 0, 0, 1, '2022-05-05 03:39:44'),
(3323, 14, 263, 0, 0, 0, 0, 1, '2022-05-05 03:39:44'),
(3324, 14, 92, 0, 0, 0, 0, 1, '2022-05-05 03:39:44'),
(3325, 14, 120, 0, 0, 0, 0, 1, '2022-05-05 03:39:44'),
(3326, 14, 204, 0, 0, 0, 0, 1, '2022-05-05 03:39:44'),
(3327, 14, 205, 0, 0, 0, 0, 1, '2022-05-05 03:39:44'),
(3328, 14, 206, 0, 0, 0, 0, 1, '2022-05-05 03:39:44'),
(3329, 14, 207, 0, 0, 0, 0, 1, '2022-05-05 03:39:44'),
(3330, 14, 208, 0, 0, 0, 0, 1, '2022-05-05 03:39:44'),
(3331, 14, 209, 0, 0, 0, 0, 1, '2022-05-05 03:39:44'),
(3332, 14, 210, 0, 0, 0, 0, 1, '2022-05-05 03:39:44'),
(3333, 14, 211, 0, 0, 0, 0, 1, '2022-05-05 03:39:44'),
(3334, 14, 212, 0, 0, 0, 0, 1, '2022-05-05 03:39:44'),
(3335, 14, 213, 0, 0, 0, 0, 1, '2022-05-05 03:39:44'),
(3336, 14, 16, 1, 1, 1, 0, 1, '2022-05-05 03:39:44'),
(3337, 14, 17, 1, 1, 1, 0, 1, '2022-05-05 03:39:44'),
(3338, 14, 18, 1, 1, 1, 0, 1, '2022-05-05 03:39:44'),
(3339, 14, 19, 1, 1, 1, 0, 1, '2022-05-05 03:39:44'),
(3340, 14, 20, 0, 0, 0, 0, 1, '2022-05-05 03:39:44'),
(3341, 14, 21, 0, 0, 0, 0, 1, '2022-05-05 03:39:44'),
(3342, 14, 22, 0, 0, 0, 0, 1, '2022-05-05 03:39:44'),
(3343, 14, 23, 0, 0, 0, 0, 1, '2022-05-05 03:39:44'),
(3344, 14, 24, 0, 0, 0, 0, 1, '2022-05-05 03:39:44'),
(3345, 14, 25, 0, 0, 0, 0, 1, '2022-05-05 03:39:44'),
(3346, 14, 26, 0, 0, 0, 0, 1, '2022-05-05 03:39:44'),
(3347, 14, 27, 0, 0, 0, 0, 1, '2022-05-05 03:39:44'),
(3348, 14, 28, 0, 0, 0, 0, 1, '2022-05-05 03:39:44'),
(3349, 14, 29, 0, 0, 0, 0, 1, '2022-05-05 03:39:44'),
(3350, 14, 30, 0, 0, 0, 0, 1, '2022-05-05 03:39:44'),
(3351, 14, 31, 0, 0, 0, 0, 1, '2022-05-05 03:39:44'),
(3352, 14, 32, 0, 0, 0, 0, 1, '2022-05-05 03:39:44'),
(3353, 14, 33, 0, 0, 0, 0, 1, '2022-05-05 03:39:44'),
(3354, 14, 34, 0, 0, 0, 0, 1, '2022-05-05 03:39:44'),
(3355, 14, 35, 0, 0, 0, 0, 1, '2022-05-05 03:39:44'),
(3356, 14, 36, 0, 0, 0, 0, 1, '2022-05-05 03:39:44'),
(3357, 14, 37, 0, 0, 0, 0, 1, '2022-05-05 03:39:44'),
(3358, 14, 38, 0, 0, 0, 0, 1, '2022-05-05 03:39:44'),
(3359, 14, 39, 0, 0, 0, 0, 1, '2022-05-05 03:39:44'),
(3360, 14, 40, 0, 0, 0, 0, 1, '2022-05-05 03:39:44'),
(3361, 14, 41, 0, 0, 0, 0, 1, '2022-05-05 03:39:44'),
(3362, 14, 42, 0, 0, 0, 0, 1, '2022-05-05 03:39:44'),
(3363, 14, 43, 0, 0, 0, 0, 1, '2022-05-05 03:39:44'),
(3364, 14, 44, 0, 0, 0, 0, 1, '2022-05-05 03:39:44'),
(3365, 14, 45, 0, 0, 0, 0, 1, '2022-05-05 03:39:44'),
(3366, 14, 46, 0, 0, 0, 0, 1, '2022-05-05 03:39:44'),
(3367, 14, 47, 0, 0, 0, 0, 1, '2022-05-05 03:39:44'),
(3368, 14, 48, 0, 0, 0, 0, 1, '2022-05-05 03:39:44'),
(3369, 14, 49, 0, 0, 0, 0, 1, '2022-05-05 03:39:44'),
(3370, 14, 50, 0, 0, 0, 0, 1, '2022-05-05 03:39:44'),
(3371, 14, 51, 0, 0, 0, 0, 1, '2022-05-05 03:39:44'),
(3372, 14, 52, 0, 0, 0, 0, 1, '2022-05-05 03:39:44'),
(3373, 14, 53, 0, 0, 0, 0, 1, '2022-05-05 03:39:44'),
(3374, 14, 54, 0, 0, 0, 0, 1, '2022-05-05 03:39:44'),
(3375, 14, 55, 0, 0, 0, 0, 1, '2022-05-05 03:39:44'),
(3376, 14, 56, 0, 0, 0, 0, 1, '2022-05-05 03:39:44'),
(3377, 14, 57, 0, 0, 0, 0, 1, '2022-05-05 03:39:44'),
(3378, 14, 58, 0, 0, 0, 0, 1, '2022-05-05 03:39:44'),
(3379, 14, 219, 0, 0, 0, 0, 1, '2022-05-05 03:39:44'),
(3380, 14, 220, 0, 0, 0, 0, 1, '2022-05-05 03:39:44'),
(3381, 14, 221, 0, 0, 0, 0, 1, '2022-05-05 03:39:44'),
(3382, 14, 222, 0, 0, 0, 0, 1, '2022-05-05 03:39:44'),
(3383, 14, 223, 0, 0, 0, 0, 1, '2022-05-05 03:39:44'),
(3384, 14, 224, 0, 0, 0, 0, 1, '2022-05-05 03:39:44'),
(3385, 14, 225, 0, 0, 0, 0, 1, '2022-05-05 03:39:44'),
(3386, 14, 226, 0, 0, 0, 0, 1, '2022-05-05 03:39:44'),
(3387, 14, 227, 0, 0, 0, 0, 1, '2022-05-05 03:39:44'),
(3388, 14, 228, 0, 0, 0, 0, 1, '2022-05-05 03:39:44'),
(3389, 14, 229, 0, 0, 0, 0, 1, '2022-05-05 03:39:44'),
(3390, 14, 230, 0, 0, 0, 0, 1, '2022-05-05 03:39:44'),
(3391, 14, 231, 0, 0, 0, 0, 1, '2022-05-05 03:39:44'),
(3392, 14, 232, 0, 0, 0, 0, 1, '2022-05-05 03:39:44'),
(3393, 14, 233, 0, 0, 0, 0, 1, '2022-05-05 03:39:44'),
(3394, 14, 234, 0, 0, 0, 0, 1, '2022-05-05 03:39:44'),
(3395, 14, 235, 0, 0, 0, 0, 1, '2022-05-05 03:39:44'),
(3396, 14, 236, 0, 0, 0, 0, 1, '2022-05-05 03:39:44'),
(3397, 14, 237, 0, 0, 0, 0, 1, '2022-05-05 03:39:44'),
(3398, 14, 238, 0, 0, 0, 0, 1, '2022-05-05 03:39:44'),
(3399, 14, 239, 0, 0, 0, 0, 1, '2022-05-05 03:39:44'),
(3400, 14, 240, 0, 0, 0, 0, 1, '2022-05-05 03:39:44'),
(3401, 14, 241, 0, 0, 0, 0, 1, '2022-05-05 03:39:44'),
(3402, 14, 242, 0, 0, 0, 0, 1, '2022-05-05 03:39:44'),
(3403, 14, 243, 0, 0, 0, 0, 1, '2022-05-05 03:39:44'),
(3404, 14, 244, 0, 0, 0, 0, 1, '2022-05-05 03:39:44'),
(3405, 14, 245, 0, 0, 0, 0, 1, '2022-05-05 03:39:44'),
(3406, 14, 246, 0, 0, 0, 0, 1, '2022-05-05 03:39:44'),
(3407, 14, 247, 0, 0, 0, 0, 1, '2022-05-05 03:39:44'),
(3408, 14, 248, 0, 0, 0, 0, 1, '2022-05-05 03:39:44'),
(3409, 14, 249, 0, 0, 0, 0, 1, '2022-05-05 03:39:44'),
(3410, 14, 65, 0, 0, 0, 0, 1, '2022-05-05 03:39:44'),
(3411, 14, 66, 0, 0, 0, 0, 1, '2022-05-05 03:39:44'),
(3412, 14, 67, 0, 0, 0, 0, 1, '2022-05-05 03:39:44'),
(3413, 14, 71, 0, 0, 0, 0, 1, '2022-05-05 03:39:44'),
(3414, 14, 253, 0, 0, 0, 0, 1, '2022-05-05 03:39:44'),
(3415, 14, 254, 0, 0, 0, 0, 1, '2022-05-05 03:39:44'),
(3416, 14, 255, 0, 0, 0, 0, 1, '2022-05-05 03:39:44'),
(3417, 14, 256, 0, 0, 0, 0, 1, '2022-05-05 03:39:44'),
(3418, 14, 257, 0, 0, 0, 0, 1, '2022-05-05 03:39:44'),
(3419, 14, 59, 0, 0, 0, 0, 1, '2022-05-05 03:39:44'),
(3420, 14, 60, 0, 0, 0, 0, 1, '2022-05-05 03:39:44'),
(3421, 14, 61, 0, 0, 0, 0, 1, '2022-05-05 03:39:44'),
(3422, 14, 62, 0, 0, 0, 0, 1, '2022-05-05 03:39:44'),
(3423, 14, 63, 1, 1, 1, 0, 1, '2022-05-05 03:39:44'),
(3424, 14, 64, 1, 1, 1, 0, 1, '2022-05-05 03:39:44'),
(3425, 14, 70, 1, 1, 1, 0, 1, '2022-05-05 03:39:44'),
(3426, 14, 82, 1, 1, 1, 0, 1, '2022-05-05 03:39:44'),
(3427, 14, 72, 1, 1, 1, 0, 1, '2022-05-05 03:39:44'),
(3428, 14, 73, 1, 1, 1, 0, 1, '2022-05-05 03:39:44'),
(3429, 14, 74, 1, 1, 1, 0, 1, '2022-05-05 03:39:44'),
(3430, 14, 89, 1, 1, 1, 0, 1, '2022-05-05 03:39:44'),
(3431, 14, 75, 1, 1, 1, 0, 1, '2022-05-05 03:39:44'),
(3432, 14, 88, 1, 1, 1, 0, 1, '2022-05-05 03:39:44'),
(3433, 14, 160, 0, 0, 0, 0, 1, '2022-05-05 03:39:44'),
(3434, 14, 202, 0, 0, 0, 0, 1, '2022-05-05 03:39:44'),
(3435, 14, 203, 0, 0, 0, 0, 1, '2022-05-05 03:39:44'),
(3436, 14, 76, 0, 0, 0, 0, 1, '2022-05-05 03:39:44'),
(3437, 14, 77, 0, 0, 0, 0, 1, '2022-05-05 03:39:44'),
(3438, 14, 78, 0, 0, 0, 0, 1, '2022-05-05 03:39:44'),
(3439, 14, 79, 0, 0, 0, 0, 1, '2022-05-05 03:39:44'),
(3440, 14, 80, 0, 0, 0, 0, 1, '2022-05-05 03:39:44'),
(3441, 14, 81, 0, 0, 0, 0, 1, '2022-05-05 03:39:44'),
(3442, 14, 91, 0, 0, 0, 0, 1, '2022-05-05 03:39:44'),
(3443, 14, 110, 0, 0, 0, 0, 1, '2022-05-05 03:39:44'),
(3444, 14, 165, 0, 0, 0, 0, 1, '2022-05-05 03:39:44'),
(3445, 14, 116, 0, 0, 0, 0, 1, '2022-05-05 03:39:44'),
(3446, 14, 117, 0, 0, 0, 0, 1, '2022-05-05 03:39:44'),
(3447, 14, 258, 0, 0, 0, 0, 1, '2022-05-05 03:39:44'),
(3448, 14, 259, 0, 0, 0, 0, 1, '2022-05-05 03:39:44'),
(3449, 14, 260, 0, 0, 0, 0, 1, '2022-05-05 03:39:44'),
(3450, 14, 261, 0, 0, 0, 0, 1, '2022-05-05 03:39:44'),
(3451, 14, 84, 1, 1, 1, 0, 1, '2022-05-05 03:39:44'),
(3452, 14, 85, 1, 1, 1, 0, 1, '2022-05-05 03:39:44'),
(3453, 14, 86, 1, 1, 1, 0, 1, '2022-05-05 03:39:44'),
(3454, 14, 87, 1, 1, 1, 0, 1, '2022-05-05 03:39:44'),
(3455, 14, 97, 0, 0, 0, 0, 1, '2022-05-05 03:39:44'),
(3456, 14, 119, 0, 0, 0, 0, 1, '2022-05-05 03:39:44'),
(3457, 12, 1, 0, 0, 0, 0, 1, '2022-05-05 03:39:58'),
(3458, 12, 2, 0, 0, 0, 0, 1, '2022-05-05 03:39:58'),
(3459, 12, 3, 0, 0, 0, 0, 1, '2022-05-05 03:39:58'),
(3460, 12, 4, 0, 0, 0, 0, 1, '2022-05-05 03:39:58'),
(3461, 12, 5, 0, 0, 0, 0, 1, '2022-05-05 03:39:58'),
(3462, 12, 6, 0, 0, 0, 0, 1, '2022-05-05 03:39:58'),
(3463, 12, 7, 0, 0, 0, 0, 1, '2022-05-05 03:39:58'),
(3464, 12, 8, 0, 0, 0, 0, 1, '2022-05-05 03:39:58'),
(3465, 12, 9, 0, 0, 0, 0, 1, '2022-05-05 03:39:58'),
(3466, 12, 10, 0, 0, 0, 0, 1, '2022-05-05 03:39:58'),
(3467, 12, 11, 0, 0, 0, 0, 1, '2022-05-05 03:39:58'),
(3468, 12, 12, 0, 0, 0, 0, 1, '2022-05-05 03:39:58'),
(3469, 12, 13, 0, 0, 0, 0, 1, '2022-05-05 03:39:58'),
(3470, 12, 14, 0, 0, 0, 0, 1, '2022-05-05 03:39:58'),
(3471, 12, 15, 0, 0, 0, 0, 1, '2022-05-05 03:39:58'),
(3472, 12, 155, 0, 0, 0, 0, 1, '2022-05-05 03:39:58'),
(3473, 12, 156, 0, 0, 0, 0, 1, '2022-05-05 03:39:58'),
(3474, 12, 157, 0, 0, 0, 0, 1, '2022-05-05 03:39:58'),
(3475, 12, 158, 0, 0, 0, 0, 1, '2022-05-05 03:39:58'),
(3476, 12, 68, 0, 0, 0, 0, 1, '2022-05-05 03:39:58'),
(3477, 12, 69, 0, 0, 0, 0, 1, '2022-05-05 03:39:58'),
(3478, 12, 83, 0, 0, 0, 0, 1, '2022-05-05 03:39:58'),
(3479, 12, 96, 0, 0, 0, 0, 1, '2022-05-05 03:39:58'),
(3480, 12, 113, 0, 0, 0, 0, 1, '2022-05-05 03:39:58'),
(3481, 12, 250, 0, 0, 0, 0, 1, '2022-05-05 03:39:58'),
(3482, 12, 251, 0, 0, 0, 0, 1, '2022-05-05 03:39:58'),
(3483, 12, 252, 0, 0, 0, 0, 1, '2022-05-05 03:39:58'),
(3484, 12, 214, 0, 0, 0, 0, 1, '2022-05-05 03:39:58'),
(3485, 12, 215, 0, 0, 0, 0, 1, '2022-05-05 03:39:58'),
(3486, 12, 216, 0, 0, 0, 0, 1, '2022-05-05 03:39:58'),
(3487, 12, 217, 0, 0, 0, 0, 1, '2022-05-05 03:39:58'),
(3488, 12, 218, 0, 0, 0, 0, 1, '2022-05-05 03:39:58'),
(3489, 12, 262, 0, 0, 0, 0, 1, '2022-05-05 03:39:58'),
(3490, 12, 263, 0, 0, 0, 0, 1, '2022-05-05 03:39:58'),
(3491, 12, 92, 0, 0, 0, 0, 1, '2022-05-05 03:39:58'),
(3492, 12, 120, 0, 0, 0, 0, 1, '2022-05-05 03:39:58'),
(3493, 12, 204, 0, 0, 0, 0, 1, '2022-05-05 03:39:58'),
(3494, 12, 205, 0, 0, 0, 0, 1, '2022-05-05 03:39:58'),
(3495, 12, 206, 0, 0, 0, 0, 1, '2022-05-05 03:39:58'),
(3496, 12, 207, 0, 0, 0, 0, 1, '2022-05-05 03:39:58'),
(3497, 12, 208, 0, 0, 0, 0, 1, '2022-05-05 03:39:58'),
(3498, 12, 209, 0, 0, 0, 0, 1, '2022-05-05 03:39:58'),
(3499, 12, 210, 0, 0, 0, 0, 1, '2022-05-05 03:39:58'),
(3500, 12, 211, 0, 0, 0, 0, 1, '2022-05-05 03:39:58'),
(3501, 12, 212, 0, 0, 0, 0, 1, '2022-05-05 03:39:58'),
(3502, 12, 213, 0, 0, 0, 0, 1, '2022-05-05 03:39:58'),
(3503, 12, 16, 0, 0, 0, 0, 1, '2022-05-05 03:39:58'),
(3504, 12, 17, 0, 0, 0, 0, 1, '2022-05-05 03:39:58'),
(3505, 12, 18, 0, 0, 0, 0, 1, '2022-05-05 03:39:58'),
(3506, 12, 19, 0, 0, 0, 0, 1, '2022-05-05 03:39:58'),
(3507, 12, 20, 0, 0, 0, 0, 1, '2022-05-05 03:39:58'),
(3508, 12, 21, 0, 0, 0, 0, 1, '2022-05-05 03:39:58'),
(3509, 12, 22, 0, 0, 0, 0, 1, '2022-05-05 03:39:58'),
(3510, 12, 23, 0, 0, 0, 0, 1, '2022-05-05 03:39:58'),
(3511, 12, 24, 0, 0, 0, 0, 1, '2022-05-05 03:39:58'),
(3512, 12, 25, 0, 0, 0, 0, 1, '2022-05-05 03:39:58'),
(3513, 12, 26, 0, 0, 0, 0, 1, '2022-05-05 03:39:58'),
(3514, 12, 27, 0, 0, 0, 0, 1, '2022-05-05 03:39:58'),
(3515, 12, 28, 0, 0, 0, 0, 1, '2022-05-05 03:39:58'),
(3516, 12, 29, 0, 0, 0, 0, 1, '2022-05-05 03:39:58'),
(3517, 12, 30, 0, 0, 0, 0, 1, '2022-05-05 03:39:58'),
(3518, 12, 31, 0, 0, 0, 0, 1, '2022-05-05 03:39:58'),
(3519, 12, 32, 0, 0, 0, 0, 1, '2022-05-05 03:39:58'),
(3520, 12, 33, 0, 0, 0, 0, 1, '2022-05-05 03:39:58'),
(3521, 12, 34, 0, 0, 0, 0, 1, '2022-05-05 03:39:58'),
(3522, 12, 35, 0, 0, 0, 0, 1, '2022-05-05 03:39:58'),
(3523, 12, 36, 0, 0, 0, 0, 1, '2022-05-05 03:39:58'),
(3524, 12, 37, 0, 0, 0, 0, 1, '2022-05-05 03:39:58'),
(3525, 12, 38, 0, 0, 0, 0, 1, '2022-05-05 03:39:58'),
(3526, 12, 39, 0, 0, 0, 0, 1, '2022-05-05 03:39:58'),
(3527, 12, 40, 0, 0, 0, 0, 1, '2022-05-05 03:39:58'),
(3528, 12, 41, 0, 0, 0, 0, 1, '2022-05-05 03:39:58'),
(3529, 12, 42, 0, 0, 0, 0, 1, '2022-05-05 03:39:58'),
(3530, 12, 43, 0, 0, 0, 0, 1, '2022-05-05 03:39:58'),
(3531, 12, 44, 0, 0, 0, 0, 1, '2022-05-05 03:39:58'),
(3532, 12, 45, 0, 0, 0, 0, 1, '2022-05-05 03:39:58'),
(3533, 12, 46, 0, 0, 0, 0, 1, '2022-05-05 03:39:58'),
(3534, 12, 47, 0, 0, 0, 0, 1, '2022-05-05 03:39:58'),
(3535, 12, 48, 0, 0, 0, 0, 1, '2022-05-05 03:39:58'),
(3536, 12, 49, 0, 0, 0, 0, 1, '2022-05-05 03:39:58'),
(3537, 12, 50, 0, 0, 0, 0, 1, '2022-05-05 03:39:58'),
(3538, 12, 51, 0, 0, 0, 0, 1, '2022-05-05 03:39:58'),
(3539, 12, 52, 0, 0, 0, 0, 1, '2022-05-05 03:39:58'),
(3540, 12, 53, 0, 0, 0, 0, 1, '2022-05-05 03:39:58'),
(3541, 12, 54, 0, 0, 0, 0, 1, '2022-05-05 03:39:58'),
(3542, 12, 55, 0, 0, 0, 0, 1, '2022-05-05 03:39:58'),
(3543, 12, 56, 0, 0, 0, 0, 1, '2022-05-05 03:39:58'),
(3544, 12, 57, 0, 0, 0, 0, 1, '2022-05-05 03:39:58'),
(3545, 12, 58, 0, 0, 0, 0, 1, '2022-05-05 03:39:58'),
(3546, 12, 219, 0, 0, 0, 0, 1, '2022-05-05 03:39:58'),
(3547, 12, 220, 0, 0, 0, 0, 1, '2022-05-05 03:39:58'),
(3548, 12, 221, 0, 0, 0, 0, 1, '2022-05-05 03:39:58'),
(3549, 12, 222, 0, 0, 0, 0, 1, '2022-05-05 03:39:58'),
(3550, 12, 223, 0, 0, 0, 0, 1, '2022-05-05 03:39:58'),
(3551, 12, 224, 0, 0, 0, 0, 1, '2022-05-05 03:39:58'),
(3552, 12, 225, 0, 0, 0, 0, 1, '2022-05-05 03:39:58'),
(3553, 12, 226, 0, 0, 0, 0, 1, '2022-05-05 03:39:58'),
(3554, 12, 227, 0, 0, 0, 0, 1, '2022-05-05 03:39:58'),
(3555, 12, 228, 0, 0, 0, 0, 1, '2022-05-05 03:39:58'),
(3556, 12, 229, 0, 0, 0, 0, 1, '2022-05-05 03:39:58'),
(3557, 12, 230, 0, 0, 0, 0, 1, '2022-05-05 03:39:58'),
(3558, 12, 231, 0, 0, 0, 0, 1, '2022-05-05 03:39:58'),
(3559, 12, 232, 0, 0, 0, 0, 1, '2022-05-05 03:39:58'),
(3560, 12, 233, 0, 0, 0, 0, 1, '2022-05-05 03:39:58'),
(3561, 12, 234, 0, 0, 0, 0, 1, '2022-05-05 03:39:58'),
(3562, 12, 235, 0, 0, 0, 0, 1, '2022-05-05 03:39:58'),
(3563, 12, 236, 0, 0, 0, 0, 1, '2022-05-05 03:39:58'),
(3564, 12, 237, 0, 0, 0, 0, 1, '2022-05-05 03:39:58'),
(3565, 12, 238, 0, 0, 0, 0, 1, '2022-05-05 03:39:58'),
(3566, 12, 239, 0, 0, 0, 0, 1, '2022-05-05 03:39:58'),
(3567, 12, 240, 0, 0, 0, 0, 1, '2022-05-05 03:39:58'),
(3568, 12, 241, 0, 0, 0, 0, 1, '2022-05-05 03:39:58'),
(3569, 12, 242, 0, 0, 0, 0, 1, '2022-05-05 03:39:58'),
(3570, 12, 243, 0, 0, 0, 0, 1, '2022-05-05 03:39:58'),
(3571, 12, 244, 0, 0, 0, 0, 1, '2022-05-05 03:39:58'),
(3572, 12, 245, 0, 0, 0, 0, 1, '2022-05-05 03:39:58'),
(3573, 12, 246, 0, 0, 0, 0, 1, '2022-05-05 03:39:58'),
(3574, 12, 247, 0, 0, 0, 0, 1, '2022-05-05 03:39:58'),
(3575, 12, 248, 0, 0, 0, 0, 1, '2022-05-05 03:39:58'),
(3576, 12, 249, 0, 0, 0, 0, 1, '2022-05-05 03:39:58'),
(3577, 12, 65, 0, 0, 0, 0, 1, '2022-05-05 03:39:58'),
(3578, 12, 66, 0, 0, 0, 0, 1, '2022-05-05 03:39:58'),
(3579, 12, 67, 0, 0, 0, 0, 1, '2022-05-05 03:39:58'),
(3580, 12, 71, 0, 0, 0, 0, 1, '2022-05-05 03:39:58'),
(3581, 12, 253, 0, 0, 0, 0, 1, '2022-05-05 03:39:58'),
(3582, 12, 254, 0, 0, 0, 0, 1, '2022-05-05 03:39:58'),
(3583, 12, 255, 0, 0, 0, 0, 1, '2022-05-05 03:39:58'),
(3584, 12, 256, 0, 0, 0, 0, 1, '2022-05-05 03:39:58'),
(3585, 12, 257, 0, 0, 0, 0, 1, '2022-05-05 03:39:58'),
(3586, 12, 59, 0, 0, 0, 0, 1, '2022-05-05 03:39:58'),
(3587, 12, 60, 0, 0, 0, 0, 1, '2022-05-05 03:39:58'),
(3588, 12, 61, 0, 0, 0, 0, 1, '2022-05-05 03:39:58'),
(3589, 12, 62, 0, 0, 0, 0, 1, '2022-05-05 03:39:58'),
(3590, 12, 63, 0, 0, 0, 0, 1, '2022-05-05 03:39:58'),
(3591, 12, 64, 0, 0, 0, 0, 1, '2022-05-05 03:39:58'),
(3592, 12, 70, 0, 0, 0, 0, 1, '2022-05-05 03:39:58'),
(3593, 12, 82, 0, 0, 0, 0, 1, '2022-05-05 03:39:58'),
(3594, 12, 72, 0, 0, 0, 0, 1, '2022-05-05 03:39:58'),
(3595, 12, 73, 0, 0, 0, 0, 1, '2022-05-05 03:39:58'),
(3596, 12, 74, 0, 0, 0, 0, 1, '2022-05-05 03:39:58'),
(3597, 12, 89, 0, 0, 0, 0, 1, '2022-05-05 03:39:58'),
(3598, 12, 75, 0, 0, 0, 0, 1, '2022-05-05 03:39:58'),
(3599, 12, 88, 0, 0, 0, 0, 1, '2022-05-05 03:39:58'),
(3600, 12, 160, 0, 0, 0, 0, 1, '2022-05-05 03:39:58'),
(3601, 12, 202, 0, 0, 0, 0, 1, '2022-05-05 03:39:58'),
(3602, 12, 203, 0, 0, 0, 0, 1, '2022-05-05 03:39:58'),
(3603, 12, 76, 0, 0, 0, 0, 1, '2022-05-05 03:39:58'),
(3604, 12, 77, 0, 0, 0, 0, 1, '2022-05-05 03:39:58'),
(3605, 12, 78, 0, 0, 0, 0, 1, '2022-05-05 03:39:58'),
(3606, 12, 79, 0, 0, 0, 0, 1, '2022-05-05 03:39:58'),
(3607, 12, 80, 0, 0, 0, 0, 1, '2022-05-05 03:39:58'),
(3608, 12, 81, 0, 0, 0, 0, 1, '2022-05-05 03:39:58'),
(3609, 12, 91, 0, 0, 0, 0, 1, '2022-05-05 03:39:58'),
(3610, 12, 110, 0, 0, 0, 0, 1, '2022-05-05 03:39:58'),
(3611, 12, 165, 0, 0, 0, 0, 1, '2022-05-05 03:39:58'),
(3612, 12, 116, 0, 0, 0, 0, 1, '2022-05-05 03:39:58'),
(3613, 12, 117, 0, 0, 0, 0, 1, '2022-05-05 03:39:58'),
(3614, 12, 258, 0, 0, 0, 0, 1, '2022-05-05 03:39:58'),
(3615, 12, 259, 0, 0, 0, 0, 1, '2022-05-05 03:39:58'),
(3616, 12, 260, 0, 0, 0, 0, 1, '2022-05-05 03:39:58'),
(3617, 12, 261, 0, 0, 0, 0, 1, '2022-05-05 03:39:58'),
(3618, 12, 84, 0, 0, 0, 0, 1, '2022-05-05 03:39:58'),
(3619, 12, 85, 0, 0, 0, 0, 1, '2022-05-05 03:39:58'),
(3620, 12, 86, 0, 0, 0, 0, 1, '2022-05-05 03:39:58'),
(3621, 12, 87, 0, 0, 0, 0, 1, '2022-05-05 03:39:58'),
(3622, 12, 97, 0, 0, 0, 0, 1, '2022-05-05 03:39:58'),
(3623, 12, 119, 0, 0, 0, 0, 1, '2022-05-05 03:39:58'),
(3624, 7, 1, 1, 1, 1, 1, 1, '2022-05-05 03:40:15'),
(3625, 7, 2, 1, 1, 1, 1, 1, '2022-05-05 03:40:15'),
(3626, 7, 3, 1, 1, 1, 1, 1, '2022-05-05 03:40:15'),
(3627, 7, 4, 1, 1, 1, 1, 1, '2022-05-05 03:40:15'),
(3628, 7, 5, 1, 1, 1, 1, 1, '2022-05-05 03:40:15'),
(3629, 7, 6, 1, 1, 1, 1, 1, '2022-05-05 03:40:15'),
(3630, 7, 7, 1, 1, 1, 1, 1, '2022-05-05 03:40:15'),
(3631, 7, 8, 1, 1, 1, 1, 1, '2022-05-05 03:40:15'),
(3632, 7, 9, 1, 1, 1, 1, 1, '2022-05-05 03:40:15'),
(3633, 7, 10, 1, 1, 1, 1, 1, '2022-05-05 03:40:15'),
(3634, 7, 11, 1, 1, 1, 1, 1, '2022-05-05 03:40:15'),
(3635, 7, 12, 1, 1, 1, 1, 1, '2022-05-05 03:40:15'),
(3636, 7, 13, 1, 1, 1, 1, 1, '2022-05-05 03:40:15'),
(3637, 7, 14, 1, 1, 1, 1, 1, '2022-05-05 03:40:15'),
(3638, 7, 15, 1, 1, 1, 1, 1, '2022-05-05 03:40:15'),
(3639, 7, 155, 0, 0, 0, 0, 1, '2022-05-05 03:40:15'),
(3640, 7, 156, 0, 0, 0, 0, 1, '2022-05-05 03:40:15'),
(3641, 7, 157, 0, 0, 0, 0, 1, '2022-05-05 03:40:15'),
(3642, 7, 158, 0, 0, 0, 0, 1, '2022-05-05 03:40:15'),
(3643, 7, 68, 1, 1, 1, 1, 1, '2022-05-05 03:40:15'),
(3644, 7, 69, 1, 1, 1, 1, 1, '2022-05-05 03:40:15'),
(3645, 7, 83, 0, 0, 0, 0, 1, '2022-05-05 03:40:15'),
(3646, 7, 96, 0, 0, 0, 0, 1, '2022-05-05 03:40:15'),
(3647, 7, 113, 0, 0, 0, 0, 1, '2022-05-05 03:40:15'),
(3648, 7, 250, 0, 0, 0, 0, 1, '2022-05-05 03:40:15'),
(3649, 7, 251, 0, 0, 0, 0, 1, '2022-05-05 03:40:15'),
(3650, 7, 252, 0, 0, 0, 0, 1, '2022-05-05 03:40:15'),
(3651, 7, 214, 0, 0, 0, 0, 1, '2022-05-05 03:40:15'),
(3652, 7, 215, 0, 0, 0, 0, 1, '2022-05-05 03:40:15'),
(3653, 7, 216, 0, 0, 0, 0, 1, '2022-05-05 03:40:15'),
(3654, 7, 217, 0, 0, 0, 0, 1, '2022-05-05 03:40:15'),
(3655, 7, 218, 0, 0, 0, 0, 1, '2022-05-05 03:40:15'),
(3656, 7, 262, 0, 0, 0, 0, 1, '2022-05-05 03:40:15'),
(3657, 7, 263, 0, 0, 0, 0, 1, '2022-05-05 03:40:15'),
(3658, 7, 92, 0, 0, 0, 0, 1, '2022-05-05 03:40:15'),
(3659, 7, 120, 0, 0, 0, 0, 1, '2022-05-05 03:40:15'),
(3660, 7, 204, 0, 0, 0, 0, 1, '2022-05-05 03:40:15'),
(3661, 7, 205, 0, 0, 0, 0, 1, '2022-05-05 03:40:15'),
(3662, 7, 206, 0, 0, 0, 0, 1, '2022-05-05 03:40:15'),
(3663, 7, 207, 0, 0, 0, 0, 1, '2022-05-05 03:40:15'),
(3664, 7, 208, 0, 0, 0, 0, 1, '2022-05-05 03:40:15'),
(3665, 7, 209, 0, 0, 0, 0, 1, '2022-05-05 03:40:15'),
(3666, 7, 210, 0, 0, 0, 0, 1, '2022-05-05 03:40:15'),
(3667, 7, 211, 0, 0, 0, 0, 1, '2022-05-05 03:40:15'),
(3668, 7, 212, 0, 0, 0, 0, 1, '2022-05-05 03:40:15'),
(3669, 7, 213, 0, 0, 0, 0, 1, '2022-05-05 03:40:15'),
(3670, 7, 16, 0, 0, 0, 0, 1, '2022-05-05 03:40:15'),
(3671, 7, 17, 0, 0, 0, 0, 1, '2022-05-05 03:40:15'),
(3672, 7, 18, 0, 0, 0, 0, 1, '2022-05-05 03:40:15'),
(3673, 7, 19, 0, 0, 0, 0, 1, '2022-05-05 03:40:15'),
(3674, 7, 20, 0, 0, 0, 0, 1, '2022-05-05 03:40:15'),
(3675, 7, 21, 0, 0, 0, 0, 1, '2022-05-05 03:40:15'),
(3676, 7, 22, 0, 0, 0, 0, 1, '2022-05-05 03:40:15'),
(3677, 7, 23, 0, 0, 0, 0, 1, '2022-05-05 03:40:15'),
(3678, 7, 24, 0, 0, 0, 0, 1, '2022-05-05 03:40:15'),
(3679, 7, 25, 0, 0, 0, 0, 1, '2022-05-05 03:40:15'),
(3680, 7, 26, 0, 0, 0, 0, 1, '2022-05-05 03:40:15'),
(3681, 7, 27, 0, 0, 0, 0, 1, '2022-05-05 03:40:15'),
(3682, 7, 28, 0, 0, 0, 0, 1, '2022-05-05 03:40:15'),
(3683, 7, 29, 0, 0, 0, 0, 1, '2022-05-05 03:40:15'),
(3684, 7, 30, 0, 0, 0, 0, 1, '2022-05-05 03:40:15'),
(3685, 7, 31, 0, 0, 0, 0, 1, '2022-05-05 03:40:15'),
(3686, 7, 32, 0, 0, 0, 0, 1, '2022-05-05 03:40:15'),
(3687, 7, 33, 0, 0, 0, 0, 1, '2022-05-05 03:40:15'),
(3688, 7, 34, 0, 0, 0, 0, 1, '2022-05-05 03:40:15'),
(3689, 7, 35, 0, 0, 0, 0, 1, '2022-05-05 03:40:15'),
(3690, 7, 36, 0, 0, 0, 0, 1, '2022-05-05 03:40:15'),
(3691, 7, 37, 0, 0, 0, 0, 1, '2022-05-05 03:40:15'),
(3692, 7, 38, 0, 0, 0, 0, 1, '2022-05-05 03:40:15'),
(3693, 7, 39, 0, 0, 0, 0, 1, '2022-05-05 03:40:15'),
(3694, 7, 40, 0, 0, 0, 0, 1, '2022-05-05 03:40:15'),
(3695, 7, 41, 0, 0, 0, 0, 1, '2022-05-05 03:40:15'),
(3696, 7, 42, 0, 0, 0, 0, 1, '2022-05-05 03:40:15'),
(3697, 7, 43, 0, 0, 0, 0, 1, '2022-05-05 03:40:15'),
(3698, 7, 44, 0, 0, 0, 0, 1, '2022-05-05 03:40:15'),
(3699, 7, 45, 0, 0, 0, 0, 1, '2022-05-05 03:40:15'),
(3700, 7, 46, 0, 0, 0, 0, 1, '2022-05-05 03:40:15'),
(3701, 7, 47, 0, 0, 0, 0, 1, '2022-05-05 03:40:15'),
(3702, 7, 48, 0, 0, 0, 0, 1, '2022-05-05 03:40:15'),
(3703, 7, 49, 0, 0, 0, 0, 1, '2022-05-05 03:40:15'),
(3704, 7, 50, 0, 0, 0, 0, 1, '2022-05-05 03:40:15'),
(3705, 7, 51, 0, 0, 0, 0, 1, '2022-05-05 03:40:15'),
(3706, 7, 52, 0, 0, 0, 0, 1, '2022-05-05 03:40:15'),
(3707, 7, 53, 0, 0, 0, 0, 1, '2022-05-05 03:40:15'),
(3708, 7, 54, 0, 0, 0, 0, 1, '2022-05-05 03:40:15'),
(3709, 7, 55, 0, 0, 0, 0, 1, '2022-05-05 03:40:15'),
(3710, 7, 56, 0, 0, 0, 0, 1, '2022-05-05 03:40:15'),
(3711, 7, 57, 0, 0, 0, 0, 1, '2022-05-05 03:40:15'),
(3712, 7, 58, 0, 0, 0, 0, 1, '2022-05-05 03:40:15'),
(3713, 7, 219, 0, 0, 0, 0, 1, '2022-05-05 03:40:15'),
(3714, 7, 220, 0, 0, 0, 0, 1, '2022-05-05 03:40:15'),
(3715, 7, 221, 0, 0, 0, 0, 1, '2022-05-05 03:40:15'),
(3716, 7, 222, 0, 0, 0, 0, 1, '2022-05-05 03:40:15'),
(3717, 7, 223, 0, 0, 0, 0, 1, '2022-05-05 03:40:15'),
(3718, 7, 224, 0, 0, 0, 0, 1, '2022-05-05 03:40:15'),
(3719, 7, 225, 0, 0, 0, 0, 1, '2022-05-05 03:40:15'),
(3720, 7, 226, 0, 0, 0, 0, 1, '2022-05-05 03:40:15'),
(3721, 7, 227, 0, 0, 0, 0, 1, '2022-05-05 03:40:15'),
(3722, 7, 228, 0, 0, 0, 0, 1, '2022-05-05 03:40:15'),
(3723, 7, 229, 0, 0, 0, 0, 1, '2022-05-05 03:40:15'),
(3724, 7, 230, 0, 0, 0, 0, 1, '2022-05-05 03:40:15'),
(3725, 7, 231, 0, 0, 0, 0, 1, '2022-05-05 03:40:15'),
(3726, 7, 232, 0, 0, 0, 0, 1, '2022-05-05 03:40:15'),
(3727, 7, 233, 0, 0, 0, 0, 1, '2022-05-05 03:40:15'),
(3728, 7, 234, 0, 0, 0, 0, 1, '2022-05-05 03:40:15'),
(3729, 7, 235, 0, 0, 0, 0, 1, '2022-05-05 03:40:15'),
(3730, 7, 236, 0, 0, 0, 0, 1, '2022-05-05 03:40:15'),
(3731, 7, 237, 0, 0, 0, 0, 1, '2022-05-05 03:40:15'),
(3732, 7, 238, 0, 0, 0, 0, 1, '2022-05-05 03:40:15'),
(3733, 7, 239, 0, 0, 0, 0, 1, '2022-05-05 03:40:15'),
(3734, 7, 240, 0, 0, 0, 0, 1, '2022-05-05 03:40:15'),
(3735, 7, 241, 0, 0, 0, 0, 1, '2022-05-05 03:40:15'),
(3736, 7, 242, 0, 0, 0, 0, 1, '2022-05-05 03:40:15'),
(3737, 7, 243, 0, 0, 0, 0, 1, '2022-05-05 03:40:15'),
(3738, 7, 244, 0, 0, 0, 0, 1, '2022-05-05 03:40:15'),
(3739, 7, 245, 0, 0, 0, 0, 1, '2022-05-05 03:40:15'),
(3740, 7, 246, 0, 0, 0, 0, 1, '2022-05-05 03:40:15'),
(3741, 7, 247, 0, 0, 0, 0, 1, '2022-05-05 03:40:15'),
(3742, 7, 248, 0, 0, 0, 0, 1, '2022-05-05 03:40:15'),
(3743, 7, 249, 0, 0, 0, 0, 1, '2022-05-05 03:40:15'),
(3744, 7, 65, 1, 1, 1, 1, 1, '2022-05-05 03:40:15'),
(3745, 7, 66, 1, 1, 1, 1, 1, '2022-05-05 03:40:15'),
(3746, 7, 67, 1, 1, 1, 1, 1, '2022-05-05 03:40:15'),
(3747, 7, 71, 1, 1, 1, 1, 1, '2022-05-05 03:40:15'),
(3748, 7, 253, 0, 0, 0, 0, 1, '2022-05-05 03:40:15'),
(3749, 7, 254, 0, 0, 0, 0, 1, '2022-05-05 03:40:15'),
(3750, 7, 255, 0, 0, 0, 0, 1, '2022-05-05 03:40:15'),
(3751, 7, 256, 0, 0, 0, 0, 1, '2022-05-05 03:40:15'),
(3752, 7, 257, 0, 0, 0, 0, 1, '2022-05-05 03:40:15'),
(3753, 7, 59, 1, 1, 1, 1, 1, '2022-05-05 03:40:15'),
(3754, 7, 60, 1, 1, 1, 1, 1, '2022-05-05 03:40:15'),
(3755, 7, 61, 1, 1, 1, 1, 1, '2022-05-05 03:40:15'),
(3756, 7, 62, 1, 1, 1, 1, 1, '2022-05-05 03:40:15'),
(3757, 7, 63, 1, 1, 1, 1, 1, '2022-05-05 03:40:15'),
(3758, 7, 64, 1, 1, 1, 1, 1, '2022-05-05 03:40:15'),
(3759, 7, 70, 1, 1, 1, 1, 1, '2022-05-05 03:40:15'),
(3760, 7, 82, 1, 1, 1, 1, 1, '2022-05-05 03:40:15'),
(3761, 7, 72, 1, 1, 1, 1, 1, '2022-05-05 03:40:15'),
(3762, 7, 73, 1, 1, 1, 1, 1, '2022-05-05 03:40:15'),
(3763, 7, 74, 1, 1, 1, 1, 1, '2022-05-05 03:40:15'),
(3764, 7, 89, 0, 0, 0, 0, 1, '2022-05-05 03:40:15'),
(3765, 7, 75, 1, 1, 1, 1, 1, '2022-05-05 03:40:15'),
(3766, 7, 88, 0, 0, 0, 0, 1, '2022-05-05 03:40:15'),
(3767, 7, 160, 0, 0, 0, 0, 1, '2022-05-05 03:40:15'),
(3768, 7, 202, 0, 0, 0, 0, 1, '2022-05-05 03:40:15'),
(3769, 7, 203, 0, 0, 0, 0, 1, '2022-05-05 03:40:15'),
(3770, 7, 76, 1, 1, 1, 1, 1, '2022-05-05 03:40:15'),
(3771, 7, 77, 1, 1, 1, 1, 1, '2022-05-05 03:40:15'),
(3772, 7, 78, 1, 1, 1, 1, 1, '2022-05-05 03:40:15'),
(3773, 7, 79, 1, 1, 1, 1, 1, '2022-05-05 03:40:15'),
(3774, 7, 80, 1, 1, 1, 1, 1, '2022-05-05 03:40:15'),
(3775, 7, 81, 1, 1, 1, 1, 1, '2022-05-05 03:40:15'),
(3776, 7, 91, 0, 0, 0, 0, 1, '2022-05-05 03:40:15'),
(3777, 7, 110, 0, 0, 0, 0, 1, '2022-05-05 03:40:15'),
(3778, 7, 165, 0, 0, 0, 0, 1, '2022-05-05 03:40:15'),
(3779, 7, 116, 0, 0, 0, 0, 1, '2022-05-05 03:40:15'),
(3780, 7, 117, 0, 0, 0, 0, 1, '2022-05-05 03:40:15'),
(3781, 7, 258, 0, 0, 0, 0, 1, '2022-05-05 03:40:15'),
(3782, 7, 259, 0, 0, 0, 0, 1, '2022-05-05 03:40:15'),
(3783, 7, 260, 0, 0, 0, 0, 1, '2022-05-05 03:40:15'),
(3784, 7, 261, 0, 0, 0, 0, 1, '2022-05-05 03:40:15'),
(3785, 7, 84, 0, 0, 0, 0, 1, '2022-05-05 03:40:15'),
(3786, 7, 85, 0, 0, 0, 0, 1, '2022-05-05 03:40:15'),
(3787, 7, 86, 0, 0, 0, 0, 1, '2022-05-05 03:40:15'),
(3788, 7, 87, 0, 0, 0, 0, 1, '2022-05-05 03:40:15'),
(3789, 7, 97, 0, 0, 0, 0, 1, '2022-05-05 03:40:15'),
(3790, 7, 119, 0, 0, 0, 0, 1, '2022-05-05 03:40:15');

-- --------------------------------------------------------

--
-- Table structure for table `sec_role_tbl`
--

CREATE TABLE `sec_role_tbl` (
  `role_id` int(11) NOT NULL,
  `role_name` text NOT NULL,
  `role_description` text NOT NULL,
  `create_by` int(11) DEFAULT NULL,
  `date_time` datetime DEFAULT NULL,
  `role_status` int(11) NOT NULL DEFAULT 1
) ENGINE=InnoDB DEFAULT CHARSET=utf8 COLLATE=utf8_general_ci;

--
-- Dumping data for table `sec_role_tbl`
--

INSERT INTO `sec_role_tbl` (`role_id`, `role_name`, `role_description`, `create_by`, `date_time`, `role_status`) VALUES
(7, 'Manager ', 'Hotel Manager access for All Levels', 1, '2019-11-17 11:46:11', 1),
(12, 'Cashier', 'Access to charges and POS', 1, '2020-11-29 01:12:42', 1),
(14, 'Moderator', 'Controls CMS Contents and Settings', 1, '2021-01-10 06:31:46', 1),
(15, 'Reservation', 'Access to Booking and Reservation', 1, '2021-01-10 09:23:15', 1),
(16, 'Manager In-Charge', 'Access to All Modules of the ePMS', 1, '2021-09-13 02:19:50', 1);

-- --------------------------------------------------------

--
-- Table structure for table `sec_user_access_tbl`
--

CREATE TABLE `sec_user_access_tbl` (
  `role_acc_id` int(11) NOT NULL,
  `fk_role_id` int(11) NOT NULL,
  `fk_user_id` int(11) NOT NULL
) ENGINE=InnoDB DEFAULT CHARSET=utf8 COLLATE=utf8_general_ci;

--
-- Dumping data for table `sec_user_access_tbl`
--

INSERT INTO `sec_user_access_tbl` (`role_acc_id`, `fk_role_id`, `fk_user_id`) VALUES
(7, 7, 4),
(9, 1, 177),
(10, 1, 3),
(11, 8, 3),
(12, 1, 3),
(13, 1, 3),
(14, 1, 3),
(19, 7, 180),
(24, 14, 193),
(28, 15, 194),
(32, 15, 197),
(33, 16, 19),
(34, 7, 2),
(35, 12, 2),
(36, 14, 2),
(37, 15, 2),
(38, 16, 2);

-- --------------------------------------------------------

--
-- Table structure for table `setting`
--

CREATE TABLE `setting` (
  `id` int(11) NOT NULL,
  `title` varchar(255) DEFAULT NULL,
  `storename` varchar(100) DEFAULT NULL,
  `address` text DEFAULT NULL,
  `email` varchar(50) DEFAULT NULL,
  `phone` varchar(20) DEFAULT NULL,
  `logo` varchar(50) DEFAULT NULL,
  `splash_logo` varchar(255) NOT NULL,
  `favicon` varchar(100) DEFAULT NULL,
  `vat` int(11) NOT NULL DEFAULT 0,
  `isvatnumshow` int(11) DEFAULT 0,
  `vattinno` varchar(30) DEFAULT NULL,
  `servicecharge` int(11) NOT NULL DEFAULT 0,
  `discount_type` int(11) NOT NULL DEFAULT 0 COMMENT '0=amount,1=percent',
  `service_chargeType` int(11) NOT NULL DEFAULT 0 COMMENT '0=amount,1=percent',
  `discountrate` decimal(19,3) NOT NULL DEFAULT 0.000,
  `country` varchar(100) DEFAULT NULL,
  `map_key` varchar(255) DEFAULT NULL,
  `latitude` double(10,4) DEFAULT NULL,
  `longitude` double(10,4) DEFAULT NULL,
  `currency` int(11) DEFAULT 0,
  `language` varchar(100) DEFAULT NULL,
  `timezone` varchar(150) NOT NULL,
  `checkintime` time NOT NULL,
  `checkouttime` time NOT NULL,
  `dateformat` text NOT NULL,
  `site_align` varchar(50) DEFAULT NULL,
  `pricetxt` text DEFAULT NULL,
  `powerbytxt` text DEFAULT NULL,
  `footer_text` varchar(255) DEFAULT NULL
) ENGINE=InnoDB DEFAULT CHARSET=utf8 COLLATE=utf8_general_ci;

--
-- Dumping data for table `setting`
--

INSERT INTO `setting` (`id`, `title`, `storename`, `address`, `email`, `phone`, `logo`, `splash_logo`, `favicon`, `vat`, `isvatnumshow`, `vattinno`, `servicecharge`, `discount_type`, `service_chargeType`, `discountrate`, `country`, `map_key`, `latitude`, `longitude`, `currency`, `language`, `timezone`, `checkintime`, `checkouttime`, `dateformat`, `site_align`, `pricetxt`, `powerbytxt`, `footer_text`) VALUES
(2, 'NMSC Hotel ePMS', 'Store Name under APP Settings', 'Address under APP Settings', 'emailunder@appsettings.com', '123456789', 'assets/img/icons/2023-11-13/p.png', 'assets/img/icons/2023-11-13/p1.png', 'assets/img/icons/2023-11-13/P.png', 0, 1, NULL, 0, 1, 1, 0.000, 'Philippines', 'AIzaSyC7S1TXKrtiis121Z6VqJh6yHukM56VhEs', 19.5887, -155.9947, 4, 'english', 'Asia/Manila', '12:00:00', '12:00:00', 'm/d/Y', 'LTR', 'This is the price text under the app settings.', 'This is the Powered by text under the app settings.', 'ePMs | for Educational Use Version');

-- --------------------------------------------------------

--
-- Table structure for table `sms_template`
--

CREATE TABLE `sms_template` (
  `id` int(11) NOT NULL,
  `template_name` varchar(255) NOT NULL,
  `message` varchar(255) NOT NULL,
  `type` varchar(255) NOT NULL,
  `status` tinyint(4) NOT NULL DEFAULT 1,
  `default_status` tinyint(4) NOT NULL,
  `created_at` timestamp NOT NULL DEFAULT current_timestamp() ON UPDATE current_timestamp(),
  `updated_at` timestamp NOT NULL DEFAULT '0000-00-00 00:00:00'
) ENGINE=InnoDB DEFAULT CHARSET=latin1 COLLATE=latin1_swedish_ci;

--
-- Dumping data for table `sms_template`
--

INSERT INTO `sms_template` (`id`, `template_name`, `message`, `type`, `status`, `default_status`, `created_at`, `updated_at`) VALUES
(1, 'one', 'your Order {id} is cancel for some reason.', 'Cancel', 0, 0, '2021-10-24 10:57:48', '0000-00-00 00:00:00'),
(2, 'two', 'your order {id} is completed', 'CompleteOrder', 0, 1, '2019-01-02 13:58:19', '0000-00-00 00:00:00'),
(3, 'three', 'your order {id} is processing', 'Processing', 0, 1, '2020-03-07 19:48:29', '0000-00-00 00:00:00'),
(8, 'four', 'Your Order Has been Placed Successfully.', 'Neworder', 1, 1, '2020-03-07 19:48:33', '0000-00-00 00:00:00');

-- --------------------------------------------------------

--
-- Table structure for table `starclass`
--

CREATE TABLE `starclass` (
  `starcalssid` int(11) NOT NULL,
  `starclassname` varchar(50) NOT NULL
) ENGINE=MyISAM DEFAULT CHARSET=latin1 COLLATE=latin1_general_ci;

-- --------------------------------------------------------

--
-- Table structure for table `subscribe_emaillist`
--

CREATE TABLE `subscribe_emaillist` (
  `emailid` int(11) NOT NULL,
  `email` varchar(255) DEFAULT NULL,
  `dateinsert` datetime NOT NULL
) ENGINE=InnoDB DEFAULT CHARSET=utf8 COLLATE=utf8_general_ci;

-- --------------------------------------------------------

--
-- Table structure for table `sub_order`
--

CREATE TABLE `sub_order` (
  `sub_id` int(11) NOT NULL,
  `order_id` int(11) NOT NULL,
  `customer_id` int(11) DEFAULT NULL,
  `vat` float DEFAULT NULL,
  `discount` decimal(10,2) DEFAULT 0.00,
  `s_charge` float DEFAULT NULL,
  `total_price` float DEFAULT NULL,
  `status` int(11) NOT NULL DEFAULT 0 COMMENT '0=unpaid,1=paid',
  `order_menu_id` text DEFAULT NULL,
  `adons_id` varchar(20) DEFAULT NULL,
  `adons_qty` varchar(20) DEFAULT NULL
) ENGINE=InnoDB DEFAULT CHARSET=utf8mb4 COLLATE=utf8mb4_general_ci;

-- --------------------------------------------------------

--
-- Table structure for table `supplier`
--

CREATE TABLE `supplier` (
  `supid` int(11) NOT NULL,
  `suplier_code` varchar(255) NOT NULL,
  `supName` varchar(100) NOT NULL,
  `supEmail` varchar(100) NOT NULL,
  `supMobile` varchar(50) NOT NULL,
  `supAddress` text NOT NULL,
  `total_amount` decimal(15,2) DEFAULT 0.00,
  `paid_amount` decimal(15,2) DEFAULT 0.00,
  `due_amount` decimal(15,2) DEFAULT 0.00
) ENGINE=InnoDB DEFAULT CHARSET=utf8 COLLATE=utf8_general_ci;

-- --------------------------------------------------------

--
-- Table structure for table `synchronizer_setting`
--

CREATE TABLE `synchronizer_setting` (
  `id` int(11) NOT NULL,
  `hostname` varchar(100) NOT NULL,
  `username` varchar(100) NOT NULL,
  `password` varchar(100) NOT NULL,
  `port` varchar(10) NOT NULL,
  `debug` varchar(10) NOT NULL,
  `project_root` varchar(100) NOT NULL
) ENGINE=InnoDB DEFAULT CHARSET=utf8 COLLATE=utf8_general_ci;

-- --------------------------------------------------------

--
-- Table structure for table `table_details`
--

CREATE TABLE `table_details` (
  `id` int(11) NOT NULL,
  `table_id` int(11) NOT NULL,
  `customer_id` int(11) DEFAULT NULL,
  `order_id` int(11) NOT NULL,
  `time_enter` time NOT NULL,
  `total_people` int(11) NOT NULL,
  `delete_at` int(11) NOT NULL DEFAULT 0,
  `created_at` date NOT NULL
) ENGINE=InnoDB DEFAULT CHARSET=utf8 COLLATE=utf8_general_ci;

-- --------------------------------------------------------

--
-- Table structure for table `table_setting`
--

CREATE TABLE `table_setting` (
  `settingid` int(11) NOT NULL,
  `tableid` int(11) NOT NULL,
  `iconpos` text NOT NULL
) ENGINE=InnoDB DEFAULT CHARSET=utf8 COLLATE=utf8_general_ci;

-- --------------------------------------------------------

--
-- Table structure for table `tax_settings`
--

CREATE TABLE `tax_settings` (
  `id` int(11) NOT NULL,
  `default_value` float NOT NULL,
  `tax_name` varchar(250) NOT NULL,
  `nt` int(11) NOT NULL,
  `reg_no` varchar(100) NOT NULL,
  `is_show` tinyint(4) NOT NULL DEFAULT 1
) ENGINE=InnoDB DEFAULT CHARSET=utf8 COLLATE=utf8_general_ci;

-- --------------------------------------------------------

--
-- Table structure for table `tbl_assign_kitchen`
--

CREATE TABLE `tbl_assign_kitchen` (
  `assignid` int(11) NOT NULL,
  `kitchen_id` int(11) NOT NULL,
  `userid` int(11) NOT NULL
) ENGINE=InnoDB DEFAULT CHARSET=utf8 COLLATE=utf8_general_ci;

-- --------------------------------------------------------

--
-- Table structure for table `tbl_bank`
--

CREATE TABLE `tbl_bank` (
  `bankid` int(11) NOT NULL,
  `bank_name` varchar(255) NOT NULL,
  `ac_name` varchar(200) DEFAULT NULL,
  `ac_number` varchar(200) DEFAULT NULL,
  `branch` varchar(200) DEFAULT NULL,
  `signature_pic` varchar(255) DEFAULT NULL
) ENGINE=InnoDB DEFAULT CHARSET=utf8 COLLATE=utf8_general_ci;

--
-- Dumping data for table `tbl_bank`
--

INSERT INTO `tbl_bank` (`bankid`, `bank_name`, `ac_name`, `ac_number`, `branch`, `signature_pic`) VALUES
(2, 'City Bank', 'Kamal Hassan', '3869583', 'Uttara', './application/modules/hrm/assets/images/2020-01-18/e.jpg');

-- --------------------------------------------------------

--
-- Table structure for table `tbl_booking_type_info`
--

CREATE TABLE `tbl_booking_type_info` (
  `btypeinfoid` int(11) NOT NULL,
  `booking_type` varchar(200) NOT NULL,
  `booking_sourse` varchar(200) NOT NULL,
  `commissionrate` decimal(10,0) NOT NULL DEFAULT 2,
  `balance` float NOT NULL DEFAULT 0,
  `paid_amount` decimal(10,0) NOT NULL DEFAULT 0,
  `due_amount` decimal(10,0) NOT NULL DEFAULT 0
) ENGINE=InnoDB DEFAULT CHARSET=utf8mb4 COLLATE=utf8mb4_general_ci;

--
-- Dumping data for table `tbl_booking_type_info`
--

INSERT INTO `tbl_booking_type_info` (`btypeinfoid`, `booking_type`, `booking_sourse`, `commissionrate`, `balance`, `paid_amount`, `due_amount`) VALUES
(1, 'Online', 'Agoda', 12, 0, 0, 0),
(2, 'Online', 'Booking.com', 12, 0, 0, 0),
(3, 'Corporate', 'Awesome Company Inc.', 10, 0, 0, 0),
(4, 'Walk-in', 'Direct Booking', 0, 0, 0, 0),
(5, 'Online', 'Facebook', 0, 0, 0, 0);

-- --------------------------------------------------------

--
-- Table structure for table `tbl_cancelitem`
--

CREATE TABLE `tbl_cancelitem` (
  `cancelid` int(11) NOT NULL,
  `orderid` int(11) NOT NULL,
  `foodid` int(11) NOT NULL,
  `varientid` int(11) NOT NULL,
  `quantity` decimal(19,3) NOT NULL DEFAULT 0.000
) ENGINE=InnoDB DEFAULT CHARSET=utf8 COLLATE=utf8_general_ci;

-- --------------------------------------------------------

--
-- Table structure for table `tbl_card_terminal`
--

CREATE TABLE `tbl_card_terminal` (
  `card_terminalid` int(11) NOT NULL,
  `terminal_name` varchar(255) NOT NULL
) ENGINE=InnoDB DEFAULT CHARSET=utf8 COLLATE=utf8_general_ci;

--
-- Dumping data for table `tbl_card_terminal`
--

INSERT INTO `tbl_card_terminal` (`card_terminalid`, `terminal_name`) VALUES
(1, 'Nexus Terminal');

-- --------------------------------------------------------

--
-- Table structure for table `tbl_cashcounter`
--

CREATE TABLE `tbl_cashcounter` (
  `ccid` int(11) NOT NULL,
  `counterno` int(11) NOT NULL
) ENGINE=InnoDB DEFAULT CHARSET=latin1 COLLATE=latin1_swedish_ci;

-- --------------------------------------------------------

--
-- Table structure for table `tbl_cashregister`
--

CREATE TABLE `tbl_cashregister` (
  `id` int(11) NOT NULL,
  `userid` int(11) NOT NULL,
  `counter_no` int(11) NOT NULL,
  `opening_balance` decimal(19,3) NOT NULL DEFAULT 0.000,
  `closing_balance` decimal(19,3) NOT NULL DEFAULT 0.000,
  `openclosedate` date NOT NULL,
  `opendate` datetime DEFAULT NULL,
  `closedate` datetime DEFAULT NULL,
  `status` int(11) NOT NULL DEFAULT 0,
  `openingnote` text DEFAULT NULL,
  `closing_note` text DEFAULT NULL
) ENGINE=InnoDB DEFAULT CHARSET=latin1 COLLATE=latin1_swedish_ci;

-- --------------------------------------------------------

--
-- Table structure for table `tbl_category`
--

CREATE TABLE `tbl_category` (
  `category_id` int(11) NOT NULL,
  `categoryname` text DEFAULT NULL,
  `status` int(3) DEFAULT NULL COMMENT '0=inactive,1=active'
) ENGINE=InnoDB DEFAULT CHARSET=utf8 COLLATE=utf8_general_ci;

--
-- Dumping data for table `tbl_category`
--

INSERT INTO `tbl_category` (`category_id`, `categoryname`, `status`) VALUES
(1, 'Beauty Items', 1),
(3, 'Glass Items', 1),
(4, 'Tasty Items', 1),
(501, 'Houekeeping products', 1);

-- --------------------------------------------------------

--
-- Table structure for table `tbl_checklist`
--

CREATE TABLE `tbl_checklist` (
  `checklist_id` int(11) NOT NULL,
  `taskname` text DEFAULT NULL,
  `type` int(3) NOT NULL DEFAULT 1 COMMENT '1=housekeepr,2=laundry',
  `status` int(3) NOT NULL DEFAULT 1 COMMENT '0=inactive,1=active'
) ENGINE=InnoDB DEFAULT CHARSET=utf8 COLLATE=utf8_general_ci;

-- --------------------------------------------------------

--
-- Table structure for table `tbl_complementary`
--

CREATE TABLE `tbl_complementary` (
  `complementary_id` int(11) NOT NULL,
  `roomtype` text DEFAULT NULL,
  `complementaryname` text DEFAULT NULL,
  `rate` decimal(10,2) DEFAULT NULL,
  `status` int(3) NOT NULL COMMENT '0=inactive,1=active'
) ENGINE=InnoDB DEFAULT CHARSET=utf8 COLLATE=utf8_general_ci;

-- --------------------------------------------------------

--
-- Table structure for table `tbl_country`
--

CREATE TABLE `tbl_country` (
  `countryid` int(11) NOT NULL,
  `countryname` varchar(70) NOT NULL,
  `status` int(11) NOT NULL DEFAULT 1
) ENGINE=InnoDB DEFAULT CHARSET=utf8 COLLATE=utf8_general_ci;

--
-- Dumping data for table `tbl_country`
--

INSERT INTO `tbl_country` (`countryid`, `countryname`, `status`) VALUES
(1, 'Afghanistan', 1),
(2, 'Aland Islands', 1),
(3, 'Albania', 1),
(4, 'Algeria', 1),
(5, 'American Samoa', 1),
(6, 'Andorra', 1),
(7, 'Angola', 1),
(8, 'Anguilla', 1),
(9, 'Antarctica', 1),
(10, 'Antigua and Barbuda', 1),
(11, 'Argentina', 1),
(12, 'Armenia', 1),
(13, 'Aruba', 1),
(14, 'Australia', 1),
(15, 'Austria', 1),
(16, 'Azerbaijan', 1),
(17, 'Bahamas', 1),
(18, 'Bahrain', 1),
(19, 'Bangladesh', 1),
(20, 'Barbados', 1),
(21, 'Belarus', 1),
(22, 'Belgium', 1),
(23, 'Belize', 1),
(24, 'Benin', 1),
(25, 'Bermuda', 1),
(26, 'Bhutan', 1),
(27, 'Bolivia', 1),
(28, 'Bonaire, Sint Eustatius and Saba', 1),
(29, 'Bosnia and Herzegovina', 1),
(30, 'Botswana', 1),
(31, 'Bouvet Island', 1),
(32, 'Brazil', 1),
(33, 'British Indian Ocean Territory', 1),
(34, 'Brunei Darussalam', 1),
(35, 'Bulgaria', 1),
(36, 'Burkina Faso', 1),
(37, 'Burundi', 1),
(38, 'Cambodia', 1),
(39, 'Cameroon', 1),
(40, 'Canada', 1),
(41, 'Cape Verde', 1),
(42, 'Cayman Islands', 1),
(43, 'Central African Republic', 1),
(44, 'Chad', 1),
(45, 'Chile', 1),
(46, 'China', 1),
(47, 'Christmas Island', 1),
(48, 'Cocos (Keeling) Islands', 1),
(49, 'Colombia', 1),
(50, 'Comoros', 1),
(51, 'Congo', 1),
(52, 'Congo, Democratic Republic of the Congo', 1),
(53, 'Cook Islands', 1),
(54, 'Costa Rica', 1),
(55, 'Cote D\'Ivoire', 1),
(56, 'Croatia', 1),
(57, 'Cuba', 1),
(58, 'Curacao', 1),
(59, 'Cyprus', 1),
(60, 'Czech Republic', 1),
(61, 'Denmark', 1),
(62, 'Djibouti', 1),
(63, 'Dominica', 1),
(64, 'Dominican Republic', 1),
(65, 'Ecuador', 1),
(66, 'Egypt', 1),
(67, 'El Salvador', 1),
(68, 'Equatorial Guinea', 1),
(69, 'Eritrea', 1),
(70, 'Estonia', 1),
(71, 'Ethiopia', 1),
(72, 'Falkland Islands (Malvinas)', 1),
(73, 'Faroe Islands', 1),
(74, 'Fiji', 1),
(75, 'Finland', 1),
(76, 'France', 1),
(77, 'French Guiana', 1),
(78, 'French Polynesia', 1),
(79, 'French Southern Territories', 1),
(80, 'Gabon', 1),
(81, 'Gambia', 1),
(82, 'Georgia', 1),
(83, 'Germany', 1),
(84, 'Ghana', 1),
(85, 'Gibraltar', 1),
(86, 'Greece', 1),
(87, 'Greenland', 1),
(88, 'Grenada', 1),
(89, 'Guadeloupe', 1),
(90, 'Guam', 1),
(91, 'Guatemala', 1),
(92, 'Guernsey', 1),
(93, 'Guinea', 1),
(94, 'Guinea-Bissau', 1),
(95, 'Guyana', 1),
(96, 'Haiti', 1),
(97, 'Heard Island and Mcdonald Islands', 1),
(98, 'Holy See (Vatican City State)', 1),
(99, 'Honduras', 1),
(100, 'Hong Kong', 1),
(101, 'Hungary', 1),
(102, 'Iceland', 1),
(103, 'India', 1),
(104, 'Indonesia', 1),
(105, 'Iran, Islamic Republic of', 1),
(106, 'Iraq', 1),
(107, 'Ireland', 1),
(108, 'Isle of Man', 1),
(109, 'Israel', 1),
(110, 'Italy', 1),
(111, 'Jamaica', 1),
(112, 'Japan', 1),
(113, 'Jersey', 1),
(114, 'Jordan', 1),
(115, 'Kazakhstan', 1),
(116, 'Kenya', 1),
(117, 'Kiribati', 1),
(118, 'Korea, Democratic People\'s Republic of', 1),
(119, 'Korea, Republic of', 1),
(120, 'Kosovo', 1),
(121, 'Kuwait', 1),
(122, 'Kyrgyzstan', 1),
(123, 'Lao People\'s Democratic Republic', 1),
(124, 'Latvia', 1),
(125, 'Lebanon', 1),
(126, 'Lesotho', 1),
(127, 'Liberia', 1),
(128, 'Libyan Arab Jamahiriya', 1),
(129, 'Liechtenstein', 1),
(130, 'Lithuania', 1),
(131, 'Luxembourg', 1),
(132, 'Macao', 1),
(133, 'Macedonia, the Former Yugoslav Republic of', 1),
(134, 'Madagascar', 1),
(135, 'Malawi', 1),
(136, 'Malaysia', 1),
(137, 'Maldives', 1),
(138, 'Mali', 1),
(139, 'Malta', 1),
(140, 'Marshall Islands', 1),
(141, 'Martinique', 1),
(142, 'Mauritania', 1),
(143, 'Mauritius', 1),
(144, 'Mayotte', 1),
(145, 'Mexico', 1),
(146, 'Micronesia, Federated States of', 1),
(147, 'Moldova, Republic of', 1),
(148, 'Monaco', 1),
(149, 'Mongolia', 1),
(150, 'Montenegro', 1),
(151, 'Montserrat', 1),
(152, 'Morocco', 1),
(153, 'Mozambique', 1),
(154, 'Myanmar', 1),
(155, 'Namibia', 1),
(156, 'Nauru', 1),
(157, 'Nepal', 1),
(158, 'Netherlands', 1),
(159, 'Netherlands Antilles', 1),
(160, 'New Caledonia', 1),
(161, 'New Zealand', 1),
(162, 'Nicaragua', 1),
(163, 'Niger', 1),
(164, 'Nigeria', 1),
(165, 'Niue', 1),
(166, 'Norfolk Island', 1),
(167, 'Northern Mariana Islands', 1),
(168, 'Norway', 1),
(169, 'Oman', 1),
(170, 'Pakistan', 1),
(171, 'Palau', 1),
(172, 'Palestinian Territory, Occupied', 1),
(173, 'Panama', 1),
(174, 'Papua New Guinea', 1),
(175, 'Paraguay', 1),
(176, 'Peru', 1),
(177, 'Philippines', 1),
(178, 'Pitcairn', 1),
(179, 'Poland', 1),
(180, 'Portugal', 1),
(181, 'Puerto Rico', 1),
(182, 'Qatar', 1),
(183, 'Reunion', 1),
(184, 'Romania', 1),
(185, 'Russian Federation', 1),
(186, 'Rwanda', 1),
(187, 'Saint Barthelemy', 1),
(188, 'Saint Helena', 1),
(189, 'Saint Kitts and Nevis', 1),
(190, 'Saint Lucia', 1),
(191, 'Saint Martin', 1),
(192, 'Saint Pierre and Miquelon', 1),
(193, 'Saint Vincent and the Grenadines', 1),
(194, 'Samoa', 1),
(195, 'San Marino', 1),
(196, 'Sao Tome and Principe', 1),
(197, 'Saudi Arabia', 1),
(198, 'Senegal', 1),
(199, 'Serbia', 1),
(200, 'Serbia and Montenegro', 1),
(201, 'Seychelles', 1),
(202, 'Sierra Leone', 1),
(203, 'Singapore', 1),
(204, 'Sint Maarten', 1),
(205, 'Slovakia', 1),
(206, 'Slovenia', 1),
(207, 'Solomon Islands', 1),
(208, 'Somalia', 1),
(209, 'South Africa', 1),
(210, 'South Georgia and the South Sandwich Islands', 1),
(211, 'South Sudan', 1),
(212, 'Spain', 1),
(213, 'Sri Lanka', 1),
(214, 'Sudan', 1),
(215, 'Suriname', 1),
(216, 'Svalbard and Jan Mayen', 1),
(217, 'Swaziland', 1),
(218, 'Sweden', 1),
(219, 'Switzerland', 1),
(220, 'Syrian Arab Republic', 1),
(221, 'Taiwan, Province of China', 1),
(222, 'Tajikistan', 1),
(223, 'Tanzania, United Republic of', 1),
(224, 'Thailand', 1),
(225, 'Timor-Leste', 1),
(226, 'Togo', 1),
(227, 'Tokelau', 1),
(228, 'Tonga', 1),
(229, 'Trinidad and Tobago', 1),
(230, 'Tunisia', 1),
(231, 'Turkey', 1),
(232, 'Turkmenistan', 1),
(233, 'Turks and Caicos Islands', 1),
(234, 'Tuvalu', 1),
(235, 'Uganda', 1),
(236, 'Ukraine', 1),
(237, 'United Arab Emirates', 1),
(238, 'United Kingdom', 1),
(239, 'United States', 1),
(240, 'United States Minor Outlying Islands', 1),
(241, 'Uruguay', 1),
(242, 'Uzbekistan', 1),
(243, 'Vanuatu', 1),
(244, 'Venezuela', 1),
(245, 'Viet Nam', 1),
(246, 'Virgin Islands, British', 1),
(247, 'Virgin Islands, U.s.', 1),
(248, 'Wallis and Futuna', 1),
(249, 'Western Sahara', 1),
(250, 'Yemen', 1),
(251, 'Zambia', 1),
(252, 'Zimbabwe', 1);

-- --------------------------------------------------------

--
-- Table structure for table `tbl_destroyedproduct`
--

CREATE TABLE `tbl_destroyedproduct` (
  `destroy_id` int(11) NOT NULL,
  `product_id` int(11) NOT NULL,
  `quantity` int(11) DEFAULT 0,
  `rec_date` datetime DEFAULT NULL,
  `comment` text DEFAULT NULL
) ENGINE=InnoDB DEFAULT CHARSET=utf8 COLLATE=utf8_general_ci;

-- --------------------------------------------------------

--
-- Table structure for table `tbl_duty_roster`
--

CREATE TABLE `tbl_duty_roster` (
  `roster_id` int(11) NOT NULL,
  `rostentry_id` text NOT NULL,
  `shift_id` int(11) NOT NULL,
  `roster_start` varchar(100) NOT NULL,
  `roster_end` varchar(100) NOT NULL,
  `roster_dsys` int(11) NOT NULL
) ENGINE=InnoDB DEFAULT CHARSET=utf8mb4 COLLATE=utf8mb4_general_ci;

-- --------------------------------------------------------

--
-- Table structure for table `tbl_emproster_assign`
--

CREATE TABLE `tbl_emproster_assign` (
  `sftasnid` int(11) NOT NULL,
  `roster_id` varchar(100) NOT NULL,
  `emp_id` varchar(100) NOT NULL,
  `emp_startroster_date` text NOT NULL,
  `emp_endroster_date` text NOT NULL,
  `emp_startroster_time` text NOT NULL,
  `emp_endroster_time` text NOT NULL,
  `is_complete` int(11) NOT NULL DEFAULT 0 COMMENT '1 = attend, 2 = leave, 3=absent',
  `is_edited` int(11) DEFAULT 0 COMMENT '1 = Edited 0 = not edited',
  `remarks` text DEFAULT NULL
) ENGINE=InnoDB DEFAULT CHARSET=utf8mb4 COLLATE=utf8mb4_general_ci;

-- --------------------------------------------------------

--
-- Table structure for table `tbl_empwork_shift`
--

CREATE TABLE `tbl_empwork_shift` (
  `shiftid` int(11) NOT NULL,
  `shift_name` varchar(255) NOT NULL,
  `shift_start` text NOT NULL,
  `shift_end` text NOT NULL,
  `shift_duration` text NOT NULL
) ENGINE=InnoDB DEFAULT CHARSET=utf8mb4 COLLATE=utf8mb4_general_ci;

-- --------------------------------------------------------

--
-- Table structure for table `tbl_financialyear`
--

CREATE TABLE `tbl_financialyear` (
  `fiyear_id` int(11) NOT NULL,
  `title` varchar(50) NOT NULL,
  `start_date` date DEFAULT NULL,
  `end_date` date DEFAULT NULL,
  `date_time` datetime DEFAULT NULL,
  `is_active` varchar(3) DEFAULT NULL COMMENT '1=ended,0=inactive,2=active',
  `create_by` varchar(3) DEFAULT NULL
) ENGINE=InnoDB DEFAULT CHARSET=utf8 COLLATE=utf8_general_ci;

-- --------------------------------------------------------

--
-- Table structure for table `tbl_flight_details`
--

CREATE TABLE `tbl_flight_details` (
  `flyid` int(11) NOT NULL,
  `flight_num` varchar(100) NOT NULL,
  `airlience_name` varchar(100) DEFAULT NULL,
  `departure` datetime NOT NULL,
  `arrival` datetime NOT NULL,
  `fly_from` varchar(100) DEFAULT NULL,
  `fly_to` varchar(100) DEFAULT NULL
) ENGINE=InnoDB DEFAULT CHARSET=utf8mb4 COLLATE=utf8mb4_general_ci;

-- --------------------------------------------------------

--
-- Table structure for table `tbl_floor`
--

CREATE TABLE `tbl_floor` (
  `floorid` int(11) NOT NULL,
  `floorname` varchar(100) NOT NULL,
  `status` int(11) NOT NULL DEFAULT 1
) ENGINE=InnoDB DEFAULT CHARSET=utf8 COLLATE=utf8_general_ci;

--
-- Dumping data for table `tbl_floor`
--

INSERT INTO `tbl_floor` (`floorid`, `floorname`, `status`) VALUES
(1, 'First Floor', 1),
(2, 'Second Floor', 1),
(3, 'Third Floor', 1),
(4, 'Fourth Floor', 1);

-- --------------------------------------------------------

--
-- Table structure for table `tbl_floorplan`
--

CREATE TABLE `tbl_floorplan` (
  `floorplanid` int(11) NOT NULL,
  `floorName` int(11) NOT NULL,
  `noofroom` int(11) NOT NULL,
  `startno` varchar(255) NOT NULL,
  `roomno` varchar(50) NOT NULL
) ENGINE=InnoDB DEFAULT CHARSET=utf8 COLLATE=utf8_general_ci;

--
-- Dumping data for table `tbl_floorplan`
--

INSERT INTO `tbl_floorplan` (`floorplanid`, `floorName`, `noofroom`, `startno`, `roomno`) VALUES
(1, 1, 10, '101', '101'),
(2, 1, 10, '101', '102'),
(3, 1, 10, '101', '103'),
(4, 1, 10, '101', '104'),
(5, 1, 10, '101', '105'),
(6, 1, 10, '101', '106'),
(7, 1, 10, '101', '107'),
(8, 1, 10, '101', '108'),
(9, 1, 10, '101', '109'),
(10, 1, 10, '101', '110'),
(11, 2, 10, '201', '201'),
(12, 2, 10, '201', '202'),
(13, 2, 10, '201', '203'),
(14, 2, 10, '201', '204'),
(15, 2, 10, '201', '205'),
(16, 2, 10, '201', '206'),
(17, 2, 10, '201', '207'),
(18, 2, 10, '201', '208'),
(19, 2, 10, '201', '209'),
(20, 2, 10, '201', '210'),
(21, 3, 5, '301', '301'),
(22, 3, 5, '301', '302'),
(23, 3, 5, '301', '303'),
(24, 3, 5, '301', '304'),
(25, 3, 5, '301', '305'),
(26, 4, 5, '401', '401'),
(27, 4, 5, '401', '402'),
(28, 4, 5, '401', '403'),
(29, 4, 5, '401', '404'),
(30, 4, 5, '401', '405');

-- --------------------------------------------------------

--
-- Table structure for table `tbl_groupitems`
--

CREATE TABLE `tbl_groupitems` (
  `groupid` int(11) NOT NULL,
  `gitemid` int(11) NOT NULL,
  `items` int(11) NOT NULL,
  `item_qty` decimal(10,2) NOT NULL DEFAULT 0.00,
  `varientid` int(11) NOT NULL,
  `status` int(11) NOT NULL DEFAULT 1
) ENGINE=InnoDB DEFAULT CHARSET=latin1 COLLATE=latin1_swedish_ci;

-- --------------------------------------------------------

--
-- Table structure for table `tbl_guestpayments`
--

CREATE TABLE `tbl_guestpayments` (
  `payid` int(11) NOT NULL,
  `bookedid` varchar(255) NOT NULL,
  `invoice` varchar(255) NOT NULL,
  `paydate` datetime NOT NULL,
  `paymenttype` varchar(100) NOT NULL,
  `paymentamount` decimal(10,2) NOT NULL DEFAULT 0.00,
  `details` varchar(100) DEFAULT NULL
) ENGINE=InnoDB DEFAULT CHARSET=utf8 COLLATE=utf8_general_ci;

-- --------------------------------------------------------

--
-- Table structure for table `tbl_hkitem`
--

CREATE TABLE `tbl_hkitem` (
  `item_id` int(11) NOT NULL,
  `product_id` int(11) NOT NULL,
  `checklist` text DEFAULT NULL,
  `price` decimal(8,2) NOT NULL
) ENGINE=InnoDB DEFAULT CHARSET=utf8 COLLATE=utf8_general_ci;

-- --------------------------------------------------------

--
-- Table structure for table `tbl_housekeepingrecord`
--

CREATE TABLE `tbl_housekeepingrecord` (
  `hkeeper_id` int(11) NOT NULL,
  `assignby` varchar(100) NOT NULL DEFAULT '1',
  `employee_id` text NOT NULL,
  `roomno` int(11) NOT NULL,
  `date_start` datetime DEFAULT NULL,
  `date_end` datetime DEFAULT NULL,
  `createDate` datetime NOT NULL,
  `all_checklist` text DEFAULT NULL,
  `all_productlist` varchar(100) DEFAULT NULL,
  `allproductqty` varchar(100) DEFAULT NULL,
  `status` int(3) NOT NULL COMMENT '0=pending,1=completed,2=under process'
) ENGINE=InnoDB DEFAULT CHARSET=utf8 COLLATE=utf8_general_ci;

-- --------------------------------------------------------

--
-- Table structure for table `tbl_itemaccepted`
--

CREATE TABLE `tbl_itemaccepted` (
  `acid` int(11) NOT NULL,
  `orderid` int(11) NOT NULL,
  `menuid` int(11) NOT NULL,
  `varient` int(11) NOT NULL,
  `accepttime` datetime NOT NULL DEFAULT '1970-01-01 01:01:01'
) ENGINE=InnoDB DEFAULT CHARSET=utf8 COLLATE=utf8_general_ci;

-- --------------------------------------------------------

--
-- Table structure for table `tbl_kitchen`
--

CREATE TABLE `tbl_kitchen` (
  `kitchenid` int(11) NOT NULL,
  `kitchen_name` varchar(100) NOT NULL,
  `ip` varchar(255) DEFAULT NULL,
  `port` varchar(10) DEFAULT NULL,
  `status` int(11) NOT NULL DEFAULT 0
) ENGINE=InnoDB DEFAULT CHARSET=utf8 COLLATE=utf8_general_ci;

-- --------------------------------------------------------

--
-- Table structure for table `tbl_kitchen_order`
--

CREATE TABLE `tbl_kitchen_order` (
  `ktid` int(11) NOT NULL,
  `kitchenid` int(11) NOT NULL,
  `orderid` int(11) NOT NULL,
  `itemid` int(11) NOT NULL,
  `varient` int(11) DEFAULT NULL,
  `addonsuid` int(11) DEFAULT NULL
) ENGINE=InnoDB DEFAULT CHARSET=utf8 COLLATE=utf8_general_ci;

-- --------------------------------------------------------

--
-- Table structure for table `tbl_laundry`
--

CREATE TABLE `tbl_laundry` (
  `laundry_id` int(11) NOT NULL,
  `invoice_no` text DEFAULT NULL,
  `product_id` varchar(100) NOT NULL,
  `type` text DEFAULT NULL,
  `checklist` text DEFAULT NULL,
  `operate_by` text DEFAULT NULL,
  `quantity` varchar(100) DEFAULT '0',
  `item_cost` varchar(100) DEFAULT NULL,
  `total_cost` decimal(10,0) NOT NULL DEFAULT 0,
  `rec_date` datetime DEFAULT NULL,
  `document` text DEFAULT NULL,
  `comment` text DEFAULT NULL,
  `status` varchar(3) DEFAULT '0' COMMENT '1=paid,0=unpaid'
) ENGINE=InnoDB DEFAULT CHARSET=utf8 COLLATE=utf8_general_ci;

-- --------------------------------------------------------

--
-- Table structure for table `tbl_laundry_payment`
--

CREATE TABLE `tbl_laundry_payment` (
  `landry_id` int(11) NOT NULL,
  `name` varchar(100) NOT NULL,
  `total_amount` decimal(10,2) DEFAULT NULL,
  `paid_amount` decimal(10,2) DEFAULT NULL,
  `due_amount` decimal(10,2) DEFAULT NULL
) ENGINE=InnoDB DEFAULT CHARSET=utf8 COLLATE=utf8_general_ci;

--
-- Dumping data for table `tbl_laundry_payment`
--

INSERT INTO `tbl_laundry_payment` (`landry_id`, `name`, `total_amount`, `paid_amount`, `due_amount`) VALUES
(1, 'Laundry', 0.00, 0.00, 0.00);

-- --------------------------------------------------------

--
-- Table structure for table `tbl_menutype`
--

CREATE TABLE `tbl_menutype` (
  `menutypeid` int(11) NOT NULL,
  `menutype` varchar(120) NOT NULL,
  `menu_icon` varchar(150) DEFAULT NULL,
  `status` int(11) NOT NULL DEFAULT 1
) ENGINE=InnoDB DEFAULT CHARSET=latin1 COLLATE=latin1_swedish_ci;

-- --------------------------------------------------------

--
-- Table structure for table `tbl_module_purchasekey`
--

CREATE TABLE `tbl_module_purchasekey` (
  `mpid` int(11) NOT NULL,
  `module` varchar(25) DEFAULT NULL,
  `purchasekey` varchar(55) DEFAULT NULL,
  `downloaddate` datetime NOT NULL DEFAULT '1970-01-01 01:01:01',
  `updatedate` datetime NOT NULL DEFAULT '1970-01-01 01:01:01'
) ENGINE=InnoDB DEFAULT CHARSET=utf8 COLLATE=utf8_general_ci;

--
-- Dumping data for table `tbl_module_purchasekey`
--

INSERT INTO `tbl_module_purchasekey` (`mpid`, `module`, `purchasekey`, `downloaddate`, `updatedate`) VALUES
(1, 'house_keeping', 'BDT-4D7514F-FC3-CB-C45663301CB70', '2022-01-19 13:33:32', '2022-01-19 13:33:32'),
(2, 'duty_roster', 'BDT-577-387FE9054B-3843E69B-A485', '2022-01-25 19:44:29', '2022-01-25 19:44:29'),
(3, 'ordermanage', 'BDT-CA6-756DC004-5A3181F-68D13A6', '2022-01-25 19:57:00', '2022-01-25 19:57:00'),
(4, 'day_closing', 'BDT-6FEC-F77E2881-B-FB3F856076D8', '2022-01-25 20:10:41', '2022-01-25 20:10:41'),
(5, 'pool_booking', 'BDT-458696F-F64-8C-86772573ACF9F', '2022-01-25 20:17:39', '2022-01-25 20:17:39'),
(6, 'transport_facility', 'BDT-716F710-97439--EA67C01843B11', '2022-01-25 20:24:20', '2022-01-25 20:24:20'),
(7, 'facebook_app', 'BDT-CFEC60-11FD-A15-6ABD3BE5BBCF', '2022-02-01 16:54:09', '2022-02-01 16:54:09');

-- --------------------------------------------------------

--
-- Table structure for table `tbl_openingbalance`
--

CREATE TABLE `tbl_openingbalance` (
  `opbalance_id` int(11) NOT NULL,
  `fiyear_id` int(11) NOT NULL,
  `headcode` text DEFAULT NULL,
  `opening_balance` decimal(10,2) DEFAULT NULL,
  `current_balance` decimal(10,2) DEFAULT NULL,
  `remark` text DEFAULT NULL
) ENGINE=InnoDB DEFAULT CHARSET=utf8 COLLATE=utf8_general_ci;

-- --------------------------------------------------------

--
-- Table structure for table `tbl_orderprepare`
--

CREATE TABLE `tbl_orderprepare` (
  `opid` int(11) NOT NULL,
  `orderid` int(11) NOT NULL,
  `menuid` int(11) NOT NULL,
  `varient` int(11) NOT NULL,
  `preparetime` datetime NOT NULL DEFAULT '1970-01-01 01:01:01'
) ENGINE=InnoDB DEFAULT CHARSET=utf8 COLLATE=utf8_general_ci;

-- --------------------------------------------------------

--
-- Table structure for table `tbl_otherguest`
--

CREATE TABLE `tbl_otherguest` (
  `otherguest_id` int(11) NOT NULL,
  `bookedid` text DEFAULT NULL,
  `customerid` int(11) DEFAULT NULL,
  `guestname` text DEFAULT NULL,
  `gender` text DEFAULT NULL,
  `mobile` text DEFAULT NULL,
  `email` text DEFAULT NULL,
  `photo_id_type` text DEFAULT NULL,
  `photo_id` text DEFAULT NULL,
  `front_image` varchar(100) DEFAULT NULL,
  `back_image` varchar(100) DEFAULT NULL,
  `occupant_image` varchar(100) DEFAULT NULL
) ENGINE=InnoDB DEFAULT CHARSET=utf8 COLLATE=utf8_general_ci;

-- --------------------------------------------------------

--
-- Table structure for table `tbl_pool_booking`
--

CREATE TABLE `tbl_pool_booking` (
  `pbookingid` int(11) NOT NULL,
  `poolbooking_number` varchar(100) NOT NULL,
  `custid` int(11) NOT NULL,
  `packageid` int(11) NOT NULL,
  `deducedamount` decimal(10,2) NOT NULL,
  `total_amount` decimal(10,2) NOT NULL,
  `status` int(11) DEFAULT NULL COMMENT '1 - paid 2 - not paid 3 - cancle order',
  `paid_amount` double(10,2) DEFAULT NULL,
  `entrydate` timestamp NOT NULL DEFAULT current_timestamp() ON UPDATE current_timestamp()
) ENGINE=InnoDB DEFAULT CHARSET=utf8mb4 COLLATE=utf8mb4_general_ci;

-- --------------------------------------------------------

--
-- Table structure for table `tbl_pool_bookingitem`
--

CREATE TABLE `tbl_pool_bookingitem` (
  `poolitemid` int(11) NOT NULL,
  `pbokingid` int(11) NOT NULL,
  `packageid` int(11) NOT NULL,
  `perprice` double(10,2) NOT NULL,
  `itemqty` int(11) NOT NULL,
  `total_price` double(10,2) NOT NULL,
  `entrydate` timestamp NOT NULL DEFAULT current_timestamp() ON UPDATE current_timestamp()
) ENGINE=InnoDB DEFAULT CHARSET=utf8mb4 COLLATE=utf8mb4_general_ci;

-- --------------------------------------------------------

--
-- Table structure for table `tbl_pool_image`
--

CREATE TABLE `tbl_pool_image` (
  `pool_img_id` int(11) NOT NULL,
  `pool_id` int(11) NOT NULL,
  `poolimg_name` varchar(255) NOT NULL
) ENGINE=MyISAM DEFAULT CHARSET=latin1 COLLATE=latin1_general_ci;

-- --------------------------------------------------------

--
-- Table structure for table `tbl_pool_package`
--

CREATE TABLE `tbl_pool_package` (
  `packageid` int(11) NOT NULL,
  `poolid` int(11) NOT NULL,
  `package_name` varchar(250) NOT NULL,
  `datetime_from` varchar(250) NOT NULL,
  `datetime_to` varchar(250) NOT NULL,
  `price` double(10,2) NOT NULL,
  `status` int(11) DEFAULT 0 COMMENT '1-active 0 - inactive',
  `details` text DEFAULT NULL,
  `packageimage` text DEFAULT NULL
) ENGINE=InnoDB DEFAULT CHARSET=utf8mb4 COLLATE=utf8mb4_general_ci;

-- --------------------------------------------------------

--
-- Table structure for table `tbl_pool_type`
--

CREATE TABLE `tbl_pool_type` (
  `potyid` int(11) NOT NULL,
  `typename` varchar(250) NOT NULL
) ENGINE=InnoDB DEFAULT CHARSET=utf8mb4 COLLATE=utf8mb4_general_ci;

-- --------------------------------------------------------

--
-- Table structure for table `tbl_posetting`
--

CREATE TABLE `tbl_posetting` (
  `possettingid` int(11) NOT NULL,
  `waiter` int(11) NOT NULL DEFAULT 0 COMMENT '1=show,0=hide',
  `tableid` int(11) NOT NULL DEFAULT 0 COMMENT '1=show,0=hide',
  `cooktime` int(11) NOT NULL DEFAULT 0 COMMENT '1=enable,0=disable',
  `productionsetting` tinyint(4) NOT NULL DEFAULT 0 COMMENT '0=manual,1=auto',
  `tablemaping` int(11) NOT NULL DEFAULT 0 COMMENT '1=enable,0=disable',
  `soundenable` int(11) DEFAULT NULL COMMENT '1=enable,0=disable'
) ENGINE=InnoDB DEFAULT CHARSET=utf8 COLLATE=utf8_general_ci;

--
-- Dumping data for table `tbl_posetting`
--

INSERT INTO `tbl_posetting` (`possettingid`, `waiter`, `tableid`, `cooktime`, `productionsetting`, `tablemaping`, `soundenable`) VALUES
(1, 1, 1, 1, 0, 1, 1);

-- --------------------------------------------------------

--
-- Table structure for table `tbl_postedbills`
--

CREATE TABLE `tbl_postedbills` (
  `bill_id` int(11) NOT NULL,
  `bookedid` int(11) NOT NULL,
  `taskname` text DEFAULT NULL,
  `rate` text DEFAULT NULL,
  `scharge` varchar(100) DEFAULT NULL,
  `complementary` decimal(10,2) DEFAULT 0.00,
  `credit` decimal(8,2) DEFAULT NULL,
  `additional_charges` decimal(10,2) DEFAULT 0.00,
  `extrabpc` decimal(10,2) DEFAULT 0.00,
  `ex_discount` decimal(10,2) DEFAULT 0.00,
  `swimming_pool` decimal(10,2) DEFAULT 0.00,
  `restaurant` decimal(10,2) NOT NULL DEFAULT 0.00,
  `special_discount` decimal(10,2) DEFAULT 0.00,
  `checkoutdate` datetime DEFAULT NULL,
  `days` int(11) DEFAULT NULL,
  `amount` decimal(11,0) DEFAULT NULL,
  `charge` decimal(10,2) DEFAULT NULL,
  `remarks` text DEFAULT NULL
) ENGINE=InnoDB DEFAULT CHARSET=utf8 COLLATE=utf8_general_ci;

-- --------------------------------------------------------

--
-- Table structure for table `tbl_quickordersetting`
--

CREATE TABLE `tbl_quickordersetting` (
  `quickordid` int(11) NOT NULL,
  `waiter` int(11) NOT NULL DEFAULT 1 COMMENT '1=show,0=hide',
  `tableid` int(11) NOT NULL DEFAULT 1 COMMENT '1=show,0=hide',
  `cooktime` int(11) NOT NULL DEFAULT 1 COMMENT '1=show,0=hide',
  `soundenable` int(11) NOT NULL DEFAULT 1 COMMENT '1=enable,0=disable',
  `tablemaping` int(11) NOT NULL DEFAULT 1 COMMENT '1=enable,0=disable'
) ENGINE=InnoDB DEFAULT CHARSET=utf8 COLLATE=utf8_general_ci;

--
-- Dumping data for table `tbl_quickordersetting`
--

INSERT INTO `tbl_quickordersetting` (`quickordid`, `waiter`, `tableid`, `cooktime`, `soundenable`, `tablemaping`) VALUES
(1, 1, 1, 1, 1, 1);

-- --------------------------------------------------------

--
-- Table structure for table `tbl_reuseableproduct`
--

CREATE TABLE `tbl_reuseableproduct` (
  `reuse_id` int(11) NOT NULL,
  `product_id` int(11) DEFAULT NULL,
  `in_use` int(11) DEFAULT 0,
  `in_laundry` int(11) DEFAULT 0,
  `ready` int(11) DEFAULT 0
) ENGINE=InnoDB DEFAULT CHARSET=utf8 COLLATE=utf8_general_ci;

-- --------------------------------------------------------

--
-- Table structure for table `tbl_roomnofloorassign`
--

CREATE TABLE `tbl_roomnofloorassign` (
  `roomassignid` int(11) NOT NULL,
  `roomid` int(11) NOT NULL,
  `floorid` int(11) NOT NULL,
  `roomno` int(11) NOT NULL,
  `status` int(3) DEFAULT 1 COMMENT '1=ready,2=booked,3=assigned to clean,4=booked and assigned to clean, 5=under maintenance,6=dirty,7=blocked,8=do not reserve'
) ENGINE=InnoDB DEFAULT CHARSET=utf8 COLLATE=utf8_general_ci;

--
-- Dumping data for table `tbl_roomnofloorassign`
--

INSERT INTO `tbl_roomnofloorassign` (`roomassignid`, `roomid`, `floorid`, `roomno`, `status`) VALUES
(2, 9, 1, 101, 1);

-- --------------------------------------------------------

--
-- Table structure for table `tbl_room_offer`
--

CREATE TABLE `tbl_room_offer` (
  `offerid` int(11) NOT NULL,
  `roomid` int(11) NOT NULL,
  `offer` int(11) NOT NULL,
  `offertitle` varchar(255) DEFAULT NULL,
  `offertext` text DEFAULT NULL,
  `offer_date` date NOT NULL
) ENGINE=InnoDB DEFAULT CHARSET=utf8 COLLATE=utf8_general_ci;

-- --------------------------------------------------------

--
-- Table structure for table `tbl_shippingaddress`
--

CREATE TABLE `tbl_shippingaddress` (
  `shipaddressid` int(11) NOT NULL,
  `orderid` int(11) NOT NULL,
  `firstname` varchar(100) DEFAULT NULL,
  `lastname` varchar(100) DEFAULT NULL,
  `companyname` varchar(100) DEFAULT NULL,
  `email` varchar(150) DEFAULT NULL,
  `phone` varchar(50) DEFAULT NULL,
  `city` varchar(70) DEFAULT NULL,
  `district` varchar(255) DEFAULT NULL,
  `country` varchar(150) DEFAULT NULL,
  `zip` varchar(50) DEFAULT NULL,
  `address` text DEFAULT NULL,
  `address2` text DEFAULT NULL,
  `DateInserted` datetime NOT NULL DEFAULT current_timestamp()
) ENGINE=InnoDB DEFAULT CHARSET=utf8 COLLATE=utf8_general_ci;

-- --------------------------------------------------------

--
-- Table structure for table `tbl_slider`
--

CREATE TABLE `tbl_slider` (
  `slid` int(11) NOT NULL,
  `Sltypeid` int(11) NOT NULL,
  `title` varchar(255) DEFAULT NULL,
  `subtitle` varchar(255) DEFAULT NULL,
  `image` varchar(255) NOT NULL,
  `link1` text DEFAULT NULL,
  `link2` text DEFAULT NULL,
  `link3` text DEFAULT NULL,
  `slink` text DEFAULT NULL,
  `status` int(11) NOT NULL DEFAULT 1,
  `delation_status` int(11) NOT NULL DEFAULT 0,
  `width` int(11) NOT NULL DEFAULT 0,
  `height` int(11) NOT NULL DEFAULT 0
) ENGINE=InnoDB DEFAULT CHARSET=utf8 COLLATE=utf8_general_ci;

--
-- Dumping data for table `tbl_slider`
--

INSERT INTO `tbl_slider` (`slid`, `Sltypeid`, `title`, `subtitle`, `image`, `link1`, `link2`, `link3`, `slink`, `status`, `delation_status`, `width`, `height`) VALUES
(4, 2, 'home About', 'test', 'assets/img/banner/2022-06-28/U4.png', NULL, NULL, NULL, '#', 1, 0, 445, 408),
(6, 3, 'June - Promo Rate PHP 999.00', '', 'assets/img/banner/2022-05-03/P8.png', NULL, NULL, NULL, '#', 1, 0, 375, 211),
(7, 3, 'July - Promo Rate PHP 999.00', '', 'assets/img/banner/2022-05-03/P9.png', NULL, NULL, NULL, '#', 1, 0, 375, 211),
(8, 3, 'August - Promo Rate PHP 999.00', '', 'assets/img/banner/2022-05-03/P10.png', NULL, NULL, NULL, '#', 1, 0, 375, 211),
(9, 3, 'September - Promo Rate PHP 999.00', '', 'assets/img/banner/2022-05-03/P11.png', NULL, NULL, NULL, '#', 1, 0, 375, 211),
(10, 3, 'October - Promo Rate PHP 999.00', '', 'assets/img/banner/2022-06-28/U8.png', NULL, NULL, NULL, '#', 1, 0, 375, 211),
(11, 3, 'November - Promo Rate PHP 999.00', '', 'assets/img/banner/2022-06-28/U7.png', NULL, NULL, NULL, '#', 1, 0, 660, 372),
(12, 4, 'Lorem ipsum dolor sit amet, sed labore et dolore magna aliqua.', 'Blog Post', 'assets/img/banner/2022-05-03/3.png', NULL, NULL, NULL, '#', 1, 0, 280, 498),
(13, 4, 'Lorem ipsum dolor sit amet, sed labore et dolore magna aliqua.', 'New Promo', 'assets/img/banner/2022-05-03/2.png', NULL, NULL, NULL, '#', 1, 0, 280, 498),
(14, 4, 'Lorem ipsum dolor sit amet, sed labore et dolore magna aliqua.', 'Blog Post', 'assets/img/banner/2022-05-03/1.png', NULL, NULL, NULL, '#', 1, 0, 280, 498),
(15, 4, 'Lorem ipsum dolor sit amet, sed labore et dolore magna aliqua.', 'New Promo', 'assets/img/banner/2022-05-03/4.png', NULL, NULL, NULL, '#', 1, 0, 280, 498),
(16, 5, 'Jose Santos', 'Manager', 'assets/img/banner/2022-05-04/11.jpg', 'https://www.facebook.com', 'https://www.facebook.com', 'https://www.facebook.com', 'Lorem ipsum dolor sit amet, consectetur adipiscing elit. Sed id sapien sed velit finibus accumsan non quis purus. ', 1, 0, 400, 490),
(17, 5, 'Maria Cruz', 'Front Office', 'assets/img/banner/2022-05-04/22.jpg', 'https://www.facebook.com', 'https://www.facebook.com', 'https://www.facebook.com', 'Lorem ipsum dolor sit amet, consectetur adipiscing elit. Sed id sapien sed velit finibus accumsan non quis purus. ', 1, 0, 400, 490),
(18, 5, 'Marites Mosa', 'Housekeeping', 'assets/img/banner/2022-05-04/31.jpg', 'https://www.facebook.com', 'https://www.facebook.com', 'https://www.facebook.com', 'Lorem ipsum dolor sit amet, consectetur adipiscing elit. Sed id sapien sed velit finibus accumsan non quis purus. ', 1, 0, 400, 490),
(19, 5, 'Juan Reyes', 'Front Office', 'assets/img/banner/2022-05-04/4.jpg', 'https://www.facebook.com', 'https://www.facebook.com', 'https://www.facebook.com', 'Lorem ipsum dolor sit amet, consectetur adipiscing elit. Sed id sapien sed velit finibus accumsan non quis purus. ', 1, 0, 400, 490),
(20, 6, 'About tio', '', '', NULL, NULL, NULL, '#', 1, 0, 640, 790),
(21, 6, 'about', '', '', NULL, NULL, NULL, '#', 1, 0, 470, 424),
(22, 6, 'about', '', '', NULL, NULL, NULL, '#', 1, 0, 470, 318),
(23, 6, 'about', '', '', NULL, NULL, NULL, '#', 1, 0, 314, 284),
(24, 6, 'about', '', '', NULL, NULL, NULL, '#', 1, 0, 454, 284),
(25, 6, 'about', '', '', NULL, NULL, NULL, '#', 1, 0, 810, 460),
(26, 8, 'Twin Room', '', '', NULL, NULL, NULL, '#', 1, 0, 700, 700),
(27, 8, 'Single Room', '', '', NULL, NULL, NULL, '#', 1, 0, 700, 700),
(29, 8, 'Twin Room', '', '', NULL, NULL, NULL, '#', 1, 0, 700, 700),
(30, 8, 'Deluxe Double Room', '', '', NULL, NULL, NULL, '#', 1, 0, 700, 700),
(32, 8, 'Single Room', '', '', NULL, NULL, NULL, '#', 1, 0, 700, 700),
(33, 8, 'Twin Room', '', '', NULL, NULL, NULL, '#', 1, 0, 700, 700),
(34, 8, 'Single Room', '', '', NULL, NULL, NULL, '#', 1, 0, 700, 700),
(35, 8, 'Twin Room', '', '', NULL, NULL, NULL, '#', 1, 0, 700, 700),
(38, 4, 'Lorem ipsum dolor sit amet, sed labore et dolore magna aliqua.', 'Blog Post', 'assets/img/banner/2022-05-03/U.png', NULL, NULL, NULL, '#', 1, 0, 280, 498),
(41, 9, 'Alphabet logo', '', 'assets/img/banner/2022-05-04/B.jpg', NULL, NULL, NULL, '#', 1, 0, 104, 35),
(42, 9, 'Amazon', '', 'assets/img/banner/2022-05-04/B1.jpg', NULL, NULL, NULL, '#', 1, 0, 104, 35),
(43, 9, 'Fitbit', '', 'assets/img/banner/2022-05-04/B2.jpg', NULL, NULL, NULL, '#', 1, 0, 104, 35),
(44, 9, 'Google', '', 'assets/img/banner/2022-05-04/B4.jpg', NULL, NULL, NULL, '#', 1, 0, 104, 35),
(45, 9, 'Paypal', '', 'assets/img/banner/2022-05-04/B3.jpg', NULL, NULL, NULL, '#', 1, 0, 104, 35),
(46, 9, 'Samsung', '', 'assets/img/banner/2022-05-04/B5.jpg', NULL, NULL, NULL, '#', 1, 0, 104, 35),
(47, 9, 'Shopify', '', 'assets/img/banner/2022-05-04/B6.jpg', NULL, NULL, NULL, '#', 1, 0, 104, 35),
(48, 9, 'Slack', '', 'assets/img/banner/2022-05-04/B7.jpg', NULL, NULL, NULL, '#', 1, 0, 104, 35),
(49, 9, 'Stripe', '', 'assets/img/banner/2022-05-04/B8.jpg', NULL, NULL, NULL, '', 1, 0, 104, 35),
(50, 10, 'It\'s almost yours', 'We just need a few more details to confirm your booking at The Radisson Hotel.', 'assets/img/banner/2022-05-03/3.jpg', NULL, NULL, NULL, '#', 1, 0, 50, 50),
(51, 10, 'No hidden fees', 'Pay the price you see – no booking fees!', 'assets/img/banner/2022-05-03/4.jpg', NULL, NULL, NULL, '#', 1, 0, 50, 50),
(52, 10, 'Your booking is secure', 'Your details are protected by a secure connection.', 'assets/img/banner/2022-05-03/2.jpg', NULL, NULL, NULL, '#', 1, 0, 50, 50),
(53, 11, 'Bed', '', '', NULL, NULL, NULL, '#', 1, 0, 22, 22),
(54, 11, 'Free WiFi', '', '', NULL, NULL, NULL, '#', 1, 0, 22, 25),
(55, 11, 'Balcony, City / Landmark / Garden view', '', '', NULL, NULL, NULL, '#', 1, 0, 22, 25),
(56, 11, 'Flat-screen TV', '', '', NULL, NULL, NULL, '#', 1, 0, 22, 25),
(57, 11, 'Facilities for guests with disabilities', '', '', NULL, NULL, NULL, '#', 1, 0, 22, 25),
(58, 12, 'Save up to 10%', '', 'assets/img/banner/2022-06-28/U.png', NULL, NULL, NULL, '#', 1, 0, 40, 40),
(59, 12, 'Best Rate Guarantee', '', 'assets/img/banner/2022-06-28/U1.png', NULL, NULL, NULL, '#', 1, 0, 40, 40),
(60, 12, 'Free Wi-Fi', '', 'assets/img/banner/2022-06-28/U2.png', NULL, NULL, NULL, '#', 1, 0, 40, 40),
(61, 12, 'Enjoy Free Nights', '', 'assets/img/banner/2022-06-28/U3.png', NULL, NULL, NULL, '#', 1, 0, 40, 40),
(62, 3, 'X-Mass Promo Rate PHP 999.00', '', 'assets/img/banner/2022-06-28/U6.png', NULL, NULL, NULL, '#', 1, 0, 375, 211),
(63, 3, 'Staycation Deals Summer 2022', '', 'assets/img/banner/2022-06-28/U5.png', NULL, NULL, NULL, '#', 1, 0, 375, 211),
(65, 8, 'Twin Room', '', '', NULL, NULL, NULL, '', 1, 0, 700, 700),
(68, 13, '40', 'Rooms', '', '10', NULL, NULL, NULL, 1, 0, 0, 0),
(69, 13, '800', 'Reservations', '', '10', NULL, NULL, NULL, 1, 0, 0, 0),
(70, 13, '211', 'Group Bookings', '', '10', NULL, NULL, NULL, 1, 0, 0, 0),
(71, 13, '67', 'Events', '', '10', NULL, NULL, NULL, 1, 0, 0, 0),
(72, 14, 'Address', 'St. Roro Street., Main Road, Philippines, 9000', '', NULL, NULL, NULL, NULL, 1, 0, 0, 0),
(73, 14, 'Telephone No.', '(+63) 000-000-0000', '', NULL, NULL, NULL, NULL, 1, 0, 0, 0),
(74, 14, 'Email', 'info@nmschotel.com', '', NULL, NULL, NULL, NULL, 1, 0, 0, 0),
(75, 14, 'Mobile', '+63 917-000-0000', '', NULL, NULL, NULL, NULL, 1, 0, 0, 0),
(81, 15, 'Instragram', NULL, '', '#', NULL, NULL, NULL, 1, 0, 0, 0),
(82, 15, 'Twitter', NULL, '', '#', NULL, NULL, NULL, 1, 0, 0, 0),
(83, 15, 'Dribble', NULL, '', '#', NULL, NULL, NULL, 1, 0, 0, 0),
(84, 15, 'Facebook', NULL, '', '#', NULL, NULL, NULL, 1, 0, 0, 0),
(86, 8, 'Double Deluxe Romm', NULL, '', NULL, NULL, NULL, NULL, 1, 0, 700, 700),
(87, 8, 'Double Deluxe Romm', NULL, '', NULL, NULL, NULL, NULL, 1, 0, 700, 700),
(88, 8, 'Double Deluxe Romm', NULL, '', NULL, NULL, NULL, NULL, 1, 0, 700, 700),
(90, 8, 'VIP Suite', NULL, '', NULL, NULL, NULL, NULL, 1, 0, 800, 1000),
(91, 1, NULL, NULL, 'assets/img/banner/2022-06-28/1.png', NULL, NULL, NULL, NULL, 1, 0, 1920, 1000),
(92, 1, NULL, NULL, 'assets/img/banner/2022-06-28/1.jpg', NULL, NULL, NULL, NULL, 1, 0, 1920, 1000);

-- --------------------------------------------------------

--
-- Table structure for table `tbl_slider_type`
--

CREATE TABLE `tbl_slider_type` (
  `stype_id` int(11) NOT NULL,
  `STypeName` varchar(255) DEFAULT NULL,
  `delation_status` int(11) NOT NULL DEFAULT 0
) ENGINE=InnoDB DEFAULT CHARSET=utf8 COLLATE=utf8_general_ci;

--
-- Dumping data for table `tbl_slider_type`
--

INSERT INTO `tbl_slider_type` (`stype_id`, `STypeName`, `delation_status`) VALUES
(1, 'Home Slider', 0),
(2, 'Home Middle', 0),
(3, 'Top Offers', 0),
(4, 'Explore Destination', 0),
(5, 'About Team', 0),
(6, 'About Top', 0),
(7, 'About Brand', 0),
(8, 'gallery', 0),
(9, 'Company', 0),
(10, 'Booking Conditions', 0),
(11, 'Facility', 0),
(12, 'Home below slider', 0);

-- --------------------------------------------------------

--
-- Table structure for table `tbl_soundsetting`
--

CREATE TABLE `tbl_soundsetting` (
  `soundid` int(11) NOT NULL,
  `nofitysound` text DEFAULT NULL,
  `addtocartsound` text DEFAULT NULL
) ENGINE=InnoDB DEFAULT CHARSET=utf8 COLLATE=utf8_general_ci;

--
-- Dumping data for table `tbl_soundsetting`
--

INSERT INTO `tbl_soundsetting` (`soundid`, `nofitysound`, `addtocartsound`) VALUES
(1, 'assets/2021-03-21/b1.mp3', 'h');

-- --------------------------------------------------------

--
-- Table structure for table `tbl_state`
--

CREATE TABLE `tbl_state` (
  `stateid` int(11) NOT NULL,
  `countryid` int(11) NOT NULL,
  `statename` varchar(100) NOT NULL,
  `status` int(11) NOT NULL DEFAULT 1
) ENGINE=InnoDB DEFAULT CHARSET=utf8 COLLATE=utf8_general_ci;

-- --------------------------------------------------------

--
-- Table structure for table `tbl_swimming_pool`
--

CREATE TABLE `tbl_swimming_pool` (
  `poolid` int(11) NOT NULL,
  `poolname` varchar(250) NOT NULL,
  `pooltype` varchar(250) NOT NULL,
  `capacity` int(11) NOT NULL,
  `status` int(11) NOT NULL DEFAULT 0 COMMENT '0 - inactive 1-active 2-undermaintainence 3 - booked',
  `remarks` text DEFAULT NULL
) ENGINE=InnoDB DEFAULT CHARSET=utf8mb4 COLLATE=utf8mb4_general_ci;

-- --------------------------------------------------------

--
-- Table structure for table `tbl_tablefloor`
--

CREATE TABLE `tbl_tablefloor` (
  `tbfloorid` int(11) NOT NULL,
  `floorName` varchar(100) NOT NULL
) ENGINE=InnoDB DEFAULT CHARSET=utf8 COLLATE=utf8_general_ci;

-- --------------------------------------------------------

--
-- Table structure for table `tbl_tax`
--

CREATE TABLE `tbl_tax` (
  `taxsettings` int(11) NOT NULL,
  `tax` int(11) NOT NULL DEFAULT 0 COMMENT '1=show,0=hide'
) ENGINE=InnoDB DEFAULT CHARSET=utf8 COLLATE=utf8_general_ci;

--
-- Dumping data for table `tbl_tax`
--

INSERT INTO `tbl_tax` (`taxsettings`, `tax`) VALUES
(1, 0);

-- --------------------------------------------------------

--
-- Table structure for table `tbl_taxmgt`
--

CREATE TABLE `tbl_taxmgt` (
  `tax_id` int(11) NOT NULL,
  `taxname` text DEFAULT NULL,
  `rate` decimal(8,2) DEFAULT 2.00,
  `reg_no` text DEFAULT NULL,
  `isactive` int(3) DEFAULT 1
) ENGINE=InnoDB DEFAULT CHARSET=utf8 COLLATE=utf8_general_ci;

-- --------------------------------------------------------

--
-- Table structure for table `tbl_thirdparty_customer`
--

CREATE TABLE `tbl_thirdparty_customer` (
  `companyId` int(11) NOT NULL,
  `company_name` varchar(150) NOT NULL,
  `address` text DEFAULT NULL,
  `commision` decimal(10,2) DEFAULT 0.00
) ENGINE=InnoDB DEFAULT CHARSET=utf8 COLLATE=utf8_general_ci;

-- --------------------------------------------------------

--
-- Table structure for table `tbl_updateitems`
--

CREATE TABLE `tbl_updateitems` (
  `updateid` int(11) NOT NULL,
  `ordid` int(11) NOT NULL,
  `menuid` int(11) NOT NULL,
  `qty` decimal(10,3) NOT NULL DEFAULT 0.000,
  `adonsqty` varchar(50) DEFAULT NULL,
  `addonsid` varchar(50) DEFAULT NULL,
  `varientid` int(11) NOT NULL,
  `addonsuid` int(11) DEFAULT NULL,
  `isupdate` varchar(5) DEFAULT NULL,
  `insertdate` date DEFAULT '0000-00-00'
) ENGINE=MyISAM DEFAULT CHARSET=utf8 COLLATE=utf8_general_ci;

-- --------------------------------------------------------

--
-- Table structure for table `tbl_vehicle_booking`
--

CREATE TABLE `tbl_vehicle_booking` (
  `vbkid` int(11) NOT NULL,
  `cust_id` int(11) NOT NULL,
  `vehicle_id` int(11) NOT NULL,
  `flight_id` int(11) NOT NULL,
  `transportation_type` varchar(50) NOT NULL,
  `transportation_time` datetime NOT NULL,
  `driver_id` varchar(50) NOT NULL
) ENGINE=InnoDB DEFAULT CHARSET=utf8mb4 COLLATE=utf8mb4_general_ci;

-- --------------------------------------------------------

--
-- Table structure for table `tbl_vehicle_details`
--

CREATE TABLE `tbl_vehicle_details` (
  `vdsid` int(11) NOT NULL,
  `vehicle_number` varchar(100) NOT NULL,
  `vehicle_type` varchar(100) NOT NULL,
  `fuel_type` varchar(50) DEFAULT NULL,
  `seat_capacity` varchar(50) DEFAULT NULL
) ENGINE=InnoDB DEFAULT CHARSET=utf8mb4 COLLATE=utf8mb4_general_ci;

-- --------------------------------------------------------

--
-- Table structure for table `tbl_version_checker`
--

CREATE TABLE `tbl_version_checker` (
  `vid` int(11) NOT NULL,
  `version` varchar(10) DEFAULT NULL,
  `disable` int(11) NOT NULL DEFAULT 0
) ENGINE=InnoDB DEFAULT CHARSET=latin1 COLLATE=latin1_swedish_ci;

--
-- Dumping data for table `tbl_version_checker`
--

INSERT INTO `tbl_version_checker` (`vid`, `version`, `disable`) VALUES
(1, '2.3', 1);

-- --------------------------------------------------------

--
-- Table structure for table `tbl_wakeup_call`
--

CREATE TABLE `tbl_wakeup_call` (
  `wapupid` int(11) NOT NULL,
  `custid` int(11) NOT NULL,
  `wakeupcall_time` varchar(100) NOT NULL,
  `insert_time` timestamp NOT NULL DEFAULT current_timestamp(),
  `remarks` text DEFAULT NULL
) ENGINE=InnoDB DEFAULT CHARSET=utf8mb4 COLLATE=utf8mb4_general_ci;

-- --------------------------------------------------------

--
-- Table structure for table `tbl_widget`
--

CREATE TABLE `tbl_widget` (
  `widgetid` int(11) NOT NULL,
  `widget_name` varchar(100) NOT NULL,
  `widget_title` varchar(150) DEFAULT NULL,
  `widget_desc` text DEFAULT NULL
) ENGINE=InnoDB DEFAULT CHARSET=utf8 COLLATE=utf8_general_ci;

--
-- Dumping data for table `tbl_widget`
--

INSERT INTO `tbl_widget` (`widgetid`, `widget_name`, `widget_title`, `widget_desc`) VALUES
(1, 'The NMSC Hotel', 'Enjoy Your Staycation with Us', 'Lorem ipsum dolor sit amet, consectetur adipiscing elit. Quisque rutrum vestibulum suscipit. Proin tempus nisi turpis, at laoreet neque malesuada in. Donec pulvinar egestas aliquam.'),
(2, 'Booking Conditions', 'Booking Conditions', '<h6 class=\"font-weight-bold\">Cancellation Policy</h6>\r\n<p>You\'ll be charged the total price if you cancel your booking.</p>\r\n<h6 class=\"font-weight-bold\">Prepayment policy</h6>\r\n<p>No prepayment is needed.</p>\r\n<h6 class=\"font-weight-bold\">Meal plan</h6>\r\n<p class=\"mb-0\">Continental breakfast costs BDT 502 per person per night.</p>\r\n<p class=\"mb-0\">Lunch costs BDT 1,180 per person per night.</p>\r\n<p>Dinner costs BDT 1,180 per person per night.</p>'),
(3, '', 'Cheap Rates and Comfort are Perfectly Combined Here       ', 'Lorem ipsum dolor sit amet, consectetur adipiscing elit. Quisque rutrum vestibulum suscipit. Proin tempus nisi turpis, at laoreet neque malesuada in. Donec pulvinar egestas aliquam. Etiam cursus, nibh nec dictum hendrerit, odio nunc finibus velit, sit amet rhoncus est arcu vel nisl. Nulla non ligula odio. Duis eget laoreet lectus. Maecenas neque mi, scelerisque quis tristique eget, egestas at nisi. Pellentesque laoreet arcu a dapibus euismod.'),
(4, 'Top Offer', 'The NMSC Hotel Top Offers', 'Lorem ipsum dolor sit amet, consectetur adipiscing elit. Quisque aliquet eget lectus eget lacinia.'),
(5, 'Blogs and Offers', 'Check Our Latest Blogs and Offers', 'Mention @TheNMSC on Instagram for a chance to be featured!'),
(6, '', 'Sign or Join', 'The NMSC is the hotel with the most stars in the world. It has an open roof so you can see them all.'),
(7, '', 'Save up to 50%', 'Regular promos and Weekly Deals on The NMSC Hotel'),
(8, '', 'Best Rate in the City', 'Guaranteed  Best Rates with No Hidden Charges!'),
(9, '', 'Free Wi-Fi & Parking', 'Strong Internet Connection with Spacious Parking'),
(10, '', 'Huge Member Discounts', 'Exclusive Discounts to our Membership Program'),
(11, 'ourteam', 'The NMSC Hotel Team', 'Small Team with Big Hearts'),
(12, 'small team', 'Small team. Big hearts.', 'Our focus is always on finding the best people to work with. Our bar is high, And you look ready to take on the challenge.'),
(13, 'about Middle', 'Our Partner Brands', 'Mention @TheNMSC on Instagram for a chance to be featured!'),
(14, 'call number', 'CALL ANYTIME', '0741236589'),
(15, 'contact Email', 'EMAIL US', '<div class=\"wrapper\"><footer class=\"dark\">\r\n<div class=\"subfooter\">\r\n<div class=\"container\">\r\n<div class=\"row\">\r\n<div class=\"col-md-6\">\r\n<div class=\"social-media\">reservation@xainhotel.com   </div>\r\n</div>\r\n</div>\r\n</div>\r\n</div>\r\n</footer></div>'),
(16, 'address', 'Address', '<p>Plot-7, Road-02, Hotel Motel Zone, Francisco Road, United States</p>\r\n<p>info@hotelthecoxtoday.com</p>'),
(17, 'phone', 'Phone & WhatsApp Number', '0892 555 98 449'),
(18, 'Email', 'Email', '<p>info@hotelthecoxtoday.com</p>'),
(19, 'let us', 'Let us hear from you directly!', 'Mention @TheNMSC on Instagram for a chance to be featured!'),
(20, 'Privacy', 'Privacy Policy', 'For Educational Use Only.\r\n\"Test.\"\r\nTest.\r\nTest.'),
(21, 'Terms', 'Terms & Conditions', 'For Educational Use Only.\r\n\"Test.\"\r\nTest.\r\nTest.'),
(22, 'footer', 'footer left', '<p>Plot-7, Road-02, Hotel Motel Zone, Francisco Road, United States</p>\r\n<p>info@hotelthecoxtoday.com</p>'),
(23, 'Footer first', 'Pages', '<ul class=\"footer-link list-unstyled menu mb-0\">\r\n<li class=\"mb-2\"><a class=\"link d-block font-weight-500\" href=\"hotel\">Home</a></li>\r\n<li class=\"mb-2\"><a class=\"link d-block font-weight-500\" href=\"about\">About</a></li>\r\n<li class=\"mb-2\"><a class=\"link d-block font-weight-500\" href=\"contact\">Contact Us</a></li>\r\n<li class=\"mb-2\"><a class=\"link d-block font-weight-500\" href=\"gallery\">Gallery</a></li>\r\n</ul>'),
(24, 'footer second', 'Social Links', '<ul class=\"list-unstyled social-icon\">\r\n<li><a href=\"https://instragram.com/\" target=\"_blank\" rel=\"noopener noreferrer\"> <i class=\"fab fa-instagram icon-wrap\"></i> <span>Instagram </span> </a></li>\r\n<li><a href=\"https://twitter.com/\" target=\"_blank\" rel=\"noopener noreferrer\"> <i class=\"fab fa-twitter icon-wrap\"></i> <span>Twitter</span> </a></li>\r\n<li><a href=\"https://dribble.com/\" target=\"_blank\" rel=\"noopener noreferrer\"> <i class=\"fab fa-dribbble icon-wrap\"></i> <span>Dribbble</span> </a></li>\r\n<li><a href=\"https://facebook.com/\" target=\"_blank\" rel=\"noopener noreferrer\"> <i class=\"fab fa-facebook-f icon-wrap\"></i> <span>Facebook</span> </a></li>\r\n</ul>'),
(25, 'footer 3rd', 'About spacial', '<ul class=\"footer-link list-unstyled menu mb-0\">\r\n<li class=\"mb-2\"><a class=\"link d-block font-weight-500\" href=\"#\">Home Pages</a></li>\r\n<li class=\"mb-2\"><a class=\"link d-block font-weight-500\" href=\"#\">Theme Features</a></li>\r\n<li class=\"mb-2\"><a class=\"link d-block font-weight-500\" href=\"#\">Services</a></li>\r\n<li class=\"mb-2\"><a class=\"link d-block font-weight-500\" href=\"#\">StoreFront</a></li>\r\n<li class=\"mb-2\"><a class=\"link d-block font-weight-500\" href=\"#\">Portfolio</a></li>\r\n</ul>'),
(26, 'widget four', 'Company Policy', '<ul class=\"footer-link list-unstyled menu mb-0\">\r\n<li class=\"mb-2\"><a class=\"link d-block font-weight-500\" href=\"privacy\">Privacy</a></li>\r\n<li class=\"mb-2\"><a class=\"link d-block font-weight-500\" href=\"terms\">Terms & Conditions</a></li>\r\n</ul>'),
(27, 'Overview', '', '<div class=\"col-6 mb-3 col-lg-3 mb-lg-0\"><span class=\"numscroller display-4 text-primary d-block\" data-min=\"1\" data-max=\"52147\" data-delay=\"5\" data-increment=\"100\">52147</span> <span class=\"h6\">Monthly Active Users</span></div>\r\n<div class=\"col-6 mb-3 col-lg-3 mb-lg-0\"><span class=\"numscroller display-4 text-primary d-block\" data-min=\"1\" data-max=\"130\" data-delay=\"5\" data-increment=\"10\">130</span> <span class=\"h6\">Team Members</span></div>\r\n<div class=\"col-6 mb-3 col-lg-3 mb-lg-0\"><span class=\"numscroller display-4 text-primary d-block\" data-min=\"1\" data-max=\"1235\" data-delay=\"5\" data-increment=\"10\">1235</span> <span class=\"h6\">User Projects Published</span></div>\r\n<div class=\"col-6 mb-3 col-lg-3 mb-lg-0\"><span class=\"numscroller display-4 text-primary d-block\" data-min=\"1\" data-max=\"4591\" data-delay=\"5\" data-increment=\"10\">4591</span> <span class=\"h6\">Server Uptime</span></div>'),
(28, 'Social Icons', 'Lorem ipsum dolor sit amet, consectetur adipisicing elit. Recusandae asperiores.', ''),
(29, 'Get updates & exclusive offers', 'Sign up to our newsletter to be the first to hear about', 'new openings, offers and more.'),
(30, '', 'Free cancellation', NULL),
(31, '', NULL, 'www.facebook.com'),
(32, '', NULL, 'www.facebook.com'),
(33, '', NULL, 'www.facebook.com'),
(34, '', NULL, 'www.facebook.com'),
(35, '', 'Cancellation Policy', 'You\'ll be charged the total price if you cancel your booking.'),
(36, '', 'Prepayment Policy', 'No prepayment is needed.'),
(37, '', 'Meal Plan', 'Optional Meal Plans: Breakfast costs PHP 300 per person, and Lunch costs PHP 400 per person while Dinner costs PHP 500 per person.');

-- --------------------------------------------------------

--
-- Table structure for table `timezone`
--

CREATE TABLE `timezone` (
  `id` int(11) NOT NULL,
  `convention` varchar(100) DEFAULT NULL,
  `zone` varchar(100) DEFAULT NULL
) ENGINE=InnoDB DEFAULT CHARSET=utf8mb4 COLLATE=utf8mb4_general_ci;

--
-- Dumping data for table `timezone`
--

INSERT INTO `timezone` (`id`, `convention`, `zone`) VALUES
(1, 'AD', 'Europe/Andorra'),
(2, 'AE', 'Asia/Dubai'),
(3, 'AF', 'Asia/Kabul'),
(4, 'AG', 'America/Antigua'),
(5, 'AI', 'America/Anguilla'),
(6, 'AL', 'Europe/Tirane'),
(7, 'AM', 'Asia/Yerevan'),
(8, 'AO', 'Africa/Luanda'),
(9, 'AQ', 'Antarctica/McMurdo'),
(10, 'AQ', 'Antarctica/Casey'),
(11, 'AQ', 'Antarctica/Davis'),
(12, 'AQ', 'Antarctica/DumontDUrville'),
(13, 'AQ', 'Antarctica/Mawson'),
(14, 'AQ', 'Antarctica/Palmer'),
(15, 'AQ', 'Antarctica/Rothera'),
(16, 'AQ', 'Antarctica/Syowa'),
(17, 'AQ', 'Antarctica/Troll'),
(18, 'AQ', 'Antarctica/Vostok'),
(19, 'AR', 'America/Argentina/Buenos_Aires'),
(20, 'AR', 'America/Argentina/Cordoba'),
(21, 'AR', 'America/Argentina/Salta'),
(22, 'AR', 'America/Argentina/Jujuy'),
(23, 'AR', 'America/Argentina/Tucuman'),
(24, 'AR', 'America/Argentina/Catamarca'),
(25, 'AR', 'America/Argentina/La_Rioja'),
(26, 'AR', 'America/Argentina/San_Juan'),
(27, 'AR', 'America/Argentina/Mendoza'),
(28, 'AR', 'America/Argentina/San_Luis'),
(29, 'AR', 'America/Argentina/Rio_Gallegos'),
(30, 'AR', 'America/Argentina/Ushuaia'),
(31, 'AS', 'Pacific/Pago_Pago'),
(32, 'AT', 'Europe/Vienna'),
(33, 'AU', 'Australia/Lord_Howe'),
(34, 'AU', 'Antarctica/Macquarie'),
(35, 'AU', 'Australia/Hobart'),
(36, 'AU', 'Australia/Melbourne'),
(37, 'AU', 'Australia/Sydney'),
(38, 'AU', 'Australia/Broken_Hill'),
(39, 'AU', 'Australia/Brisbane'),
(40, 'AU', 'Australia/Lindeman'),
(41, 'AU', 'Australia/Adelaide'),
(42, 'AU', 'Australia/Darwin'),
(43, 'AU', 'Australia/Perth'),
(44, 'AU', 'Australia/Eucla'),
(45, 'AW', 'America/Aruba'),
(46, 'AX', 'Europe/Mariehamn'),
(47, 'AZ', 'Asia/Baku'),
(48, 'BA', 'Europe/Sarajevo'),
(49, 'BB', 'America/Barbados'),
(50, 'BD', 'Asia/Dhaka'),
(51, 'BE', 'Europe/Brussels'),
(52, 'BF', 'Africa/Ouagadougou'),
(53, 'BG', 'Europe/Sofia'),
(54, 'BH', 'Asia/Bahrain'),
(55, 'BI', 'Africa/Bujumbura'),
(56, 'BJ', 'Africa/Porto-Novo'),
(57, 'BL', 'America/St_Barthelemy'),
(58, 'BM', 'Atlantic/Bermuda'),
(59, 'BN', 'Asia/Brunei'),
(60, 'BO', 'America/La_Paz'),
(61, 'BQ', 'America/Kralendijk'),
(62, 'BR', 'America/Noronha'),
(63, 'BR', 'America/Belem'),
(64, 'BR', 'America/Fortaleza'),
(65, 'BR', 'America/Recife'),
(66, 'BR', 'America/Araguaina'),
(67, 'BR', 'America/Maceio'),
(68, 'BR', 'America/Bahia'),
(69, 'BR', 'America/Sao_Paulo'),
(70, 'BR', 'America/Campo_Grande'),
(71, 'BR', 'America/Cuiaba'),
(72, 'BR', 'America/Santarem'),
(73, 'BR', 'America/Porto_Velho'),
(74, 'BR', 'America/Boa_Vista'),
(75, 'BR', 'America/Manaus'),
(76, 'BR', 'America/Eirunepe'),
(77, 'BR', 'America/Rio_Branco'),
(78, 'BS', 'America/Nassau'),
(79, 'BT', 'Asia/Thimphu'),
(80, 'BW', 'Africa/Gaborone'),
(81, 'BY', 'Europe/Minsk'),
(82, 'BZ', 'America/Belize'),
(83, 'CA', 'America/St_Johns'),
(84, 'CA', 'America/Halifax'),
(85, 'CA', 'America/Glace_Bay'),
(86, 'CA', 'America/Moncton'),
(87, 'CA', 'America/Goose_Bay'),
(88, 'CA', 'America/Blanc-Sablon'),
(89, 'CA', 'America/Toronto'),
(90, 'CA', 'America/Nipigon'),
(91, 'CA', 'America/Thunder_Bay'),
(92, 'CA', 'America/Iqaluit'),
(93, 'CA', 'America/Pangnirtung'),
(94, 'CA', 'America/Atikokan'),
(95, 'CA', 'America/Winnipeg'),
(96, 'CA', 'America/Rainy_River'),
(97, 'CA', 'America/Resolute'),
(98, 'CA', 'America/Rankin_Inlet'),
(99, 'CA', 'America/Regina'),
(100, 'CA', 'America/Swift_Current'),
(101, 'CA', 'America/Edmonton'),
(102, 'CA', 'America/Cambridge_Bay'),
(103, 'CA', 'America/Yellowknife'),
(104, 'CA', 'America/Inuvik'),
(105, 'CA', 'America/Creston'),
(106, 'CA', 'America/Dawson_Creek'),
(107, 'CA', 'America/Fort_Nelson'),
(108, 'CA', 'America/Whitehorse'),
(109, 'CA', 'America/Dawson'),
(110, 'CA', 'America/Vancouver'),
(111, 'CC', 'Indian/Cocos'),
(112, 'CD', 'Africa/Kinshasa'),
(113, 'CD', 'Africa/Lubumbashi'),
(114, 'CF', 'Africa/Bangui'),
(115, 'CG', 'Africa/Brazzaville'),
(116, 'CH', 'Europe/Zurich'),
(117, 'CI', 'Africa/Abidjan'),
(118, 'CK', 'Pacific/Rarotonga'),
(119, 'CL', 'America/Santiago'),
(120, 'CL', 'America/Punta_Arenas'),
(121, 'CL', 'Pacific/Easter'),
(122, 'CM', 'Africa/Douala'),
(123, 'CN', 'Asia/Shanghai'),
(124, 'CN', 'Asia/Urumqi'),
(125, 'CO', 'America/Bogota'),
(126, 'CR', 'America/Costa_Rica'),
(127, 'CU', 'America/Havana'),
(128, 'CV', 'Atlantic/Cape_Verde'),
(129, 'CW', 'America/Curacao'),
(130, 'CX', 'Indian/Christmas'),
(131, 'CY', 'Asia/Nicosia'),
(132, 'CY', 'Asia/Famagusta'),
(133, 'CZ', 'Europe/Prague'),
(134, 'DE', 'Europe/Berlin'),
(135, 'DE', 'Europe/Busingen'),
(136, 'DJ', 'Africa/Djibouti'),
(137, 'DK', 'Europe/Copenhagen'),
(138, 'DM', 'America/Dominica'),
(139, 'DO', 'America/Santo_Domingo'),
(140, 'DZ', 'Africa/Algiers'),
(141, 'EC', 'America/Guayaquil'),
(142, 'EC', 'Pacific/Galapagos'),
(143, 'EE', 'Europe/Tallinn'),
(144, 'EG', 'Africa/Cairo'),
(145, 'EH', 'Africa/El_Aaiun'),
(146, 'ER', 'Africa/Asmara'),
(147, 'ES', 'Europe/Madrid'),
(148, 'ES', 'Africa/Ceuta'),
(149, 'ES', 'Atlantic/Canary'),
(150, 'ET', 'Africa/Addis_Ababa'),
(151, 'FI', 'Europe/Helsinki'),
(152, 'FJ', 'Pacific/Fiji'),
(153, 'FK', 'Atlantic/Stanley'),
(154, 'FM', 'Pacific/Chuuk'),
(155, 'FM', 'Pacific/Pohnpei'),
(156, 'FM', 'Pacific/Kosrae'),
(157, 'FO', 'Atlantic/Faroe'),
(158, 'FR', 'Europe/Paris'),
(159, 'GA', 'Africa/Libreville'),
(160, 'GB', 'Europe/London'),
(161, 'GD', 'America/Grenada'),
(162, 'GE', 'Asia/Tbilisi'),
(163, 'GF', 'America/Cayenne'),
(164, 'GG', 'Europe/Guernsey'),
(165, 'GH', 'Africa/Accra'),
(166, 'GI', 'Europe/Gibraltar'),
(167, 'GL', 'America/Nuuk'),
(168, 'GL', 'America/Danmarkshavn'),
(169, 'GL', 'America/Scoresbysund'),
(170, 'GL', 'America/Thule'),
(171, 'GM', 'Africa/Banjul'),
(172, 'GN', 'Africa/Conakry'),
(173, 'GP', 'America/Guadeloupe'),
(174, 'GQ', 'Africa/Malabo'),
(175, 'GR', 'Europe/Athens'),
(176, 'GS', 'Atlantic/South_Georgia'),
(177, 'GT', 'America/Guatemala'),
(178, 'GU', 'Pacific/Guam'),
(179, 'GW', 'Africa/Bissau'),
(180, 'GY', 'America/Guyana'),
(181, 'HK', 'Asia/Hong_Kong'),
(182, 'HN', 'America/Tegucigalpa'),
(183, 'HR', 'Europe/Zagreb'),
(184, 'HT', 'America/Port-au-Prince'),
(185, 'HU', 'Europe/Budapest'),
(186, 'ID', 'Asia/Jakarta'),
(187, 'ID', 'Asia/Pontianak'),
(188, 'ID', 'Asia/Makassar'),
(189, 'ID', 'Asia/Jayapura'),
(190, 'IE', 'Europe/Dublin'),
(191, 'IL', 'Asia/Jerusalem'),
(192, 'IM', 'Europe/Isle_of_Man'),
(193, 'IN', 'Asia/Kolkata'),
(194, 'IO', 'Indian/Chagos'),
(195, 'IQ', 'Asia/Baghdad'),
(196, 'IR', 'Asia/Tehran'),
(197, 'IS', 'Atlantic/Reykjavik'),
(198, 'IT', 'Europe/Rome'),
(199, 'JE', 'Europe/Jersey'),
(200, 'JM', 'America/Jamaica'),
(201, 'JO', 'Asia/Amman'),
(202, 'JP', 'Asia/Tokyo'),
(203, 'KE', 'Africa/Nairobi'),
(204, 'KG', 'Asia/Bishkek'),
(205, 'KH', 'Asia/Phnom_Penh'),
(206, 'KI', 'Pacific/Tarawa'),
(207, 'KI', 'Pacific/Kanton'),
(208, 'KI', 'Pacific/Kiritimati'),
(209, 'KM', 'Indian/Comoro'),
(210, 'KN', 'America/St_Kitts'),
(211, 'KP', 'Asia/Pyongyang'),
(212, 'KR', 'Asia/Seoul'),
(213, 'KW', 'Asia/Kuwait'),
(214, 'KY', 'America/Cayman'),
(215, 'KZ', 'Asia/Almaty'),
(216, 'KZ', 'Asia/Qyzylorda'),
(217, 'KZ', 'Asia/Qostanay'),
(218, 'KZ', 'Asia/Aqtobe'),
(219, 'KZ', 'Asia/Aqtau'),
(220, 'KZ', 'Asia/Atyrau'),
(221, 'KZ', 'Asia/Oral'),
(222, 'LA', 'Asia/Vientiane'),
(223, 'LB', 'Asia/Beirut'),
(224, 'LC', 'America/St_Lucia'),
(225, 'LI', 'Europe/Vaduz'),
(226, 'LK', 'Asia/Colombo'),
(227, 'LR', 'Africa/Monrovia'),
(228, 'LS', 'Africa/Maseru'),
(229, 'LT', 'Europe/Vilnius'),
(230, 'LU', 'Europe/Luxembourg'),
(231, 'LV', 'Europe/Riga'),
(232, 'LY', 'Africa/Tripoli'),
(233, 'MA', 'Africa/Casablanca'),
(234, 'MC', 'Europe/Monaco'),
(235, 'MD', 'Europe/Chisinau'),
(236, 'ME', 'Europe/Podgorica'),
(237, 'MF', 'America/Marigot'),
(238, 'MG', 'Indian/Antananarivo'),
(239, 'MH', 'Pacific/Majuro'),
(240, 'MH', 'Pacific/Kwajalein'),
(241, 'MK', 'Europe/Skopje'),
(242, 'ML', 'Africa/Bamako'),
(243, 'MM', 'Asia/Yangon'),
(244, 'MN', 'Asia/Ulaanbaatar'),
(245, 'MN', 'Asia/Hovd'),
(246, 'MN', 'Asia/Choibalsan'),
(247, 'MO', 'Asia/Macau'),
(248, 'MP', 'Pacific/Saipan'),
(249, 'MQ', 'America/Martinique'),
(250, 'MR', 'Africa/Nouakchott'),
(251, 'MS', 'America/Montserrat'),
(252, 'MT', 'Europe/Malta'),
(253, 'MU', 'Indian/Mauritius'),
(254, 'MV', 'Indian/Maldives'),
(255, 'MW', 'Africa/Blantyre'),
(256, 'MX', 'America/Mexico_City'),
(257, 'MX', 'America/Cancun'),
(258, 'MX', 'America/Merida'),
(259, 'MX', 'America/Monterrey'),
(260, 'MX', 'America/Matamoros'),
(261, 'MX', 'America/Mazatlan'),
(262, 'MX', 'America/Chihuahua'),
(263, 'MX', 'America/Ojinaga'),
(264, 'MX', 'America/Hermosillo'),
(265, 'MX', 'America/Tijuana'),
(266, 'MX', 'America/Bahia_Banderas'),
(267, 'MY', 'Asia/Kuala_Lumpur'),
(268, 'MY', 'Asia/Kuching'),
(269, 'MZ', 'Africa/Maputo'),
(270, 'NA', 'Africa/Windhoek'),
(271, 'NC', 'Pacific/Noumea'),
(272, 'NE', 'Africa/Niamey'),
(273, 'NF', 'Pacific/Norfolk'),
(274, 'NG', 'Africa/Lagos'),
(275, 'NI', 'America/Managua'),
(276, 'NL', 'Europe/Amsterdam'),
(277, 'NO', 'Europe/Oslo'),
(278, 'NP', 'Asia/Kathmandu'),
(279, 'NR', 'Pacific/Nauru'),
(280, 'NU', 'Pacific/Niue'),
(281, 'NZ', 'Pacific/Auckland'),
(282, 'NZ', 'Pacific/Chatham'),
(283, 'OM', 'Asia/Muscat'),
(284, 'PA', 'America/Panama'),
(285, 'PE', 'America/Lima'),
(286, 'PF', 'Pacific/Tahiti'),
(287, 'PF', 'Pacific/Marquesas'),
(288, 'PF', 'Pacific/Gambier'),
(289, 'PG', 'Pacific/Port_Moresby'),
(290, 'PG', 'Pacific/Bougainville'),
(291, 'PH', 'Asia/Manila'),
(292, 'PK', 'Asia/Karachi'),
(293, 'PL', 'Europe/Warsaw'),
(294, 'PM', 'America/Miquelon'),
(295, 'PN', 'Pacific/Pitcairn'),
(296, 'PR', 'America/Puerto_Rico'),
(297, 'PS', 'Asia/Gaza'),
(298, 'PS', 'Asia/Hebron'),
(299, 'PT', 'Europe/Lisbon'),
(300, 'PT', 'Atlantic/Madeira'),
(301, 'PT', 'Atlantic/Azores'),
(302, 'PW', 'Pacific/Palau'),
(303, 'PY', 'America/Asuncion'),
(304, 'QA', 'Asia/Qatar'),
(305, 'RE', 'Indian/Reunion'),
(306, 'RO', 'Europe/Bucharest'),
(307, 'RS', 'Europe/Belgrade'),
(308, 'RU', 'Europe/Kaliningrad'),
(309, 'RU', 'Europe/Moscow'),
(310, 'UA', 'Europe/Simferopol'),
(311, 'RU', 'Europe/Kirov'),
(312, 'RU', 'Europe/Volgograd'),
(313, 'RU', 'Europe/Astrakhan'),
(314, 'RU', 'Europe/Saratov'),
(315, 'RU', 'Europe/Ulyanovsk'),
(316, 'RU', 'Europe/Samara'),
(317, 'RU', 'Asia/Yekaterinburg'),
(318, 'RU', 'Asia/Omsk'),
(319, 'RU', 'Asia/Novosibirsk'),
(320, 'RU', 'Asia/Barnaul'),
(321, 'RU', 'Asia/Tomsk'),
(322, 'RU', 'Asia/Novokuznetsk'),
(323, 'RU', 'Asia/Krasnoyarsk'),
(324, 'RU', 'Asia/Irkutsk'),
(325, 'RU', 'Asia/Chita'),
(326, 'RU', 'Asia/Yakutsk'),
(327, 'RU', 'Asia/Khandyga'),
(328, 'RU', 'Asia/Vladivostok'),
(329, 'RU', 'Asia/Ust-Nera'),
(330, 'RU', 'Asia/Magadan'),
(331, 'RU', 'Asia/Sakhalin'),
(332, 'RU', 'Asia/Srednekolymsk'),
(333, 'RU', 'Asia/Kamchatka'),
(334, 'RU', 'Asia/Anadyr'),
(335, 'RW', 'Africa/Kigali'),
(336, 'SA', 'Asia/Riyadh'),
(337, 'SB', 'Pacific/Guadalcanal'),
(338, 'SC', 'Indian/Mahe'),
(339, 'SD', 'Africa/Khartoum'),
(340, 'SE', 'Europe/Stockholm'),
(341, 'SG', 'Asia/Singapore'),
(342, 'SH', 'Atlantic/St_Helena'),
(343, 'SI', 'Europe/Ljubljana'),
(344, 'SJ', 'Arctic/Longyearbyen'),
(345, 'SK', 'Europe/Bratislava'),
(346, 'SL', 'Africa/Freetown'),
(347, 'SM', 'Europe/San_Marino'),
(348, 'SN', 'Africa/Dakar'),
(349, 'SO', 'Africa/Mogadishu'),
(350, 'SR', 'America/Paramaribo'),
(351, 'SS', 'Africa/Juba'),
(352, 'ST', 'Africa/Sao_Tome'),
(353, 'SV', 'America/El_Salvador'),
(354, 'SX', 'America/Lower_Princes'),
(355, 'SY', 'Asia/Damascus'),
(356, 'SZ', 'Africa/Mbabane'),
(357, 'TC', 'America/Grand_Turk'),
(358, 'TD', 'Africa/Ndjamena'),
(359, 'TF', 'Indian/Kerguelen'),
(360, 'TG', 'Africa/Lome'),
(361, 'TH', 'Asia/Bangkok'),
(362, 'TJ', 'Asia/Dushanbe'),
(363, 'TK', 'Pacific/Fakaofo'),
(364, 'TL', 'Asia/Dili'),
(365, 'TM', 'Asia/Ashgabat'),
(366, 'TN', 'Africa/Tunis'),
(367, 'TO', 'Pacific/Tongatapu'),
(368, 'TR', 'Europe/Istanbul'),
(369, 'TT', 'America/Port_of_Spain'),
(370, 'TV', 'Pacific/Funafuti'),
(371, 'TW', 'Asia/Taipei'),
(372, 'TZ', 'Africa/Dar_es_Salaam'),
(373, 'UA', 'Europe/Kiev'),
(374, 'UA', 'Europe/Uzhgorod'),
(375, 'UA', 'Europe/Zaporozhye'),
(376, 'UG', 'Africa/Kampala'),
(377, 'UM', 'Pacific/Midway'),
(378, 'UM', 'Pacific/Wake'),
(379, 'US', 'America/New_York'),
(380, 'US', 'America/Detroit'),
(381, 'US', 'America/Kentucky/Louisville'),
(382, 'US', 'America/Kentucky/Monticello'),
(383, 'US', 'America/Indiana/Indianapolis'),
(384, 'US', 'America/Indiana/Vincennes'),
(385, 'US', 'America/Indiana/Winamac'),
(386, 'US', 'America/Indiana/Marengo'),
(387, 'US', 'America/Indiana/Petersburg'),
(388, 'US', 'America/Indiana/Vevay'),
(389, 'US', 'America/Chicago'),
(390, 'US', 'America/Indiana/Tell_City'),
(391, 'US', 'America/Indiana/Knox'),
(392, 'US', 'America/Menominee'),
(393, 'US', 'America/North_Dakota/Center'),
(394, 'US', 'America/North_Dakota/New_Salem'),
(395, 'US', 'America/North_Dakota/Beulah'),
(396, 'US', 'America/Denver'),
(397, 'US', 'America/Boise'),
(398, 'US', 'America/Phoenix'),
(399, 'US', 'America/Los_Angeles'),
(400, 'US', 'America/Anchorage'),
(401, 'US', 'America/Juneau'),
(402, 'US', 'America/Sitka'),
(403, 'US', 'America/Metlakatla'),
(404, 'US', 'America/Yakutat'),
(405, 'US', 'America/Nome'),
(406, 'US', 'America/Adak'),
(407, 'US', 'Pacific/Honolulu'),
(408, 'UY', 'America/Montevideo'),
(409, 'UZ', 'Asia/Samarkand'),
(410, 'UZ', 'Asia/Tashkent'),
(411, 'VA', 'Europe/Vatican'),
(412, 'VC', 'America/St_Vincent'),
(413, 'VE', 'America/Caracas'),
(414, 'VG', 'America/Tortola'),
(415, 'VI', 'America/St_Thomas'),
(416, 'VN', 'Asia/Ho_Chi_Minh'),
(417, 'VU', 'Pacific/Efate'),
(418, 'WF', 'Pacific/Wallis'),
(419, 'WS', 'Pacific/Apia'),
(420, 'YE', 'Asia/Aden'),
(421, 'YT', 'Indian/Mayotte'),
(422, 'ZA', 'Africa/Johannesburg'),
(423, 'ZM', 'Africa/Lusaka'),
(424, 'ZW', 'Africa/Harare');

-- --------------------------------------------------------

--
-- Table structure for table `top_menu`
--

CREATE TABLE `top_menu` (
  `menuid` int(11) NOT NULL,
  `menu_name` text NOT NULL,
  `menu_slug` varchar(70) NOT NULL,
  `parentid` int(11) NOT NULL,
  `entrydate` date NOT NULL,
  `isactive` int(11) NOT NULL DEFAULT 0
) ENGINE=InnoDB DEFAULT CHARSET=utf8 COLLATE=utf8_general_ci;

--
-- Dumping data for table `top_menu`
--

INSERT INTO `top_menu` (`menuid`, `menu_name`, `menu_slug`, `parentid`, `entrydate`, `isactive`) VALUES
(1, 'Home', 'hotel', 0, '2021-09-13', 1),
(2, 'About Us', 'about', 0, '2021-03-06', 1),
(3, 'Contact Us', 'contact', 0, '2021-01-07', 1),
(4, 'Gallery', 'gallery', 0, '2022-05-04', 1),
(5, 'My Account', 'my-profile', 0, '2022-05-04', 1);

-- --------------------------------------------------------

--
-- Table structure for table `unit_of_measurement`
--

CREATE TABLE `unit_of_measurement` (
  `id` int(11) NOT NULL,
  `uom_name` varchar(200) NOT NULL,
  `uom_short_code` varchar(10) NOT NULL,
  `is_active` tinyint(1) NOT NULL
) ENGINE=InnoDB DEFAULT CHARSET=utf8 COLLATE=utf8_unicode_ci;

--
-- Dumping data for table `unit_of_measurement`
--

INSERT INTO `unit_of_measurement` (`id`, `uom_name`, `uom_short_code`, `is_active`) VALUES
(1, 'Kilogram', 'kg.', 1),
(2, 'Liter', 'ltr.', 1),
(3, 'Gram', 'grm.', 1),
(4, 'tonne', 'tn.', 1),
(5, 'milligram', 'mg.', 1),
(6, 'carat', 'carat', 1),
(7, 'Per Pieces', 'pcs', 1),
(8, 'Per Cup', 'cup', 1),
(9, 'Pound', 'pnd.', 1);

-- --------------------------------------------------------

--
-- Table structure for table `variant`
--

CREATE TABLE `variant` (
  `variantid` int(11) NOT NULL,
  `menuid` int(11) NOT NULL,
  `variantName` varchar(120) NOT NULL,
  `price` decimal(10,2) NOT NULL DEFAULT 0.00
) ENGINE=InnoDB DEFAULT CHARSET=utf8 COLLATE=utf8_general_ci;

-- --------------------------------------------------------

--
-- Table structure for table `weekly_holiday`
--

CREATE TABLE `weekly_holiday` (
  `wk_id` int(11) NOT NULL,
  `dayname` varchar(30) CHARACTER SET latin1 COLLATE latin1_swedish_ci NOT NULL
) ENGINE=InnoDB DEFAULT CHARSET=utf8 COLLATE=utf8_general_ci;

--
-- Dumping data for table `weekly_holiday`
--

INSERT INTO `weekly_holiday` (`wk_id`, `dayname`) VALUES
(22, 'Friday');

--
-- Indexes for dumped tables
--

--
-- Indexes for table `accesslog`
--
ALTER TABLE `accesslog`
  ADD PRIMARY KEY (`sl_no`);

--
-- Indexes for table `acc_account`
--
ALTER TABLE `acc_account`
  ADD PRIMARY KEY (`account_id`);

--
-- Indexes for table `acc_account_name`
--
ALTER TABLE `acc_account_name`
  ADD PRIMARY KEY (`account_id`);

--
-- Indexes for table `acc_bank`
--
ALTER TABLE `acc_bank`
  ADD PRIMARY KEY (`bank_id`);

--
-- Indexes for table `acc_coa`
--
ALTER TABLE `acc_coa`
  ADD PRIMARY KEY (`HeadName`),
  ADD KEY `HeadCode` (`HeadCode`);

--
-- Indexes for table `acc_customer_income`
--
ALTER TABLE `acc_customer_income`
  ADD UNIQUE KEY `ID` (`ID`);

--
-- Indexes for table `acc_glsummarybalance`
--
ALTER TABLE `acc_glsummarybalance`
  ADD UNIQUE KEY `ID` (`ID`);

--
-- Indexes for table `acc_income_expence`
--
ALTER TABLE `acc_income_expence`
  ADD UNIQUE KEY `ID` (`ID`),
  ADD KEY `VNo` (`VNo`,`IsApprove`);

--
-- Indexes for table `acc_transaction`
--
ALTER TABLE `acc_transaction`
  ADD UNIQUE KEY `ID` (`ID`),
  ADD KEY `COAID` (`COAID`);

--
-- Indexes for table `add_ons`
--
ALTER TABLE `add_ons`
  ADD PRIMARY KEY (`add_on_id`);

--
-- Indexes for table `award`
--
ALTER TABLE `award`
  ADD PRIMARY KEY (`award_id`);

--
-- Indexes for table `bedstype`
--
ALTER TABLE `bedstype`
  ADD PRIMARY KEY (`Bedstypeid`);

--
-- Indexes for table `bill`
--
ALTER TABLE `bill`
  ADD PRIMARY KEY (`bill_id`);

--
-- Indexes for table `bill_card_payment`
--
ALTER TABLE `bill_card_payment`
  ADD PRIMARY KEY (`row_id`);

--
-- Indexes for table `booked_details`
--
ALTER TABLE `booked_details`
  ADD PRIMARY KEY (`book_detailsid`),
  ADD KEY `bookedid` (`bookedid`);

--
-- Indexes for table `booked_info`
--
ALTER TABLE `booked_info`
  ADD PRIMARY KEY (`bookedid`),
  ADD KEY `cutomerid` (`cutomerid`,`bookingstatus`);

--
-- Indexes for table `bookingtype`
--
ALTER TABLE `bookingtype`
  ADD PRIMARY KEY (`booktypeid`);

--
-- Indexes for table `candidate_basic_info`
--
ALTER TABLE `candidate_basic_info`
  ADD PRIMARY KEY (`can_id`);

--
-- Indexes for table `candidate_education_info`
--
ALTER TABLE `candidate_education_info`
  ADD PRIMARY KEY (`can_edu_id`);

--
-- Indexes for table `candidate_interview`
--
ALTER TABLE `candidate_interview`
  ADD PRIMARY KEY (`can_int_id`);

--
-- Indexes for table `candidate_selection`
--
ALTER TABLE `candidate_selection`
  ADD PRIMARY KEY (`can_sel_id`);

--
-- Indexes for table `candidate_shortlist`
--
ALTER TABLE `candidate_shortlist`
  ADD PRIMARY KEY (`can_short_id`);

--
-- Indexes for table `candidate_workexperience`
--
ALTER TABLE `candidate_workexperience`
  ADD PRIMARY KEY (`can_workexp_id`);

--
-- Indexes for table `check_addones`
--
ALTER TABLE `check_addones`
  ADD PRIMARY KEY (`id`);

--
-- Indexes for table `common_setting`
--
ALTER TABLE `common_setting`
  ADD PRIMARY KEY (`id`);

--
-- Indexes for table `currency`
--
ALTER TABLE `currency`
  ADD PRIMARY KEY (`currencyid`);

--
-- Indexes for table `customerinfo`
--
ALTER TABLE `customerinfo`
  ADD PRIMARY KEY (`customerid`);

--
-- Indexes for table `customer_order`
--
ALTER TABLE `customer_order`
  ADD PRIMARY KEY (`order_id`);

--
-- Indexes for table `customer_type`
--
ALTER TABLE `customer_type`
  ADD PRIMARY KEY (`customer_type_id`);

--
-- Indexes for table `custom_table`
--
ALTER TABLE `custom_table`
  ADD PRIMARY KEY (`custom_id`);

--
-- Indexes for table `dbt_blocklist`
--
ALTER TABLE `dbt_blocklist`
  ADD PRIMARY KEY (`id`);

--
-- Indexes for table `dbt_security`
--
ALTER TABLE `dbt_security`
  ADD PRIMARY KEY (`id`);

--
-- Indexes for table `department`
--
ALTER TABLE `department`
  ADD PRIMARY KEY (`dept_id`);

--
-- Indexes for table `duty_type`
--
ALTER TABLE `duty_type`
  ADD PRIMARY KEY (`id`);

--
-- Indexes for table `employee_benifit`
--
ALTER TABLE `employee_benifit`
  ADD PRIMARY KEY (`id`);

--
-- Indexes for table `employee_history`
--
ALTER TABLE `employee_history`
  ADD PRIMARY KEY (`emp_his_id`),
  ADD KEY `employee_id` (`employee_id`);

--
-- Indexes for table `employee_performance`
--
ALTER TABLE `employee_performance`
  ADD PRIMARY KEY (`emp_per_id`);

--
-- Indexes for table `employee_salary_payment`
--
ALTER TABLE `employee_salary_payment`
  ADD PRIMARY KEY (`emp_sal_pay_id`);

--
-- Indexes for table `employee_salary_setup`
--
ALTER TABLE `employee_salary_setup`
  ADD PRIMARY KEY (`e_s_s_id`);

--
-- Indexes for table `emp_attendance`
--
ALTER TABLE `emp_attendance`
  ADD PRIMARY KEY (`att_id`);

--
-- Indexes for table `facebook_settings`
--
ALTER TABLE `facebook_settings`
  ADD PRIMARY KEY (`id`);

--
-- Indexes for table `foodvariable`
--
ALTER TABLE `foodvariable`
  ADD PRIMARY KEY (`availableID`);

--
-- Indexes for table `gender`
--
ALTER TABLE `gender`
  ADD PRIMARY KEY (`id`);

--
-- Indexes for table `grand_loan`
--
ALTER TABLE `grand_loan`
  ADD PRIMARY KEY (`loan_id`);

--
-- Indexes for table `item_category`
--
ALTER TABLE `item_category`
  ADD PRIMARY KEY (`CategoryID`);

--
-- Indexes for table `item_foods`
--
ALTER TABLE `item_foods`
  ADD PRIMARY KEY (`ProductsID`);

--
-- Indexes for table `language`
--
ALTER TABLE `language`
  ADD PRIMARY KEY (`id`);

--
-- Indexes for table `leave_apply`
--
ALTER TABLE `leave_apply`
  ADD PRIMARY KEY (`leave_appl_id`);

--
-- Indexes for table `leave_type`
--
ALTER TABLE `leave_type`
  ADD PRIMARY KEY (`leave_type_id`);

--
-- Indexes for table `loan_installment`
--
ALTER TABLE `loan_installment`
  ADD PRIMARY KEY (`loan_inst_id`);

--
-- Indexes for table `marital_info`
--
ALTER TABLE `marital_info`
  ADD PRIMARY KEY (`id`);

--
-- Indexes for table `membership`
--
ALTER TABLE `membership`
  ADD PRIMARY KEY (`id`);

--
-- Indexes for table `menu_add_on`
--
ALTER TABLE `menu_add_on`
  ADD PRIMARY KEY (`row_id`);

--
-- Indexes for table `message`
--
ALTER TABLE `message`
  ADD PRIMARY KEY (`id`);

--
-- Indexes for table `module`
--
ALTER TABLE `module`
  ADD PRIMARY KEY (`id`);

--
-- Indexes for table `module_permission`
--
ALTER TABLE `module_permission`
  ADD PRIMARY KEY (`id`),
  ADD KEY `fk_module_id` (`fk_module_id`),
  ADD KEY `fk_user_id` (`fk_user_id`);

--
-- Indexes for table `multipay_bill`
--
ALTER TABLE `multipay_bill`
  ADD PRIMARY KEY (`multipay_id`);

--
-- Indexes for table `notice_board`
--
ALTER TABLE `notice_board`
  ADD PRIMARY KEY (`notice_id`);

--
-- Indexes for table `order_menu`
--
ALTER TABLE `order_menu`
  ADD PRIMARY KEY (`row_id`);

--
-- Indexes for table `page_title`
--
ALTER TABLE `page_title`
  ADD PRIMARY KEY (`pageid`);

--
-- Indexes for table `payment_method`
--
ALTER TABLE `payment_method`
  ADD PRIMARY KEY (`payment_method_id`);

--
-- Indexes for table `payroll_holiday`
--
ALTER TABLE `payroll_holiday`
  ADD PRIMARY KEY (`payrl_holi_id`);

--
-- Indexes for table `payroll_tax_setup`
--
ALTER TABLE `payroll_tax_setup`
  ADD PRIMARY KEY (`tax_setup_id`);

--
-- Indexes for table `pay_frequency`
--
ALTER TABLE `pay_frequency`
  ADD PRIMARY KEY (`id`);

--
-- Indexes for table `position`
--
ALTER TABLE `position`
  ADD PRIMARY KEY (`pos_id`);

--
-- Indexes for table `products`
--
ALTER TABLE `products`
  ADD PRIMARY KEY (`id`),
  ADD KEY `category_id` (`category_id`,`is_active`);

--
-- Indexes for table `promocode`
--
ALTER TABLE `promocode`
  ADD PRIMARY KEY (`promocodeid`);

--
-- Indexes for table `purchaseitem`
--
ALTER TABLE `purchaseitem`
  ADD PRIMARY KEY (`purID`),
  ADD KEY `invoiceid` (`invoiceid`,`suplierID`,`status`);

--
-- Indexes for table `purchase_details`
--
ALTER TABLE `purchase_details`
  ADD PRIMARY KEY (`detailsid`),
  ADD KEY `purchaseid` (`purchaseid`,`proid`);

--
-- Indexes for table `purchase_return`
--
ALTER TABLE `purchase_return`
  ADD PRIMARY KEY (`preturn_id`);

--
-- Indexes for table `rate_type`
--
ALTER TABLE `rate_type`
  ADD PRIMARY KEY (`id`);

--
-- Indexes for table `rest_table`
--
ALTER TABLE `rest_table`
  ADD PRIMARY KEY (`tableid`);

--
-- Indexes for table `roomdetails`
--
ALTER TABLE `roomdetails`
  ADD PRIMARY KEY (`roomid`),
  ADD KEY `roomtype` (`roomtype`);

--
-- Indexes for table `roomfacilitydetails`
--
ALTER TABLE `roomfacilitydetails`
  ADD PRIMARY KEY (`facilityid`),
  ADD KEY `facilitytypeid` (`facilitytypeid`),
  ADD KEY `facilitytypeid_2` (`facilitytypeid`);

--
-- Indexes for table `roomfacilitytype`
--
ALTER TABLE `roomfacilitytype`
  ADD PRIMARY KEY (`facilitytypeid`);

--
-- Indexes for table `roomfaility_ref_accomodation`
--
ALTER TABLE `roomfaility_ref_accomodation`
  ADD PRIMARY KEY (`accomodationid`);

--
-- Indexes for table `roomsizemesurement`
--
ALTER TABLE `roomsizemesurement`
  ADD PRIMARY KEY (`mesurementid`);

--
-- Indexes for table `room_image`
--
ALTER TABLE `room_image`
  ADD PRIMARY KEY (`room_img_id`);

--
-- Indexes for table `salary_setup_header`
--
ALTER TABLE `salary_setup_header`
  ADD PRIMARY KEY (`s_s_h_id`);

--
-- Indexes for table `salary_sheet_generate`
--
ALTER TABLE `salary_sheet_generate`
  ADD PRIMARY KEY (`ssg_id`);

--
-- Indexes for table `salary_type`
--
ALTER TABLE `salary_type`
  ADD PRIMARY KEY (`salary_type_id`);

--
-- Indexes for table `schdule_purchse_info`
--
ALTER TABLE `schdule_purchse_info`
  ADD PRIMARY KEY (`id`);

--
-- Indexes for table `sec_menu_item`
--
ALTER TABLE `sec_menu_item`
  ADD PRIMARY KEY (`menu_id`);

--
-- Indexes for table `sec_role_permission`
--
ALTER TABLE `sec_role_permission`
  ADD PRIMARY KEY (`id`);

--
-- Indexes for table `sec_role_tbl`
--
ALTER TABLE `sec_role_tbl`
  ADD PRIMARY KEY (`role_id`);

--
-- Indexes for table `sec_user_access_tbl`
--
ALTER TABLE `sec_user_access_tbl`
  ADD PRIMARY KEY (`role_acc_id`);

--
-- Indexes for table `setting`
--
ALTER TABLE `setting`
  ADD PRIMARY KEY (`id`);

--
-- Indexes for table `sms_template`
--
ALTER TABLE `sms_template`
  ADD PRIMARY KEY (`id`);

--
-- Indexes for table `starclass`
--
ALTER TABLE `starclass`
  ADD PRIMARY KEY (`starcalssid`);

--
-- Indexes for table `subscribe_emaillist`
--
ALTER TABLE `subscribe_emaillist`
  ADD PRIMARY KEY (`emailid`);

--
-- Indexes for table `sub_order`
--
ALTER TABLE `sub_order`
  ADD PRIMARY KEY (`sub_id`);

--
-- Indexes for table `supplier`
--
ALTER TABLE `supplier`
  ADD PRIMARY KEY (`supid`),
  ADD KEY `suplier_code` (`suplier_code`);

--
-- Indexes for table `synchronizer_setting`
--
ALTER TABLE `synchronizer_setting`
  ADD PRIMARY KEY (`id`);

--
-- Indexes for table `table_details`
--
ALTER TABLE `table_details`
  ADD PRIMARY KEY (`id`);

--
-- Indexes for table `table_setting`
--
ALTER TABLE `table_setting`
  ADD PRIMARY KEY (`settingid`);

--
-- Indexes for table `tax_settings`
--
ALTER TABLE `tax_settings`
  ADD PRIMARY KEY (`id`);

--
-- Indexes for table `tbl_assign_kitchen`
--
ALTER TABLE `tbl_assign_kitchen`
  ADD PRIMARY KEY (`assignid`);

--
-- Indexes for table `tbl_bank`
--
ALTER TABLE `tbl_bank`
  ADD PRIMARY KEY (`bankid`);

--
-- Indexes for table `tbl_booking_type_info`
--
ALTER TABLE `tbl_booking_type_info`
  ADD PRIMARY KEY (`btypeinfoid`),
  ADD KEY `booking_type` (`booking_type`);

--
-- Indexes for table `tbl_cancelitem`
--
ALTER TABLE `tbl_cancelitem`
  ADD PRIMARY KEY (`cancelid`);

--
-- Indexes for table `tbl_card_terminal`
--
ALTER TABLE `tbl_card_terminal`
  ADD PRIMARY KEY (`card_terminalid`);

--
-- Indexes for table `tbl_cashcounter`
--
ALTER TABLE `tbl_cashcounter`
  ADD PRIMARY KEY (`ccid`);

--
-- Indexes for table `tbl_cashregister`
--
ALTER TABLE `tbl_cashregister`
  ADD PRIMARY KEY (`id`),
  ADD KEY `userid` (`userid`);

--
-- Indexes for table `tbl_category`
--
ALTER TABLE `tbl_category`
  ADD PRIMARY KEY (`category_id`);

--
-- Indexes for table `tbl_checklist`
--
ALTER TABLE `tbl_checklist`
  ADD PRIMARY KEY (`checklist_id`);

--
-- Indexes for table `tbl_complementary`
--
ALTER TABLE `tbl_complementary`
  ADD PRIMARY KEY (`complementary_id`);

--
-- Indexes for table `tbl_country`
--
ALTER TABLE `tbl_country`
  ADD PRIMARY KEY (`countryid`);

--
-- Indexes for table `tbl_destroyedproduct`
--
ALTER TABLE `tbl_destroyedproduct`
  ADD PRIMARY KEY (`destroy_id`);

--
-- Indexes for table `tbl_duty_roster`
--
ALTER TABLE `tbl_duty_roster`
  ADD PRIMARY KEY (`roster_id`);

--
-- Indexes for table `tbl_emproster_assign`
--
ALTER TABLE `tbl_emproster_assign`
  ADD PRIMARY KEY (`sftasnid`);

--
-- Indexes for table `tbl_empwork_shift`
--
ALTER TABLE `tbl_empwork_shift`
  ADD PRIMARY KEY (`shiftid`);

--
-- Indexes for table `tbl_financialyear`
--
ALTER TABLE `tbl_financialyear`
  ADD PRIMARY KEY (`fiyear_id`);

--
-- Indexes for table `tbl_flight_details`
--
ALTER TABLE `tbl_flight_details`
  ADD PRIMARY KEY (`flyid`);

--
-- Indexes for table `tbl_floor`
--
ALTER TABLE `tbl_floor`
  ADD PRIMARY KEY (`floorid`);

--
-- Indexes for table `tbl_floorplan`
--
ALTER TABLE `tbl_floorplan`
  ADD PRIMARY KEY (`floorplanid`),
  ADD KEY `floorName` (`floorName`);

--
-- Indexes for table `tbl_groupitems`
--
ALTER TABLE `tbl_groupitems`
  ADD PRIMARY KEY (`groupid`);

--
-- Indexes for table `tbl_guestpayments`
--
ALTER TABLE `tbl_guestpayments`
  ADD PRIMARY KEY (`payid`),
  ADD KEY `bookedid` (`bookedid`,`invoice`);

--
-- Indexes for table `tbl_hkitem`
--
ALTER TABLE `tbl_hkitem`
  ADD PRIMARY KEY (`item_id`);

--
-- Indexes for table `tbl_housekeepingrecord`
--
ALTER TABLE `tbl_housekeepingrecord`
  ADD PRIMARY KEY (`hkeeper_id`);

--
-- Indexes for table `tbl_itemaccepted`
--
ALTER TABLE `tbl_itemaccepted`
  ADD PRIMARY KEY (`acid`);

--
-- Indexes for table `tbl_kitchen`
--
ALTER TABLE `tbl_kitchen`
  ADD PRIMARY KEY (`kitchenid`);

--
-- Indexes for table `tbl_kitchen_order`
--
ALTER TABLE `tbl_kitchen_order`
  ADD PRIMARY KEY (`ktid`);

--
-- Indexes for table `tbl_laundry`
--
ALTER TABLE `tbl_laundry`
  ADD PRIMARY KEY (`laundry_id`);

--
-- Indexes for table `tbl_laundry_payment`
--
ALTER TABLE `tbl_laundry_payment`
  ADD PRIMARY KEY (`landry_id`);

--
-- Indexes for table `tbl_menutype`
--
ALTER TABLE `tbl_menutype`
  ADD PRIMARY KEY (`menutypeid`);

--
-- Indexes for table `tbl_module_purchasekey`
--
ALTER TABLE `tbl_module_purchasekey`
  ADD PRIMARY KEY (`mpid`);

--
-- Indexes for table `tbl_openingbalance`
--
ALTER TABLE `tbl_openingbalance`
  ADD PRIMARY KEY (`opbalance_id`),
  ADD KEY `fiyear_id` (`fiyear_id`);

--
-- Indexes for table `tbl_orderprepare`
--
ALTER TABLE `tbl_orderprepare`
  ADD PRIMARY KEY (`opid`);

--
-- Indexes for table `tbl_otherguest`
--
ALTER TABLE `tbl_otherguest`
  ADD PRIMARY KEY (`otherguest_id`),
  ADD KEY `customerid` (`customerid`);

--
-- Indexes for table `tbl_pool_booking`
--
ALTER TABLE `tbl_pool_booking`
  ADD PRIMARY KEY (`pbookingid`);

--
-- Indexes for table `tbl_pool_bookingitem`
--
ALTER TABLE `tbl_pool_bookingitem`
  ADD PRIMARY KEY (`poolitemid`);

--
-- Indexes for table `tbl_pool_image`
--
ALTER TABLE `tbl_pool_image`
  ADD PRIMARY KEY (`pool_img_id`);

--
-- Indexes for table `tbl_pool_package`
--
ALTER TABLE `tbl_pool_package`
  ADD PRIMARY KEY (`packageid`);

--
-- Indexes for table `tbl_pool_type`
--
ALTER TABLE `tbl_pool_type`
  ADD PRIMARY KEY (`potyid`);

--
-- Indexes for table `tbl_posetting`
--
ALTER TABLE `tbl_posetting`
  ADD PRIMARY KEY (`possettingid`);

--
-- Indexes for table `tbl_postedbills`
--
ALTER TABLE `tbl_postedbills`
  ADD PRIMARY KEY (`bill_id`);

--
-- Indexes for table `tbl_quickordersetting`
--
ALTER TABLE `tbl_quickordersetting`
  ADD PRIMARY KEY (`quickordid`);

--
-- Indexes for table `tbl_reuseableproduct`
--
ALTER TABLE `tbl_reuseableproduct`
  ADD PRIMARY KEY (`reuse_id`);

--
-- Indexes for table `tbl_roomnofloorassign`
--
ALTER TABLE `tbl_roomnofloorassign`
  ADD PRIMARY KEY (`roomassignid`);

--
-- Indexes for table `tbl_room_offer`
--
ALTER TABLE `tbl_room_offer`
  ADD PRIMARY KEY (`offerid`);

--
-- Indexes for table `tbl_shippingaddress`
--
ALTER TABLE `tbl_shippingaddress`
  ADD PRIMARY KEY (`shipaddressid`);

--
-- Indexes for table `tbl_slider`
--
ALTER TABLE `tbl_slider`
  ADD PRIMARY KEY (`slid`);

--
-- Indexes for table `tbl_slider_type`
--
ALTER TABLE `tbl_slider_type`
  ADD PRIMARY KEY (`stype_id`);

--
-- Indexes for table `tbl_soundsetting`
--
ALTER TABLE `tbl_soundsetting`
  ADD PRIMARY KEY (`soundid`);

--
-- Indexes for table `tbl_state`
--
ALTER TABLE `tbl_state`
  ADD PRIMARY KEY (`stateid`);

--
-- Indexes for table `tbl_swimming_pool`
--
ALTER TABLE `tbl_swimming_pool`
  ADD PRIMARY KEY (`poolid`);

--
-- Indexes for table `tbl_tablefloor`
--
ALTER TABLE `tbl_tablefloor`
  ADD PRIMARY KEY (`tbfloorid`);

--
-- Indexes for table `tbl_tax`
--
ALTER TABLE `tbl_tax`
  ADD PRIMARY KEY (`taxsettings`);

--
-- Indexes for table `tbl_taxmgt`
--
ALTER TABLE `tbl_taxmgt`
  ADD PRIMARY KEY (`tax_id`);

--
-- Indexes for table `tbl_thirdparty_customer`
--
ALTER TABLE `tbl_thirdparty_customer`
  ADD PRIMARY KEY (`companyId`);

--
-- Indexes for table `tbl_updateitems`
--
ALTER TABLE `tbl_updateitems`
  ADD PRIMARY KEY (`updateid`);

--
-- Indexes for table `tbl_vehicle_booking`
--
ALTER TABLE `tbl_vehicle_booking`
  ADD PRIMARY KEY (`vbkid`);

--
-- Indexes for table `tbl_vehicle_details`
--
ALTER TABLE `tbl_vehicle_details`
  ADD PRIMARY KEY (`vdsid`);

--
-- Indexes for table `tbl_version_checker`
--
ALTER TABLE `tbl_version_checker`
  ADD PRIMARY KEY (`vid`);

--
-- Indexes for table `tbl_wakeup_call`
--
ALTER TABLE `tbl_wakeup_call`
  ADD PRIMARY KEY (`wapupid`);

--
-- Indexes for table `tbl_widget`
--
ALTER TABLE `tbl_widget`
  ADD PRIMARY KEY (`widgetid`);

--
-- Indexes for table `timezone`
--
ALTER TABLE `timezone`
  ADD PRIMARY KEY (`id`);

--
-- Indexes for table `top_menu`
--
ALTER TABLE `top_menu`
  ADD PRIMARY KEY (`menuid`);

--
-- Indexes for table `unit_of_measurement`
--
ALTER TABLE `unit_of_measurement`
  ADD PRIMARY KEY (`id`);

--
-- Indexes for table `variant`
--
ALTER TABLE `variant`
  ADD PRIMARY KEY (`variantid`);

--
-- Indexes for table `weekly_holiday`
--
ALTER TABLE `weekly_holiday`
  ADD PRIMARY KEY (`wk_id`);

--
-- AUTO_INCREMENT for dumped tables
--

--
-- AUTO_INCREMENT for table `accesslog`
--
ALTER TABLE `accesslog`
  MODIFY `sl_no` bigint(20) NOT NULL AUTO_INCREMENT;

--
-- AUTO_INCREMENT for table `acc_account`
--
ALTER TABLE `acc_account`
  MODIFY `account_id` int(11) NOT NULL AUTO_INCREMENT;

--
-- AUTO_INCREMENT for table `acc_account_name`
--
ALTER TABLE `acc_account_name`
  MODIFY `account_id` int(11) UNSIGNED NOT NULL AUTO_INCREMENT, AUTO_INCREMENT=6;

--
-- AUTO_INCREMENT for table `acc_bank`
--
ALTER TABLE `acc_bank`
  MODIFY `bank_id` int(11) NOT NULL AUTO_INCREMENT, AUTO_INCREMENT=4;

--
-- AUTO_INCREMENT for table `acc_customer_income`
--
ALTER TABLE `acc_customer_income`
  MODIFY `ID` int(11) NOT NULL AUTO_INCREMENT;

--
-- AUTO_INCREMENT for table `acc_glsummarybalance`
--
ALTER TABLE `acc_glsummarybalance`
  MODIFY `ID` int(11) NOT NULL AUTO_INCREMENT;

--
-- AUTO_INCREMENT for table `acc_income_expence`
--
ALTER TABLE `acc_income_expence`
  MODIFY `ID` int(11) NOT NULL AUTO_INCREMENT;

--
-- AUTO_INCREMENT for table `acc_transaction`
--
ALTER TABLE `acc_transaction`
  MODIFY `ID` int(11) NOT NULL AUTO_INCREMENT;

--
-- AUTO_INCREMENT for table `add_ons`
--
ALTER TABLE `add_ons`
  MODIFY `add_on_id` int(11) NOT NULL AUTO_INCREMENT;

--
-- AUTO_INCREMENT for table `award`
--
ALTER TABLE `award`
  MODIFY `award_id` int(11) NOT NULL AUTO_INCREMENT;

--
-- AUTO_INCREMENT for table `bedstype`
--
ALTER TABLE `bedstype`
  MODIFY `Bedstypeid` int(11) NOT NULL AUTO_INCREMENT, AUTO_INCREMENT=36;

--
-- AUTO_INCREMENT for table `bill`
--
ALTER TABLE `bill`
  MODIFY `bill_id` bigint(11) NOT NULL AUTO_INCREMENT;

--
-- AUTO_INCREMENT for table `bill_card_payment`
--
ALTER TABLE `bill_card_payment`
  MODIFY `row_id` bigint(20) NOT NULL AUTO_INCREMENT;

--
-- AUTO_INCREMENT for table `booked_details`
--
ALTER TABLE `booked_details`
  MODIFY `book_detailsid` int(11) NOT NULL AUTO_INCREMENT, AUTO_INCREMENT=13;

--
-- AUTO_INCREMENT for table `booked_info`
--
ALTER TABLE `booked_info`
  MODIFY `bookedid` int(11) NOT NULL AUTO_INCREMENT, AUTO_INCREMENT=13;

--
-- AUTO_INCREMENT for table `bookingtype`
--
ALTER TABLE `bookingtype`
  MODIFY `booktypeid` int(11) NOT NULL AUTO_INCREMENT, AUTO_INCREMENT=18;

--
-- AUTO_INCREMENT for table `candidate_education_info`
--
ALTER TABLE `candidate_education_info`
  MODIFY `can_edu_id` int(11) NOT NULL AUTO_INCREMENT;

--
-- AUTO_INCREMENT for table `candidate_interview`
--
ALTER TABLE `candidate_interview`
  MODIFY `can_int_id` int(11) NOT NULL AUTO_INCREMENT;

--
-- AUTO_INCREMENT for table `candidate_selection`
--
ALTER TABLE `candidate_selection`
  MODIFY `can_sel_id` int(11) NOT NULL AUTO_INCREMENT;

--
-- AUTO_INCREMENT for table `candidate_shortlist`
--
ALTER TABLE `candidate_shortlist`
  MODIFY `can_short_id` int(11) NOT NULL AUTO_INCREMENT;

--
-- AUTO_INCREMENT for table `candidate_workexperience`
--
ALTER TABLE `candidate_workexperience`
  MODIFY `can_workexp_id` int(11) NOT NULL AUTO_INCREMENT;

--
-- AUTO_INCREMENT for table `check_addones`
--
ALTER TABLE `check_addones`
  MODIFY `id` int(11) NOT NULL AUTO_INCREMENT;

--
-- AUTO_INCREMENT for table `common_setting`
--
ALTER TABLE `common_setting`
  MODIFY `id` int(11) NOT NULL AUTO_INCREMENT, AUTO_INCREMENT=2;

--
-- AUTO_INCREMENT for table `currency`
--
ALTER TABLE `currency`
  MODIFY `currencyid` int(11) NOT NULL AUTO_INCREMENT, AUTO_INCREMENT=5;

--
-- AUTO_INCREMENT for table `customerinfo`
--
ALTER TABLE `customerinfo`
  MODIFY `customerid` int(11) NOT NULL AUTO_INCREMENT, AUTO_INCREMENT=316;

--
-- AUTO_INCREMENT for table `customer_order`
--
ALTER TABLE `customer_order`
  MODIFY `order_id` bigint(20) NOT NULL AUTO_INCREMENT;

--
-- AUTO_INCREMENT for table `customer_type`
--
ALTER TABLE `customer_type`
  MODIFY `customer_type_id` int(11) NOT NULL AUTO_INCREMENT, AUTO_INCREMENT=7;

--
-- AUTO_INCREMENT for table `custom_table`
--
ALTER TABLE `custom_table`
  MODIFY `custom_id` int(11) NOT NULL AUTO_INCREMENT, AUTO_INCREMENT=61;

--
-- AUTO_INCREMENT for table `dbt_blocklist`
--
ALTER TABLE `dbt_blocklist`
  MODIFY `id` bigint(20) NOT NULL AUTO_INCREMENT;

--
-- AUTO_INCREMENT for table `dbt_security`
--
ALTER TABLE `dbt_security`
  MODIFY `id` int(11) NOT NULL AUTO_INCREMENT;

--
-- AUTO_INCREMENT for table `department`
--
ALTER TABLE `department`
  MODIFY `dept_id` int(11) NOT NULL AUTO_INCREMENT;

--
-- AUTO_INCREMENT for table `duty_type`
--
ALTER TABLE `duty_type`
  MODIFY `id` int(11) NOT NULL AUTO_INCREMENT, AUTO_INCREMENT=5;

--
-- AUTO_INCREMENT for table `employee_benifit`
--
ALTER TABLE `employee_benifit`
  MODIFY `id` int(11) NOT NULL AUTO_INCREMENT;

--
-- AUTO_INCREMENT for table `employee_history`
--
ALTER TABLE `employee_history`
  MODIFY `emp_his_id` int(11) NOT NULL AUTO_INCREMENT;

--
-- AUTO_INCREMENT for table `employee_performance`
--
ALTER TABLE `employee_performance`
  MODIFY `emp_per_id` int(10) UNSIGNED NOT NULL AUTO_INCREMENT;

--
-- AUTO_INCREMENT for table `employee_salary_payment`
--
ALTER TABLE `employee_salary_payment`
  MODIFY `emp_sal_pay_id` int(10) UNSIGNED NOT NULL AUTO_INCREMENT;

--
-- AUTO_INCREMENT for table `employee_salary_setup`
--
ALTER TABLE `employee_salary_setup`
  MODIFY `e_s_s_id` int(11) UNSIGNED NOT NULL AUTO_INCREMENT;

--
-- AUTO_INCREMENT for table `emp_attendance`
--
ALTER TABLE `emp_attendance`
  MODIFY `att_id` int(10) UNSIGNED NOT NULL AUTO_INCREMENT;

--
-- AUTO_INCREMENT for table `facebook_settings`
--
ALTER TABLE `facebook_settings`
  MODIFY `id` int(11) NOT NULL AUTO_INCREMENT;

--
-- AUTO_INCREMENT for table `foodvariable`
--
ALTER TABLE `foodvariable`
  MODIFY `availableID` int(11) NOT NULL AUTO_INCREMENT;

--
-- AUTO_INCREMENT for table `gender`
--
ALTER TABLE `gender`
  MODIFY `id` int(11) NOT NULL AUTO_INCREMENT, AUTO_INCREMENT=4;

--
-- AUTO_INCREMENT for table `grand_loan`
--
ALTER TABLE `grand_loan`
  MODIFY `loan_id` int(11) NOT NULL AUTO_INCREMENT;

--
-- AUTO_INCREMENT for table `item_category`
--
ALTER TABLE `item_category`
  MODIFY `CategoryID` int(11) NOT NULL AUTO_INCREMENT;

--
-- AUTO_INCREMENT for table `item_foods`
--
ALTER TABLE `item_foods`
  MODIFY `ProductsID` int(11) NOT NULL AUTO_INCREMENT;

--
-- AUTO_INCREMENT for table `language`
--
ALTER TABLE `language`
  MODIFY `id` int(11) NOT NULL AUTO_INCREMENT, AUTO_INCREMENT=2433;

--
-- AUTO_INCREMENT for table `leave_apply`
--
ALTER TABLE `leave_apply`
  MODIFY `leave_appl_id` int(11) NOT NULL AUTO_INCREMENT;

--
-- AUTO_INCREMENT for table `leave_type`
--
ALTER TABLE `leave_type`
  MODIFY `leave_type_id` int(2) NOT NULL AUTO_INCREMENT, AUTO_INCREMENT=7;

--
-- AUTO_INCREMENT for table `loan_installment`
--
ALTER TABLE `loan_installment`
  MODIFY `loan_inst_id` int(11) NOT NULL AUTO_INCREMENT;

--
-- AUTO_INCREMENT for table `marital_info`
--
ALTER TABLE `marital_info`
  MODIFY `id` int(11) NOT NULL AUTO_INCREMENT;

--
-- AUTO_INCREMENT for table `membership`
--
ALTER TABLE `membership`
  MODIFY `id` int(11) NOT NULL AUTO_INCREMENT;

--
-- AUTO_INCREMENT for table `menu_add_on`
--
ALTER TABLE `menu_add_on`
  MODIFY `row_id` bigint(20) NOT NULL AUTO_INCREMENT;

--
-- AUTO_INCREMENT for table `message`
--
ALTER TABLE `message`
  MODIFY `id` int(11) NOT NULL AUTO_INCREMENT;

--
-- AUTO_INCREMENT for table `module`
--
ALTER TABLE `module`
  MODIFY `id` int(11) NOT NULL AUTO_INCREMENT, AUTO_INCREMENT=13;

--
-- AUTO_INCREMENT for table `module_permission`
--
ALTER TABLE `module_permission`
  MODIFY `id` int(11) NOT NULL AUTO_INCREMENT;

--
-- AUTO_INCREMENT for table `multipay_bill`
--
ALTER TABLE `multipay_bill`
  MODIFY `multipay_id` int(11) NOT NULL AUTO_INCREMENT;

--
-- AUTO_INCREMENT for table `notice_board`
--
ALTER TABLE `notice_board`
  MODIFY `notice_id` int(11) NOT NULL AUTO_INCREMENT;

--
-- AUTO_INCREMENT for table `order_menu`
--
ALTER TABLE `order_menu`
  MODIFY `row_id` bigint(20) NOT NULL AUTO_INCREMENT;

--
-- AUTO_INCREMENT for table `page_title`
--
ALTER TABLE `page_title`
  MODIFY `pageid` int(11) NOT NULL AUTO_INCREMENT, AUTO_INCREMENT=2;

--
-- AUTO_INCREMENT for table `payment_method`
--
ALTER TABLE `payment_method`
  MODIFY `payment_method_id` tinyint(4) NOT NULL AUTO_INCREMENT, AUTO_INCREMENT=7;

--
-- AUTO_INCREMENT for table `payroll_holiday`
--
ALTER TABLE `payroll_holiday`
  MODIFY `payrl_holi_id` int(11) UNSIGNED NOT NULL AUTO_INCREMENT, AUTO_INCREMENT=6;

--
-- AUTO_INCREMENT for table `payroll_tax_setup`
--
ALTER TABLE `payroll_tax_setup`
  MODIFY `tax_setup_id` int(11) UNSIGNED NOT NULL AUTO_INCREMENT;

--
-- AUTO_INCREMENT for table `pay_frequency`
--
ALTER TABLE `pay_frequency`
  MODIFY `id` int(11) NOT NULL AUTO_INCREMENT;

--
-- AUTO_INCREMENT for table `position`
--
ALTER TABLE `position`
  MODIFY `pos_id` int(10) UNSIGNED NOT NULL AUTO_INCREMENT, AUTO_INCREMENT=18;

--
-- AUTO_INCREMENT for table `products`
--
ALTER TABLE `products`
  MODIFY `id` int(11) NOT NULL AUTO_INCREMENT;

--
-- AUTO_INCREMENT for table `promocode`
--
ALTER TABLE `promocode`
  MODIFY `promocodeid` int(11) NOT NULL AUTO_INCREMENT, AUTO_INCREMENT=4;

--
-- AUTO_INCREMENT for table `purchaseitem`
--
ALTER TABLE `purchaseitem`
  MODIFY `purID` int(11) NOT NULL AUTO_INCREMENT;

--
-- AUTO_INCREMENT for table `purchase_details`
--
ALTER TABLE `purchase_details`
  MODIFY `detailsid` int(11) NOT NULL AUTO_INCREMENT;

--
-- AUTO_INCREMENT for table `purchase_return`
--
ALTER TABLE `purchase_return`
  MODIFY `preturn_id` int(11) NOT NULL AUTO_INCREMENT;

--
-- AUTO_INCREMENT for table `rate_type`
--
ALTER TABLE `rate_type`
  MODIFY `id` int(11) NOT NULL AUTO_INCREMENT;

--
-- AUTO_INCREMENT for table `rest_table`
--
ALTER TABLE `rest_table`
  MODIFY `tableid` int(11) NOT NULL AUTO_INCREMENT;

--
-- AUTO_INCREMENT for table `roomdetails`
--
ALTER TABLE `roomdetails`
  MODIFY `roomid` int(11) NOT NULL AUTO_INCREMENT, AUTO_INCREMENT=10;

--
-- AUTO_INCREMENT for table `roomfacilitydetails`
--
ALTER TABLE `roomfacilitydetails`
  MODIFY `facilityid` int(11) NOT NULL AUTO_INCREMENT, AUTO_INCREMENT=13;

--
-- AUTO_INCREMENT for table `roomfacilitytype`
--
ALTER TABLE `roomfacilitytype`
  MODIFY `facilitytypeid` int(11) NOT NULL AUTO_INCREMENT, AUTO_INCREMENT=45;

--
-- AUTO_INCREMENT for table `roomfaility_ref_accomodation`
--
ALTER TABLE `roomfaility_ref_accomodation`
  MODIFY `accomodationid` int(11) NOT NULL AUTO_INCREMENT, AUTO_INCREMENT=185;

--
-- AUTO_INCREMENT for table `roomsizemesurement`
--
ALTER TABLE `roomsizemesurement`
  MODIFY `mesurementid` int(11) NOT NULL AUTO_INCREMENT, AUTO_INCREMENT=20;

--
-- AUTO_INCREMENT for table `room_image`
--
ALTER TABLE `room_image`
  MODIFY `room_img_id` int(11) NOT NULL AUTO_INCREMENT, AUTO_INCREMENT=18;

--
-- AUTO_INCREMENT for table `salary_setup_header`
--
ALTER TABLE `salary_setup_header`
  MODIFY `s_s_h_id` int(11) UNSIGNED NOT NULL AUTO_INCREMENT;

--
-- AUTO_INCREMENT for table `salary_sheet_generate`
--
ALTER TABLE `salary_sheet_generate`
  MODIFY `ssg_id` int(11) UNSIGNED NOT NULL AUTO_INCREMENT;

--
-- AUTO_INCREMENT for table `salary_type`
--
ALTER TABLE `salary_type`
  MODIFY `salary_type_id` int(10) UNSIGNED NOT NULL AUTO_INCREMENT;

--
-- AUTO_INCREMENT for table `schdule_purchse_info`
--
ALTER TABLE `schdule_purchse_info`
  MODIFY `id` int(11) NOT NULL AUTO_INCREMENT;

--
-- AUTO_INCREMENT for table `sec_menu_item`
--
ALTER TABLE `sec_menu_item`
  MODIFY `menu_id` int(11) NOT NULL AUTO_INCREMENT, AUTO_INCREMENT=264;

--
-- AUTO_INCREMENT for table `sec_role_permission`
--
ALTER TABLE `sec_role_permission`
  MODIFY `id` bigint(20) NOT NULL AUTO_INCREMENT, AUTO_INCREMENT=3791;

--
-- AUTO_INCREMENT for table `sec_role_tbl`
--
ALTER TABLE `sec_role_tbl`
  MODIFY `role_id` int(11) NOT NULL AUTO_INCREMENT, AUTO_INCREMENT=17;

--
-- AUTO_INCREMENT for table `sec_user_access_tbl`
--
ALTER TABLE `sec_user_access_tbl`
  MODIFY `role_acc_id` int(11) NOT NULL AUTO_INCREMENT, AUTO_INCREMENT=39;

--
-- AUTO_INCREMENT for table `setting`
--
ALTER TABLE `setting`
  MODIFY `id` int(11) NOT NULL AUTO_INCREMENT, AUTO_INCREMENT=3;

--
-- AUTO_INCREMENT for table `sms_template`
--
ALTER TABLE `sms_template`
  MODIFY `id` int(11) NOT NULL AUTO_INCREMENT, AUTO_INCREMENT=9;

--
-- AUTO_INCREMENT for table `starclass`
--
ALTER TABLE `starclass`
  MODIFY `starcalssid` int(11) NOT NULL AUTO_INCREMENT, AUTO_INCREMENT=8;

--
-- AUTO_INCREMENT for table `subscribe_emaillist`
--
ALTER TABLE `subscribe_emaillist`
  MODIFY `emailid` int(11) NOT NULL AUTO_INCREMENT;

--
-- AUTO_INCREMENT for table `sub_order`
--
ALTER TABLE `sub_order`
  MODIFY `sub_id` int(11) NOT NULL AUTO_INCREMENT;

--
-- AUTO_INCREMENT for table `supplier`
--
ALTER TABLE `supplier`
  MODIFY `supid` int(11) NOT NULL AUTO_INCREMENT;

--
-- AUTO_INCREMENT for table `synchronizer_setting`
--
ALTER TABLE `synchronizer_setting`
  MODIFY `id` int(11) NOT NULL AUTO_INCREMENT;

--
-- AUTO_INCREMENT for table `table_details`
--
ALTER TABLE `table_details`
  MODIFY `id` int(11) NOT NULL AUTO_INCREMENT;

--
-- AUTO_INCREMENT for table `table_setting`
--
ALTER TABLE `table_setting`
  MODIFY `settingid` int(11) NOT NULL AUTO_INCREMENT;

--
-- AUTO_INCREMENT for table `tax_settings`
--
ALTER TABLE `tax_settings`
  MODIFY `id` int(11) NOT NULL AUTO_INCREMENT;

--
-- AUTO_INCREMENT for table `tbl_assign_kitchen`
--
ALTER TABLE `tbl_assign_kitchen`
  MODIFY `assignid` int(11) NOT NULL AUTO_INCREMENT;

--
-- AUTO_INCREMENT for table `tbl_bank`
--
ALTER TABLE `tbl_bank`
  MODIFY `bankid` int(11) NOT NULL AUTO_INCREMENT, AUTO_INCREMENT=3;

--
-- AUTO_INCREMENT for table `tbl_booking_type_info`
--
ALTER TABLE `tbl_booking_type_info`
  MODIFY `btypeinfoid` int(11) NOT NULL AUTO_INCREMENT, AUTO_INCREMENT=6;

--
-- AUTO_INCREMENT for table `tbl_cancelitem`
--
ALTER TABLE `tbl_cancelitem`
  MODIFY `cancelid` int(11) NOT NULL AUTO_INCREMENT;

--
-- AUTO_INCREMENT for table `tbl_card_terminal`
--
ALTER TABLE `tbl_card_terminal`
  MODIFY `card_terminalid` int(11) NOT NULL AUTO_INCREMENT, AUTO_INCREMENT=2;

--
-- AUTO_INCREMENT for table `tbl_cashcounter`
--
ALTER TABLE `tbl_cashcounter`
  MODIFY `ccid` int(11) NOT NULL AUTO_INCREMENT;

--
-- AUTO_INCREMENT for table `tbl_cashregister`
--
ALTER TABLE `tbl_cashregister`
  MODIFY `id` int(11) NOT NULL AUTO_INCREMENT;

--
-- AUTO_INCREMENT for table `tbl_category`
--
ALTER TABLE `tbl_category`
  MODIFY `category_id` int(11) NOT NULL AUTO_INCREMENT, AUTO_INCREMENT=502;

--
-- AUTO_INCREMENT for table `tbl_checklist`
--
ALTER TABLE `tbl_checklist`
  MODIFY `checklist_id` int(11) NOT NULL AUTO_INCREMENT;

--
-- AUTO_INCREMENT for table `tbl_complementary`
--
ALTER TABLE `tbl_complementary`
  MODIFY `complementary_id` int(11) NOT NULL AUTO_INCREMENT;

--
-- AUTO_INCREMENT for table `tbl_country`
--
ALTER TABLE `tbl_country`
  MODIFY `countryid` int(11) NOT NULL AUTO_INCREMENT, AUTO_INCREMENT=253;

--
-- AUTO_INCREMENT for table `tbl_destroyedproduct`
--
ALTER TABLE `tbl_destroyedproduct`
  MODIFY `destroy_id` int(11) NOT NULL AUTO_INCREMENT;

--
-- AUTO_INCREMENT for table `tbl_duty_roster`
--
ALTER TABLE `tbl_duty_roster`
  MODIFY `roster_id` int(11) NOT NULL AUTO_INCREMENT;

--
-- AUTO_INCREMENT for table `tbl_emproster_assign`
--
ALTER TABLE `tbl_emproster_assign`
  MODIFY `sftasnid` int(11) NOT NULL AUTO_INCREMENT;

--
-- AUTO_INCREMENT for table `tbl_empwork_shift`
--
ALTER TABLE `tbl_empwork_shift`
  MODIFY `shiftid` int(11) NOT NULL AUTO_INCREMENT;

--
-- AUTO_INCREMENT for table `tbl_financialyear`
--
ALTER TABLE `tbl_financialyear`
  MODIFY `fiyear_id` int(11) NOT NULL AUTO_INCREMENT;

--
-- AUTO_INCREMENT for table `tbl_flight_details`
--
ALTER TABLE `tbl_flight_details`
  MODIFY `flyid` int(11) NOT NULL AUTO_INCREMENT;

--
-- AUTO_INCREMENT for table `tbl_floor`
--
ALTER TABLE `tbl_floor`
  MODIFY `floorid` int(11) NOT NULL AUTO_INCREMENT, AUTO_INCREMENT=5;

--
-- AUTO_INCREMENT for table `tbl_floorplan`
--
ALTER TABLE `tbl_floorplan`
  MODIFY `floorplanid` int(11) NOT NULL AUTO_INCREMENT, AUTO_INCREMENT=31;

--
-- AUTO_INCREMENT for table `tbl_groupitems`
--
ALTER TABLE `tbl_groupitems`
  MODIFY `groupid` int(11) NOT NULL AUTO_INCREMENT;

--
-- AUTO_INCREMENT for table `tbl_guestpayments`
--
ALTER TABLE `tbl_guestpayments`
  MODIFY `payid` int(11) NOT NULL AUTO_INCREMENT;

--
-- AUTO_INCREMENT for table `tbl_hkitem`
--
ALTER TABLE `tbl_hkitem`
  MODIFY `item_id` int(11) NOT NULL AUTO_INCREMENT;

--
-- AUTO_INCREMENT for table `tbl_housekeepingrecord`
--
ALTER TABLE `tbl_housekeepingrecord`
  MODIFY `hkeeper_id` int(11) NOT NULL AUTO_INCREMENT;

--
-- AUTO_INCREMENT for table `tbl_itemaccepted`
--
ALTER TABLE `tbl_itemaccepted`
  MODIFY `acid` int(11) NOT NULL AUTO_INCREMENT;

--
-- AUTO_INCREMENT for table `tbl_kitchen`
--
ALTER TABLE `tbl_kitchen`
  MODIFY `kitchenid` int(11) NOT NULL AUTO_INCREMENT;

--
-- AUTO_INCREMENT for table `tbl_kitchen_order`
--
ALTER TABLE `tbl_kitchen_order`
  MODIFY `ktid` int(11) NOT NULL AUTO_INCREMENT;

--
-- AUTO_INCREMENT for table `tbl_laundry`
--
ALTER TABLE `tbl_laundry`
  MODIFY `laundry_id` int(11) NOT NULL AUTO_INCREMENT;

--
-- AUTO_INCREMENT for table `tbl_laundry_payment`
--
ALTER TABLE `tbl_laundry_payment`
  MODIFY `landry_id` int(11) NOT NULL AUTO_INCREMENT, AUTO_INCREMENT=2;

--
-- AUTO_INCREMENT for table `tbl_menutype`
--
ALTER TABLE `tbl_menutype`
  MODIFY `menutypeid` int(11) NOT NULL AUTO_INCREMENT;

--
-- AUTO_INCREMENT for table `tbl_module_purchasekey`
--
ALTER TABLE `tbl_module_purchasekey`
  MODIFY `mpid` int(11) NOT NULL AUTO_INCREMENT, AUTO_INCREMENT=8;

--
-- AUTO_INCREMENT for table `tbl_openingbalance`
--
ALTER TABLE `tbl_openingbalance`
  MODIFY `opbalance_id` int(11) NOT NULL AUTO_INCREMENT;

--
-- AUTO_INCREMENT for table `tbl_orderprepare`
--
ALTER TABLE `tbl_orderprepare`
  MODIFY `opid` int(11) NOT NULL AUTO_INCREMENT;

--
-- AUTO_INCREMENT for table `tbl_otherguest`
--
ALTER TABLE `tbl_otherguest`
  MODIFY `otherguest_id` int(11) NOT NULL AUTO_INCREMENT;

--
-- AUTO_INCREMENT for table `tbl_pool_booking`
--
ALTER TABLE `tbl_pool_booking`
  MODIFY `pbookingid` int(11) NOT NULL AUTO_INCREMENT;

--
-- AUTO_INCREMENT for table `tbl_pool_bookingitem`
--
ALTER TABLE `tbl_pool_bookingitem`
  MODIFY `poolitemid` int(11) NOT NULL AUTO_INCREMENT;

--
-- AUTO_INCREMENT for table `tbl_pool_image`
--
ALTER TABLE `tbl_pool_image`
  MODIFY `pool_img_id` int(11) NOT NULL AUTO_INCREMENT;

--
-- AUTO_INCREMENT for table `tbl_pool_package`
--
ALTER TABLE `tbl_pool_package`
  MODIFY `packageid` int(11) NOT NULL AUTO_INCREMENT;

--
-- AUTO_INCREMENT for table `tbl_pool_type`
--
ALTER TABLE `tbl_pool_type`
  MODIFY `potyid` int(11) NOT NULL AUTO_INCREMENT;

--
-- AUTO_INCREMENT for table `tbl_posetting`
--
ALTER TABLE `tbl_posetting`
  MODIFY `possettingid` int(11) NOT NULL AUTO_INCREMENT, AUTO_INCREMENT=2;

--
-- AUTO_INCREMENT for table `tbl_postedbills`
--
ALTER TABLE `tbl_postedbills`
  MODIFY `bill_id` int(11) NOT NULL AUTO_INCREMENT;

--
-- AUTO_INCREMENT for table `tbl_quickordersetting`
--
ALTER TABLE `tbl_quickordersetting`
  MODIFY `quickordid` int(11) NOT NULL AUTO_INCREMENT, AUTO_INCREMENT=2;

--
-- AUTO_INCREMENT for table `tbl_reuseableproduct`
--
ALTER TABLE `tbl_reuseableproduct`
  MODIFY `reuse_id` int(11) NOT NULL AUTO_INCREMENT;

--
-- AUTO_INCREMENT for table `tbl_roomnofloorassign`
--
ALTER TABLE `tbl_roomnofloorassign`
  MODIFY `roomassignid` int(11) NOT NULL AUTO_INCREMENT, AUTO_INCREMENT=3;

--
-- AUTO_INCREMENT for table `tbl_room_offer`
--
ALTER TABLE `tbl_room_offer`
  MODIFY `offerid` int(11) NOT NULL AUTO_INCREMENT;

--
-- AUTO_INCREMENT for table `tbl_shippingaddress`
--
ALTER TABLE `tbl_shippingaddress`
  MODIFY `shipaddressid` int(11) NOT NULL AUTO_INCREMENT;

--
-- AUTO_INCREMENT for table `tbl_slider`
--
ALTER TABLE `tbl_slider`
  MODIFY `slid` int(11) NOT NULL AUTO_INCREMENT, AUTO_INCREMENT=94;

--
-- AUTO_INCREMENT for table `tbl_slider_type`
--
ALTER TABLE `tbl_slider_type`
  MODIFY `stype_id` int(11) NOT NULL AUTO_INCREMENT, AUTO_INCREMENT=13;

--
-- AUTO_INCREMENT for table `tbl_soundsetting`
--
ALTER TABLE `tbl_soundsetting`
  MODIFY `soundid` int(11) NOT NULL AUTO_INCREMENT, AUTO_INCREMENT=2;

--
-- AUTO_INCREMENT for table `tbl_state`
--
ALTER TABLE `tbl_state`
  MODIFY `stateid` int(11) NOT NULL AUTO_INCREMENT;

--
-- AUTO_INCREMENT for table `tbl_swimming_pool`
--
ALTER TABLE `tbl_swimming_pool`
  MODIFY `poolid` int(11) NOT NULL AUTO_INCREMENT;

--
-- AUTO_INCREMENT for table `tbl_tablefloor`
--
ALTER TABLE `tbl_tablefloor`
  MODIFY `tbfloorid` int(11) NOT NULL AUTO_INCREMENT;

--
-- AUTO_INCREMENT for table `tbl_tax`
--
ALTER TABLE `tbl_tax`
  MODIFY `taxsettings` int(11) NOT NULL AUTO_INCREMENT, AUTO_INCREMENT=2;

--
-- AUTO_INCREMENT for table `tbl_taxmgt`
--
ALTER TABLE `tbl_taxmgt`
  MODIFY `tax_id` int(11) NOT NULL AUTO_INCREMENT;

--
-- AUTO_INCREMENT for table `tbl_thirdparty_customer`
--
ALTER TABLE `tbl_thirdparty_customer`
  MODIFY `companyId` int(11) NOT NULL AUTO_INCREMENT;

--
-- AUTO_INCREMENT for table `tbl_updateitems`
--
ALTER TABLE `tbl_updateitems`
  MODIFY `updateid` int(11) NOT NULL AUTO_INCREMENT;

--
-- AUTO_INCREMENT for table `tbl_vehicle_booking`
--
ALTER TABLE `tbl_vehicle_booking`
  MODIFY `vbkid` int(11) NOT NULL AUTO_INCREMENT;

--
-- AUTO_INCREMENT for table `tbl_vehicle_details`
--
ALTER TABLE `tbl_vehicle_details`
  MODIFY `vdsid` int(11) NOT NULL AUTO_INCREMENT;

--
-- AUTO_INCREMENT for table `tbl_version_checker`
--
ALTER TABLE `tbl_version_checker`
  MODIFY `vid` int(11) NOT NULL AUTO_INCREMENT, AUTO_INCREMENT=2;

--
-- AUTO_INCREMENT for table `tbl_wakeup_call`
--
ALTER TABLE `tbl_wakeup_call`
  MODIFY `wapupid` int(11) NOT NULL AUTO_INCREMENT;

--
-- AUTO_INCREMENT for table `tbl_widget`
--
ALTER TABLE `tbl_widget`
  MODIFY `widgetid` int(11) NOT NULL AUTO_INCREMENT, AUTO_INCREMENT=38;

--
-- AUTO_INCREMENT for table `timezone`
--
ALTER TABLE `timezone`
  MODIFY `id` int(11) NOT NULL AUTO_INCREMENT, AUTO_INCREMENT=425;

--
-- AUTO_INCREMENT for table `top_menu`
--
ALTER TABLE `top_menu`
  MODIFY `menuid` int(11) NOT NULL AUTO_INCREMENT, AUTO_INCREMENT=6;

--
-- AUTO_INCREMENT for table `unit_of_measurement`
--
ALTER TABLE `unit_of_measurement`
  MODIFY `id` int(11) NOT NULL AUTO_INCREMENT, AUTO_INCREMENT=10;

--
-- AUTO_INCREMENT for table `variant`
--
ALTER TABLE `variant`
  MODIFY `variantid` int(11) NOT NULL AUTO_INCREMENT;

--
-- AUTO_INCREMENT for table `weekly_holiday`
--
ALTER TABLE `weekly_holiday`
  MODIFY `wk_id` int(11) NOT NULL AUTO_INCREMENT, AUTO_INCREMENT=23;
COMMIT;

